{"id":17423,"date":"2021-03-06T16:44:56","date_gmt":"2021-03-06T15:44:56","guid":{"rendered":"http:\/\/dacarcomercial.com\/producto\/17423\/"},"modified":"2024-07-01T10:24:54","modified_gmt":"2024-07-01T08:24:54","slug":"masque-a-souder-dc-1-multi-xe","status":"publish","type":"product","link":"https:\/\/dacarcomercial.com\/fr\/producto\/masque-a-souder-dc-1-multi-xe\/","title":{"rendered":"Masque \u00e0 souder DC-1 Multi XE"},"content":{"rendered":"<h2><strong>Masque \u00e0 souder DC-1 Multi XE:<\/strong><\/h2>\n<ul>\n<li>Conception et fabrication en Espagne<\/li>\n<li>Poids plume de seulement 330 g (filtre optique non inclus)<\/li>\n<li>Serre-t\u00eate avec Dispositif R\u00e9ducteur de Pression (DRP) et Dispositif R\u00e9partiteur de Masse (DRM)<\/li>\n<li>Compatible avec filtres \u00e9lectroniques et passifs de 90 x 110 mm<\/li>\n<li>Excellente protection du visage, du cou et des oreilles face aux radiations lumineuses et les projections<\/li>\n<li>\u00c9cran de protection ext\u00e9rieur changeable facilement depuis l&rsquo;ext\u00e9rieur sans n\u00e9cessit\u00e9 d&rsquo;enlever le filtre principal<\/li>\n<li>Fen\u00eatre ext\u00e9rieure qui soutient l&rsquo;\u00e9cran de protection en place pour \u00e9viter que les projections ou fum\u00e9es de soudure p\u00e9n\u00e8trent dans la zone comprise entre l&rsquo;\u00e9cran et le filtre oculaire<\/li>\n<li>Frontal concave pour une vision sans reflets g\u00eanants et meilleure \u00e9vacuation des fum\u00e9es de soudure<\/li>\n<li>Certification en classe S de la EN175 pour la r\u00e9sistance aux impacts<\/li>\n<li>Compatible avec casques de chantier Rockman, Terano et Montana<\/li>\n<li>Compatible avec ensembles moto-ventil\u00e9s\u00a0<a href=\"https:\/\/dacarcomercial.com\/fr\/categorias-productos\/protection-respiratoire\/cleanair-2\/\">CleanAIR<\/a>.<\/li>\n<\/ul>\n<p><strong>Filtre \u00e9lectronique <\/strong><strong>MULTI XE (ADF718G PRO): <\/strong><\/p>\n<ul>\n<li>Grand champ de vision<\/li>\n<li>Teinte claire grise ultra-claire avec LCD True Color de derni\u00e8re g\u00e9n\u00e9ration<\/li>\n<li>Teinte fonc\u00e9e variable avec potentiom\u00e8tre externe et s\u00e9lecteur interne de la gamme DIN 5-8 ou 9-13<\/li>\n<li>Retour de fonc\u00e9e \u00e0 claire et sensibilit\u00e9 r\u00e9glables avec s\u00e9lecteurs internes<\/li>\n<li>Fonction meulage avec interrupteur int\u00e9gr\u00e9 au potentiom\u00e8tre de r\u00e9glage de la teinte fonc\u00e9e<\/li>\n<li>Alimentation solaire + pile CR2032 rempla\u00e7able<\/li>\n<li>4 capteurs photo\u00e9lectriques<\/li>\n<li>Qualit\u00e9 optique 1\/1\/1\/2.<\/li>\n<li>Champ de vision: 100 x 53 mm.<\/li>\n<li>Temps de r\u00e9action: 0,04 ms.<\/li>\n<li>2 ans de garantie<\/li>\n<\/ul>\n","protected":false},"excerpt":{"rendered":"<p>Ne pesant que 330 grammes (filtre \u00e9lectronique non inclus), sa l\u00e9g\u00e8ret\u00e9 fait du masque \u00e0 souder DC-1 l\u2019outil parfait pour les soudeurs amateurs et professionnels qui doivent porter le masque pendant de nombreuses heures.<\/p>\n<p><strong>Conception et fabrication en Espagne.<\/strong><\/p>\n<p>En combinaison avec le serre-t\u00eate avec Dispositif R\u00e9ducteur de Pression (DRP) et Dispositif R\u00e9partiteur de Masse (DRM), le masque DC-1 est l\u2019un des plus confortables \u00e0 porter que vous puissiez trouver sur le march\u00e9. Son design compact, mais avec une grande couverture du visage, du cou et des oreilles, offre une protection maximale contre les projections ainsi que les rayons nocifs du soudage. Il est disponible en diff\u00e9rentes couleurs pour s\u2019adapter \u00e0 la personnalit\u00e9 de chaque utilisateur.<\/p>\n<p>\u00c9quip\u00e9 du filtre \u00e9lectronique MULTI XE, le bouton de r\u00e9glage de la tonalit\u00e9 sombre est accessible sur le c\u00f4t\u00e9 ext\u00e9rieur du masque pour un r\u00e9glage sans avoir \u00e0 retirer le masque ni arr\u00eater le soudage. Sa fonction de verrouillage de la teinte claire int\u00e9gr\u00e9e dans le bouton de r\u00e9glage de la teinte fonc\u00e9e vous permettra de passer du mode soudage au mode meulage facilement et rapidement. Son large champ de vision avec \u00e9cran LCD ultra-clair dot\u00e9 de la derni\u00e8re technologie True Color vous convaincra!<\/p>\n<p><em>Les produits Dacar peuvent \u00eatre achet\u00e9s en ligne ou via notre r\u00e9seau de distributeurs. N\u00b4h\u00e9sitez pas \u00e0 nous consulter votre revendeur le plus proche !<\/em><\/p>\n","protected":false},"featured_media":5916,"template":"","meta":{"site-sidebar-layout":"default","site-content-layout":"default","ast-site-content-layout":"default","site-content-style":"default","site-sidebar-style":"default","ast-global-header-display":"","ast-banner-title-visibility":"","ast-main-header-display":"","ast-hfb-above-header-display":"","ast-hfb-below-header-display":"","ast-hfb-mobile-header-display":"","site-post-title":"","ast-breadcrumbs-content":"","ast-featured-img":"","footer-sml-layout":"","ast-disable-related-posts":"","theme-transparent-header-meta":"default","adv-header-id-meta":"","stick-header-meta":"default","header-above-stick-meta":"","header-main-stick-meta":"","header-below-stick-meta":"","astra-migrate-meta-layouts":"set","ast-page-background-enabled":"default","ast-page-background-meta":{"desktop":{"background-color":"","background-image":"","background-repeat":"repeat","background-position":"center center","background-size":"auto","background-attachment":"scroll","background-type":"","background-media":"","overlay-type":"","overlay-color":"","overlay-opacity":"","overlay-gradient":""},"tablet":{"background-color":"","background-image":"","background-repeat":"repeat","background-position":"center center","background-size":"auto","background-attachment":"scroll","background-type":"","background-media":"","overlay-type":"","overlay-color":"","overlay-opacity":"","overlay-gradient":""},"mobile":{"background-color":"","background-image":"","background-repeat":"repeat","background-position":"center center","background-size":"auto","background-attachment":"scroll","background-type":"","background-media":"","overlay-type":"","overlay-color":"","overlay-opacity":"","overlay-gradient":""}},"ast-content-background-meta":{"desktop":{"background-color":"var(--ast-global-color-5)","background-image":"","background-repeat":"repeat","background-position":"center center","background-size":"auto","background-attachment":"scroll","background-type":"","background-media":"","overlay-type":"","overlay-color":"","overlay-opacity":"","overlay-gradient":""},"tablet":{"background-color":"var(--ast-global-color-5)","background-image":"","background-repeat":"repeat","background-position":"center center","background-size":"auto","background-attachment":"scroll","background-type":"","background-media":"","overlay-type":"","overlay-color":"","overlay-opacity":"","overlay-gradient":""},"mobile":{"background-color":"var(--ast-global-color-5)","background-image":"","background-repeat":"repeat","background-position":"center center","background-size":"auto","background-attachment":"scroll","background-type":"","background-media":"","overlay-type":"","overlay-color":"","overlay-opacity":"","overlay-gradient":""}}},"product_brand":[],"product_cat":[940,941,939],"product_tag":[],"class_list":{"0":"post-17423","1":"product","2":"type-product","3":"status-publish","4":"has-post-thumbnail","6":"product_cat-avec-filtres-electro-optiques","7":"product_cat-dc-1-2","8":"product_cat-masques-de-soudure","9":"desktop-align-left","10":"tablet-align-left","11":"mobile-align-left","12":"ast-product-gallery-layout-horizontal-slider","13":"ast-product-single-variable","14":"ast-product-tabs-layout-horizontal","16":"first","17":"instock","18":"taxable","19":"shipping-taxable","20":"purchasable","21":"product-type-variable"},"_links":{"self":[{"href":"https:\/\/dacarcomercial.com\/fr\/wp-json\/wp\/v2\/product\/17423","targetHints":{"allow":["GET"]}}],"collection":[{"href":"https:\/\/dacarcomercial.com\/fr\/wp-json\/wp\/v2\/product"}],"about":[{"href":"https:\/\/dacarcomercial.com\/fr\/wp-json\/wp\/v2\/types\/product"}],"version-history":[{"count":0,"href":"https:\/\/dacarcomercial.com\/fr\/wp-json\/wp\/v2\/product\/17423\/revisions"}],"wp:featuredmedia":[{"embeddable":true,"href":"https:\/\/dacarcomercial.com\/fr\/wp-json\/wp\/v2\/media\/5916"}],"wp:attachment":[{"href":"https:\/\/dacarcomercial.com\/fr\/wp-json\/wp\/v2\/media?parent=17423"}],"wp:term":[{"taxonomy":"product_brand","embeddable":true,"href":"https:\/\/dacarcomercial.com\/fr\/wp-json\/wp\/v2\/product_brand?post=17423"},{"taxonomy":"product_cat","embeddable":true,"href":"https:\/\/dacarcomercial.com\/fr\/wp-json\/wp\/v2\/product_cat?post=17423"},{"taxonomy":"product_tag","embeddable":true,"href":"https:\/\/dacarcomercial.com\/fr\/wp-json\/wp\/v2\/product_tag?post=17423"}],"curies":[{"name":"wp","href":"https:\/\/api.w.org\/{rel}","templated":true}]}}

Masque à souder DC-1 Multi XE

<h2><strong>Masque à souder DC-1 Multi XE:</strong></h2>
<ul>
<li>Conception et fabrication en Espagne</li>
<li>Poids plume de seulement 330 g (filtre optique non inclus)</li>
<li>Serre-tête avec Dispositif Réducteur de Pression (DRP) et Dispositif Répartiteur de Masse (DRM)</li>
<li>Compatible avec filtres électroniques et passifs de 90 x 110 mm</li>
<li>Excellente protection du visage, du cou et des oreilles face aux radiations lumineuses et les projections</li>
<li>Écran de protection extérieur changeable facilement depuis l&rsquo;extérieur sans nécessité d&rsquo;enlever le filtre principal</li>
<li>Fenêtre extérieure qui soutient l&rsquo;écran de protection en place pour éviter que les projections ou fumées de soudure pénètrent dans la zone comprise entre l&rsquo;écran et le filtre oculaire</li>
<li>Frontal concave pour une vision sans reflets gênants et meilleure évacuation des fumées de soudure</li>
<li>Certification en classe S de la EN175 pour la résistance aux impacts</li>
<li>Compatible avec casques de chantier Rockman, Terano et Montana</li>
<li>Compatible avec ensembles moto-ventilés <a href="https://dacarcomercial.com/fr/categorias-productos/protection-respiratoire/cleanair-2/">CleanAIR</a>.</li>
</ul>
<p><strong>Filtre électronique </strong><strong>MULTI XE (ADF718G PRO): </strong></p>
<ul>
<li>Grand champ de vision</li>
<li>Teinte claire grise ultra-claire avec LCD True Color de dernière génération</li>
<li>Teinte foncée variable avec potentiomètre externe et sélecteur interne de la gamme DIN 5-8 ou 9-13</li>
<li>Retour de foncée à claire et sensibilité réglables avec sélecteurs internes</li>
<li>Fonction meulage avec interrupteur intégré au potentiomètre de réglage de la teinte foncée</li>
<li>Alimentation solaire + pile CR2032 remplaçable</li>
<li>4 capteurs photoélectriques</li>
<li>Qualité optique 1/1/1/2.</li>
<li>Champ de vision: 100 x 53 mm.</li>
<li>Temps de réaction: 0,04 ms.</li>
<li>2 ans de garantie</li>
</ul>

<p>Ne pesant que 330 grammes (filtre électronique non inclus), sa légèreté fait du masque à souder DC-1 l’outil parfait pour les soudeurs amateurs et professionnels qui doivent porter le masque pendant de nombreuses heures.</p>
<p><strong>Conception et fabrication en Espagne.</strong></p>
<p>En combinaison avec le serre-tête avec Dispositif Réducteur de Pression (DRP) et Dispositif Répartiteur de Masse (DRM), le masque DC-1 est l’un des plus confortables à porter que vous puissiez trouver sur le marché. Son design compact, mais avec une grande couverture du visage, du cou et des oreilles, offre une protection maximale contre les projections ainsi que les rayons nocifs du soudage. Il est disponible en différentes couleurs pour s’adapter à la personnalité de chaque utilisateur.</p>
<p>Équipé du filtre électronique MULTI XE, le bouton de réglage de la tonalité sombre est accessible sur le côté extérieur du masque pour un réglage sans avoir à retirer le masque ni arrêter le soudage. Sa fonction de verrouillage de la teinte claire intégrée dans le bouton de réglage de la teinte foncée vous permettra de passer du mode soudage au mode meulage facilement et rapidement. Son large champ de vision avec écran LCD ultra-clair doté de la dernière technologie True Color vous convaincra!</p>
<p><em>Les produits Dacar peuvent être achetés en ligne ou via notre réseau de distributeurs. N´hésitez pas à nous consulter votre revendeur le plus proche !</em></p>
