{"id":17465,"date":"2021-03-06T16:45:17","date_gmt":"2021-03-06T15:45:17","guid":{"rendered":"http:\/\/dacarcomercial.com\/producto\/17465\/"},"modified":"2026-04-24T09:16:52","modified_gmt":"2026-04-24T07:16:52","slug":"masque-a-souder-dc-2-multixi-flip","status":"publish","type":"product","link":"https:\/\/dacarcomercial.com\/fr\/producto\/masque-a-souder-dc-2-multixi-flip\/","title":{"rendered":"Masque \u00e0 souder DC-2 MULTIXI FLIP"},"content":{"rendered":"<h2><strong>Masque \u00e0 souder DC-2 MULTIXI Flip:<\/strong><\/h2>\n<ul>\n<li>Conception et fabrication en Espagne<\/li>\n<li>Fen\u00eatre de soudage relevable pour travaux de meulage<\/li>\n<li>Pour filtres passifs et \u00e9lectroniques de dimensions 90 x 110 mm.<\/li>\n<li>Masque avec fa\u00e7ade avant type \u201csandwich\u201d pour une parfaite fixation de l&rsquo;\u00e9cran de protection face aux impacts , le comprimant \u00e9galement contre le masque afin que les fum\u00e9es et projections ne puissent p\u00e9n\u00e9trer dans l&rsquo;espace compris entre celui-ci et le filtre \u00e9lectronique<\/li>\n<li>Serre-t\u00eate avec Dispositif R\u00e9ducteur de Pression (DRP) et Dispositif R\u00e9partiteur de Masse (DRM)<\/li>\n<li>Excellente protection du visage, du cou et des oreilles face aux radiations lumineuses et les projections<\/li>\n<li>Poids de seulement 380 g (filtre optique non inclus)<\/li>\n<li>Certification en classe B de la EN175 pour la r\u00e9sistance aux impacts<\/li>\n<li>Compatible avec casques de chantier Rockman, Terano et Montana<\/li>\n<li>Compatible avec ensembles moto-ventil\u00e9s\u00a0<a href=\"https:\/\/dacarcomercial.com\/fr\/categorias-productos\/masques-de-soudage-avec-apport-dair\/dacair-2\/\">DACAiR<\/a>\u00a0et\u00a0<a href=\"https:\/\/dacarcomercial.com\/fr\/categorias-productos\/masques-de-soudage-avec-apport-dair\/cleanair-2\/\">CleanAIR<\/a>.<\/li>\n<\/ul>\n<p><strong>Filtre \u00e9lectronique MULTI XI (ADF 718I PRO):<\/strong><\/p>\n<ul>\n<li>Grand champ de vision<\/li>\n<li>Teinte claire grise ultra-claire avec LCD True Color de derni\u00e8re g\u00e9n\u00e9ration<\/li>\n<li>Double gamme de teintes fonc\u00e9es variable DIN 5 \u00e0 8 et 9 \u00e0 13 en continu<\/li>\n<li>Retour de fonc\u00e9e \u00e0 claire et sensibilit\u00e9 r\u00e9glables<\/li>\n<li>Fonction meulage<\/li>\n<li>S\u00e9lecteurs internes<\/li>\n<li>Alimentation solaire + pile CR2032 rempla\u00e7able<\/li>\n<li>4 capteurs photo\u00e9lectriques<\/li>\n<li>Qualit\u00e9 optique 1\/1\/1\/2.<\/li>\n<li>Champ de vision: 100 x 53 mm.<\/li>\n<li>Temps de r\u00e9action: 0,04 ms. CE EN 379<\/li>\n<li>2 ans de garantie<\/li>\n<\/ul>\n","protected":false},"excerpt":{"rendered":"<p>Le Masque \u00e0 souder DC-2 est destin\u00e9 \u00e0 \u00eatre utilis\u00e9 dans des conditions d\u00e9favorables avec un amp\u00e9rage de soudage \u00e9lev\u00e9, des temp\u00e9ratures \u00e9lev\u00e9es ou un risque d\u2019impact lors des travaux de meulage. Le cadre ext\u00e9rieur comprime l&rsquo;\u00e9cran de protection du filtre avec le masque, offrant une meilleure \u00e9tanch\u00e9it\u00e9 contre l\u2019entr\u00e9e de fum\u00e9es et de projections. Cela garantit une vue claire et emp\u00eache le filtre \u00e9lectronique d\u2019\u00eatre endommag\u00e9. Le plus grand volume d\u2019espace entre l&rsquo;\u00e9cran de protection et le filtre fournit \u00e9galement une meilleure isolation thermique \u00e0 la fois au filtre \u00e9lectronique et au visage du soudeur.<\/p>\n<p><strong>Conception et fabrication en Espagne. Serre-t\u00eate avec Dispositif R\u00e9ducteur de Pression (DRP) et Dispositif R\u00e9partiteur de Masse (DRM)<\/strong><\/p>\n<p>\u00c9quip\u00e9 du filtre \u00e9lectronique MULTI XI avec \u00e9cran LCD \u00e0 large champ de vision gris ultra-clair de derni\u00e8re technologie True Color log\u00e9 dans la fen\u00eatre relevable du masque, vous pourrez passer du mode soudage au mode meulage sans avoir \u00e0 changer de masque tandis que sa double gamme de teintes sombres ainsi que les 4 capteurs ind\u00e9pendants vous permettront d\u2019utiliser le masque pour tous types de soudage, plasma, micro-plasma, oxy-coupage et soudage autog\u00e8ne et sous tous les angles!<\/p>\n","protected":false},"featured_media":3618,"template":"","meta":{"site-sidebar-layout":"default","site-content-layout":"default","ast-site-content-layout":"default","site-content-style":"default","site-sidebar-style":"default","ast-global-header-display":"","ast-banner-title-visibility":"","ast-main-header-display":"","ast-hfb-above-header-display":"","ast-hfb-below-header-display":"","ast-hfb-mobile-header-display":"","site-post-title":"","ast-breadcrumbs-content":"","ast-featured-img":"","footer-sml-layout":"","ast-disable-related-posts":"","theme-transparent-header-meta":"default","adv-header-id-meta":"","stick-header-meta":"default","header-above-stick-meta":"","header-main-stick-meta":"","header-below-stick-meta":"","astra-migrate-meta-layouts":"set","ast-page-background-enabled":"default","ast-page-background-meta":{"desktop":{"background-color":"","background-image":"","background-repeat":"repeat","background-position":"center center","background-size":"auto","background-attachment":"scroll","background-type":"","background-media":"","overlay-type":"","overlay-color":"","overlay-opacity":"","overlay-gradient":""},"tablet":{"background-color":"","background-image":"","background-repeat":"repeat","background-position":"center center","background-size":"auto","background-attachment":"scroll","background-type":"","background-media":"","overlay-type":"","overlay-color":"","overlay-opacity":"","overlay-gradient":""},"mobile":{"background-color":"","background-image":"","background-repeat":"repeat","background-position":"center center","background-size":"auto","background-attachment":"scroll","background-type":"","background-media":"","overlay-type":"","overlay-color":"","overlay-opacity":"","overlay-gradient":""}},"ast-content-background-meta":{"desktop":{"background-color":"var(--ast-global-color-5)","background-image":"","background-repeat":"repeat","background-position":"center center","background-size":"auto","background-attachment":"scroll","background-type":"","background-media":"","overlay-type":"","overlay-color":"","overlay-opacity":"","overlay-gradient":""},"tablet":{"background-color":"var(--ast-global-color-5)","background-image":"","background-repeat":"repeat","background-position":"center center","background-size":"auto","background-attachment":"scroll","background-type":"","background-media":"","overlay-type":"","overlay-color":"","overlay-opacity":"","overlay-gradient":""},"mobile":{"background-color":"var(--ast-global-color-5)","background-image":"","background-repeat":"repeat","background-position":"center center","background-size":"auto","background-attachment":"scroll","background-type":"","background-media":"","overlay-type":"","overlay-color":"","overlay-opacity":"","overlay-gradient":""}}},"product_brand":[],"product_cat":[942,943,939],"product_tag":[],"class_list":{"0":"post-17465","1":"product","2":"type-product","3":"status-publish","4":"has-post-thumbnail","6":"product_cat-dc-2-2","7":"product_cat-masques-avec-fenetre-relevable","8":"product_cat-masques-de-soudure","9":"desktop-align-left","10":"tablet-align-left","11":"mobile-align-left","12":"ast-product-gallery-layout-horizontal-slider","13":"ast-product-single-variable","14":"ast-product-tabs-layout-horizontal","16":"first","17":"instock","18":"taxable","19":"shipping-taxable","20":"purchasable","21":"product-type-variable"},"_links":{"self":[{"href":"https:\/\/dacarcomercial.com\/fr\/wp-json\/wp\/v2\/product\/17465","targetHints":{"allow":["GET"]}}],"collection":[{"href":"https:\/\/dacarcomercial.com\/fr\/wp-json\/wp\/v2\/product"}],"about":[{"href":"https:\/\/dacarcomercial.com\/fr\/wp-json\/wp\/v2\/types\/product"}],"version-history":[{"count":2,"href":"https:\/\/dacarcomercial.com\/fr\/wp-json\/wp\/v2\/product\/17465\/revisions"}],"predecessor-version":[{"id":55707,"href":"https:\/\/dacarcomercial.com\/fr\/wp-json\/wp\/v2\/product\/17465\/revisions\/55707"}],"wp:featuredmedia":[{"embeddable":true,"href":"https:\/\/dacarcomercial.com\/fr\/wp-json\/wp\/v2\/media\/3618"}],"wp:attachment":[{"href":"https:\/\/dacarcomercial.com\/fr\/wp-json\/wp\/v2\/media?parent=17465"}],"wp:term":[{"taxonomy":"product_brand","embeddable":true,"href":"https:\/\/dacarcomercial.com\/fr\/wp-json\/wp\/v2\/product_brand?post=17465"},{"taxonomy":"product_cat","embeddable":true,"href":"https:\/\/dacarcomercial.com\/fr\/wp-json\/wp\/v2\/product_cat?post=17465"},{"taxonomy":"product_tag","embeddable":true,"href":"https:\/\/dacarcomercial.com\/fr\/wp-json\/wp\/v2\/product_tag?post=17465"}],"curies":[{"name":"wp","href":"https:\/\/api.w.org\/{rel}","templated":true}]}}

Masque à souder DC-2 MULTIXI FLIP

<h2><strong>Masque à souder DC-2 MULTIXI Flip:</strong></h2>
<ul>
<li>Conception et fabrication en Espagne</li>
<li>Fenêtre de soudage relevable pour travaux de meulage</li>
<li>Pour filtres passifs et électroniques de dimensions 90 x 110 mm.</li>
<li>Masque avec façade avant type “sandwich” pour une parfaite fixation de l&rsquo;écran de protection face aux impacts , le comprimant également contre le masque afin que les fumées et projections ne puissent pénétrer dans l&rsquo;espace compris entre celui-ci et le filtre électronique</li>
<li>Serre-tête avec Dispositif Réducteur de Pression (DRP) et Dispositif Répartiteur de Masse (DRM)</li>
<li>Excellente protection du visage, du cou et des oreilles face aux radiations lumineuses et les projections</li>
<li>Poids de seulement 380 g (filtre optique non inclus)</li>
<li>Certification en classe B de la EN175 pour la résistance aux impacts</li>
<li>Compatible avec casques de chantier Rockman, Terano et Montana</li>
<li>Compatible avec ensembles moto-ventilés <a href="https://dacarcomercial.com/fr/categorias-productos/masques-de-soudage-avec-apport-dair/dacair-2/">DACAiR</a> et <a href="https://dacarcomercial.com/fr/categorias-productos/masques-de-soudage-avec-apport-dair/cleanair-2/">CleanAIR</a>.</li>
</ul>
<p><strong>Filtre électronique MULTI XI (ADF 718I PRO):</strong></p>
<ul>
<li>Grand champ de vision</li>
<li>Teinte claire grise ultra-claire avec LCD True Color de dernière génération</li>
<li>Double gamme de teintes foncées variable DIN 5 à 8 et 9 à 13 en continu</li>
<li>Retour de foncée à claire et sensibilité réglables</li>
<li>Fonction meulage</li>
<li>Sélecteurs internes</li>
<li>Alimentation solaire + pile CR2032 remplaçable</li>
<li>4 capteurs photoélectriques</li>
<li>Qualité optique 1/1/1/2.</li>
<li>Champ de vision: 100 x 53 mm.</li>
<li>Temps de réaction: 0,04 ms. CE EN 379</li>
<li>2 ans de garantie</li>
</ul>

<p>Le Masque à souder DC-2 est destiné à être utilisé dans des conditions défavorables avec un ampérage de soudage élevé, des températures élevées ou un risque d’impact lors des travaux de meulage. Le cadre extérieur comprime l&rsquo;écran de protection du filtre avec le masque, offrant une meilleure étanchéité contre l’entrée de fumées et de projections. Cela garantit une vue claire et empêche le filtre électronique d’être endommagé. Le plus grand volume d’espace entre l&rsquo;écran de protection et le filtre fournit également une meilleure isolation thermique à la fois au filtre électronique et au visage du soudeur.</p>
<p><strong>Conception et fabrication en Espagne. Serre-tête avec Dispositif Réducteur de Pression (DRP) et Dispositif Répartiteur de Masse (DRM)</strong></p>
<p>Équipé du filtre électronique MULTI XI avec écran LCD à large champ de vision gris ultra-clair de dernière technologie True Color logé dans la fenêtre relevable du masque, vous pourrez passer du mode soudage au mode meulage sans avoir à changer de masque tandis que sa double gamme de teintes sombres ainsi que les 4 capteurs indépendants vous permettront d’utiliser le masque pour tous types de soudage, plasma, micro-plasma, oxy-coupage et soudage autogène et sous tous les angles!</p>
