{"id":17592,"date":"2021-03-06T16:46:01","date_gmt":"2021-03-06T15:46:01","guid":{"rendered":"http:\/\/dacarcomercial.com\/producto\/unite-de-tete-dc-guard-dacair\/"},"modified":"2022-03-14T13:22:33","modified_gmt":"2022-03-14T12:22:33","slug":"unite-de-tete-dc-guard-dacair","status":"publish","type":"product","link":"https:\/\/dacarcomercial.com\/fr\/producto\/unite-de-tete-dc-guard-dacair\/","title":{"rendered":"Unit\u00e9 de t\u00eate DC-Guard DACAiR"},"content":{"rendered":"<h2><strong>Unit\u00e9 de t\u00eate DC-Guard DACAiR:<\/strong><\/h2>\n<ul>\n<li>\u00c9cran et couvre-menton en polycarbonate transparent anti-impacts<\/li>\n<li>2 films protecteurs jetables pour projections de liquides<\/li>\n<li>Joint facial en tissu avec traitement retardant \u00e0 la flamme pour travaux de meulage<\/li>\n<li>Conduit d\u00b4air avec d\u00e9flecteurs pour \u00e9viter des turbulences g\u00eanantes au niveau des yeux<\/li>\n<li>Compatible avec ensembles motoris\u00e9s DACAiR<\/li>\n<li>Poids r\u00e9duit: 620 gr<\/li>\n<li>Large champ de vision<\/li>\n<li>Id\u00e9al pour les travaux de meulage<\/li>\n<\/ul>\n<p><span class=\"ng-star-inserted\"><a href=\"https:\/\/dacarcomercial.com\/fr\/a-propos-de-nous\/\" target=\"_blank\" rel=\"noopener\"><strong>Dacar<\/strong><\/a>\u00a0est une\u00a0<strong>entreprise de Navarre (Espagne)<\/strong>\u00a0sp\u00e9cialis\u00e9e dans les produits pour la s\u00e9curit\u00e9 des soudeurs professionnels, semi-professionnels ou occasionnels, ainsi que pour leur environnement.<br \/>\n<\/span><\/p>\n<ul>\n<li><span class=\"ng-star-inserted\">Pour la s\u00e9curit\u00e9 des soudeurs\u00a0<strong>Dacar<\/strong>\u00a0fabrique diff\u00e9rents mod\u00e8les de\u00a0<a href=\"https:\/\/dacarcomercial.com\/fr\/categorias-productos\/masques-de-soudure\/\" target=\"_blank\" rel=\"noopener\">masques \u00e0 souder<\/a>\u00a0de haute qualit\u00e9 avec une large gamme de\u00a0<a href=\"https:\/\/dacarcomercial.com\/fr\/categorias-productos\/filtres-electroniques-soudeur\/\">filtres \u00e9lectroniques<\/a>\u00a0et filtres passifs pour offrir un produit toujours adapt\u00e9 aux besoins de chaque soudeur.\u00a0<\/span><span class=\"ng-star-inserted\">De plus, Dacar fabrique \u00e9galement les\u00a0<a href=\"https:\/\/dacarcomercial.com\/fr\/categorias-productos\/protection-faciale\/ecrans-pare-visage-dc-guard\/\">\u00e9crans faciaux DC-Guard<\/a>, les \u00e9quipements motoris\u00e9s\u00a0<a href=\"https:\/\/dacarcomercial.com\/fr\/categorias-productos\/dacair-2\/\">DACAiR<\/a>\u00a0ainsi que toutes sortes de costumes tels que\u00a0<a href=\"https:\/\/dacarcomercial.com\/fr\/categorias-productos\/vetements-de-protection\/soudeur\/gants\/\">des gants<\/a>, des vestes ou des tabliers pour les soudeurs.<\/span><\/li>\n<li><span class=\"ng-star-inserted\">Pour la s\u00e9curit\u00e9 de l\u2019environnement du soudeur Dacar produit\u00a0<a href=\"https:\/\/dacarcomercial.com\/categorias-productos\/espacios-de-trabajo\/\">les rideaux de soudage Trans-DC-Arc et les s\u00e9parations de postes de travail<\/a>, comme les paravents ou les cloisons, mais peut \u00e9galement budg\u00e9tiser tout type de cabine de soudure sur mesure.<\/span><\/li>\n<li><span class=\"ng-star-inserted\">Les\u00a0<a href=\"https:\/\/dacarcomercial.com\/fr\/categorias-productos\/toiles-ignifugees\/\">couvertures ignifug\u00e9es<\/a>\u00a0sont une autre importante gamme de produits propos\u00e9e par Dacar.\u00a0<\/span><span class=\"ng-star-inserted\">Dacar dispose d\u2019une large gamme de mat\u00e9riaux pour la protection des objets contre les projections de soudure.<\/span><\/li>\n<li><span class=\"ng-star-inserted\">Tous les EPI de Dacar disposent de la\u00a0<a href=\"https:\/\/dacarcomercial.com\/wp-content\/uploads\/2021\/07\/Decl.-UE-Opera-ADF500G-PRO.pdf\">d\u00e9claration UE de conformit\u00e9<\/a>.\u00a0<\/span><span class=\"ng-star-inserted\">Cette d\u00e9claration est un document dans lequel le fabricant indique que le produit est conforme \u00e0 toutes les exigences essentielles du\u00a0<a href=\"https:\/\/industria.gob.es\/Calidad-Industrial\/seguridadindustrial\/productosindustriales\/Equipos-Proteccion-Individual\/Paginas\/Reglamento-UE2016-425-relativo-a-EPIs.aspx\" target=\"_blank\" rel=\"noopener noreferrer nofollow\">r\u00e8glement UE 2016\/425<\/a>\u00a0relatif aux \u00e9quipements de protection individuelle.<\/span><\/li>\n<\/ul>\n","protected":false},"excerpt":{"rendered":"<p>L&rsquo;unit\u00e9 de t\u00eate DC-Guard DACAiR est compos\u00e9e de l&rsquo;\u00e9cran facial DC-Guard avec visi\u00e8re en polycarbonate et mentonni\u00e8re suppl\u00e9mentaire auquel a \u00e9t\u00e9 ajout\u00e9 un joint facial en tissu avec traitement ignifuge ainsi qu&rsquo;un conduit d&rsquo;air avec d\u00e9flecteur pour amener l&rsquo;air provenant du ventilateur DACAiR \u00e0 l&rsquo;avant de l&rsquo;\u00e9cran.<\/p>\n<p>L&rsquo;\u00e9cran facial DC-GUARD DACAIR est la meilleure option pour une protection optimale contre les particules et les fum\u00e9es lors des travaux de polissage, de coupe ou de meulage.<\/p>\n<p>Compact, l\u00e9ger (620 gr) et ergonomique, il est certifi\u00e9 avec les ensembles de protection respiratoire motoris\u00e9s DACAiR.<\/p>\n<p><em>Les produits Dacar peuvent \u00eatre achet\u00e9s en ligne ou via notre r\u00e9seau de distributeurs. N\u00b4h\u00e9sitez pas \u00e0 nous consulter votre revendeur le plus proche !<\/em><\/p>\n","protected":false},"featured_media":4059,"template":"","meta":{"site-sidebar-layout":"default","site-content-layout":"default","ast-site-content-layout":"default","site-content-style":"default","site-sidebar-style":"default","ast-global-header-display":"","ast-banner-title-visibility":"","ast-main-header-display":"","ast-hfb-above-header-display":"","ast-hfb-below-header-display":"","ast-hfb-mobile-header-display":"","site-post-title":"","ast-breadcrumbs-content":"","ast-featured-img":"","footer-sml-layout":"","ast-disable-related-posts":"","theme-transparent-header-meta":"default","adv-header-id-meta":"","stick-header-meta":"default","header-above-stick-meta":"","header-main-stick-meta":"","header-below-stick-meta":"","astra-migrate-meta-layouts":"default","ast-page-background-enabled":"default","ast-page-background-meta":{"desktop":{"background-color":"","background-image":"","background-repeat":"repeat","background-position":"center center","background-size":"auto","background-attachment":"scroll","background-type":"","background-media":"","overlay-type":"","overlay-color":"","overlay-opacity":"","overlay-gradient":""},"tablet":{"background-color":"","background-image":"","background-repeat":"repeat","background-position":"center center","background-size":"auto","background-attachment":"scroll","background-type":"","background-media":"","overlay-type":"","overlay-color":"","overlay-opacity":"","overlay-gradient":""},"mobile":{"background-color":"","background-image":"","background-repeat":"repeat","background-position":"center center","background-size":"auto","background-attachment":"scroll","background-type":"","background-media":"","overlay-type":"","overlay-color":"","overlay-opacity":"","overlay-gradient":""}},"ast-content-background-meta":{"desktop":{"background-color":"var(--ast-global-color-5)","background-image":"","background-repeat":"repeat","background-position":"center center","background-size":"auto","background-attachment":"scroll","background-type":"","background-media":"","overlay-type":"","overlay-color":"","overlay-opacity":"","overlay-gradient":""},"tablet":{"background-color":"var(--ast-global-color-5)","background-image":"","background-repeat":"repeat","background-position":"center center","background-size":"auto","background-attachment":"scroll","background-type":"","background-media":"","overlay-type":"","overlay-color":"","overlay-opacity":"","overlay-gradient":""},"mobile":{"background-color":"var(--ast-global-color-5)","background-image":"","background-repeat":"repeat","background-position":"center center","background-size":"auto","background-attachment":"scroll","background-type":"","background-media":"","overlay-type":"","overlay-color":"","overlay-opacity":"","overlay-gradient":""}}},"product_brand":[],"product_cat":[1737,952],"product_tag":[],"class_list":{"0":"post-17592","1":"product","2":"type-product","3":"status-publish","4":"has-post-thumbnail","6":"product_cat-accessoires-et-rechanges-fr","7":"product_cat-dacair-2","8":"desktop-align-left","9":"tablet-align-left","10":"mobile-align-left","11":"ast-product-gallery-layout-horizontal-slider","12":"ast-product-gallery-with-no-image","13":"ast-product-tabs-layout-horizontal","15":"first","16":"instock","17":"taxable","18":"shipping-taxable","19":"purchasable","20":"product-type-simple"},"_links":{"self":[{"href":"https:\/\/dacarcomercial.com\/fr\/wp-json\/wp\/v2\/product\/17592","targetHints":{"allow":["GET"]}}],"collection":[{"href":"https:\/\/dacarcomercial.com\/fr\/wp-json\/wp\/v2\/product"}],"about":[{"href":"https:\/\/dacarcomercial.com\/fr\/wp-json\/wp\/v2\/types\/product"}],"version-history":[{"count":0,"href":"https:\/\/dacarcomercial.com\/fr\/wp-json\/wp\/v2\/product\/17592\/revisions"}],"wp:featuredmedia":[{"embeddable":true,"href":"https:\/\/dacarcomercial.com\/fr\/wp-json\/wp\/v2\/media\/4059"}],"wp:attachment":[{"href":"https:\/\/dacarcomercial.com\/fr\/wp-json\/wp\/v2\/media?parent=17592"}],"wp:term":[{"taxonomy":"product_brand","embeddable":true,"href":"https:\/\/dacarcomercial.com\/fr\/wp-json\/wp\/v2\/product_brand?post=17592"},{"taxonomy":"product_cat","embeddable":true,"href":"https:\/\/dacarcomercial.com\/fr\/wp-json\/wp\/v2\/product_cat?post=17592"},{"taxonomy":"product_tag","embeddable":true,"href":"https:\/\/dacarcomercial.com\/fr\/wp-json\/wp\/v2\/product_tag?post=17592"}],"curies":[{"name":"wp","href":"https:\/\/api.w.org\/{rel}","templated":true}]}}

Unité de tête DC-Guard DACAiR

<h2><strong>Unité de tête DC-Guard DACAiR:</strong></h2>
<ul>
<li>Écran et couvre-menton en polycarbonate transparent anti-impacts</li>
<li>2 films protecteurs jetables pour projections de liquides</li>
<li>Joint facial en tissu avec traitement retardant à la flamme pour travaux de meulage</li>
<li>Conduit d´air avec déflecteurs pour éviter des turbulences gênantes au niveau des yeux</li>
<li>Compatible avec ensembles motorisés DACAiR</li>
<li>Poids réduit: 620 gr</li>
<li>Large champ de vision</li>
<li>Idéal pour les travaux de meulage</li>
</ul>
<p><span class="ng-star-inserted"><a href="https://dacarcomercial.com/fr/a-propos-de-nous/" target="_blank" rel="noopener"><strong>Dacar</strong></a> est une <strong>entreprise de Navarre (Espagne)</strong> spécialisée dans les produits pour la sécurité des soudeurs professionnels, semi-professionnels ou occasionnels, ainsi que pour leur environnement.<br />
</span></p>
<ul>
<li><span class="ng-star-inserted">Pour la sécurité des soudeurs <strong>Dacar</strong> fabrique différents modèles de <a href="https://dacarcomercial.com/fr/categorias-productos/masques-de-soudure/" target="_blank" rel="noopener">masques à souder</a> de haute qualité avec une large gamme de <a href="https://dacarcomercial.com/fr/categorias-productos/filtres-electroniques-soudeur/">filtres électroniques</a> et filtres passifs pour offrir un produit toujours adapté aux besoins de chaque soudeur. </span><span class="ng-star-inserted">De plus, Dacar fabrique également les <a href="https://dacarcomercial.com/fr/categorias-productos/protection-faciale/ecrans-pare-visage-dc-guard/">écrans faciaux DC-Guard</a>, les équipements motorisés <a href="https://dacarcomercial.com/fr/categorias-productos/dacair-2/">DACAiR</a> ainsi que toutes sortes de costumes tels que <a href="https://dacarcomercial.com/fr/categorias-productos/vetements-de-protection/soudeur/gants/">des gants</a>, des vestes ou des tabliers pour les soudeurs.</span></li>
<li><span class="ng-star-inserted">Pour la sécurité de l’environnement du soudeur Dacar produit <a href="https://dacarcomercial.com/categorias-productos/espacios-de-trabajo/">les rideaux de soudage Trans-DC-Arc et les séparations de postes de travail</a>, comme les paravents ou les cloisons, mais peut également budgétiser tout type de cabine de soudure sur mesure.</span></li>
<li><span class="ng-star-inserted">Les <a href="https://dacarcomercial.com/fr/categorias-productos/toiles-ignifugees/">couvertures ignifugées</a> sont une autre importante gamme de produits proposée par Dacar. </span><span class="ng-star-inserted">Dacar dispose d’une large gamme de matériaux pour la protection des objets contre les projections de soudure.</span></li>
<li><span class="ng-star-inserted">Tous les EPI de Dacar disposent de la <a href="https://dacarcomercial.com/wp-content/uploads/2021/07/Decl.-UE-Opera-ADF500G-PRO.pdf">déclaration UE de conformité</a>. </span><span class="ng-star-inserted">Cette déclaration est un document dans lequel le fabricant indique que le produit est conforme à toutes les exigences essentielles du <a href="https://industria.gob.es/Calidad-Industrial/seguridadindustrial/productosindustriales/Equipos-Proteccion-Individual/Paginas/Reglamento-UE2016-425-relativo-a-EPIs.aspx" target="_blank" rel="noopener noreferrer nofollow">règlement UE 2016/425</a> relatif aux équipements de protection individuelle.</span></li>
</ul>

<p>L&rsquo;unité de tête DC-Guard DACAiR est composée de l&rsquo;écran facial DC-Guard avec visière en polycarbonate et mentonnière supplémentaire auquel a été ajouté un joint facial en tissu avec traitement ignifuge ainsi qu&rsquo;un conduit d&rsquo;air avec déflecteur pour amener l&rsquo;air provenant du ventilateur DACAiR à l&rsquo;avant de l&rsquo;écran.</p>
<p>L&rsquo;écran facial DC-GUARD DACAIR est la meilleure option pour une protection optimale contre les particules et les fumées lors des travaux de polissage, de coupe ou de meulage.</p>
<p>Compact, léger (620 gr) et ergonomique, il est certifié avec les ensembles de protection respiratoire motorisés DACAiR.</p>
<p><em>Les produits Dacar peuvent être achetés en ligne ou via notre réseau de distributeurs. N´hésitez pas à nous consulter votre revendeur le plus proche !</em></p>
