{"id":17632,"date":"2021-03-06T16:56:23","date_gmt":"2021-03-06T15:56:23","guid":{"rendered":"http:\/\/dacarcomercial.com\/producto\/ecran-pare-visage-forestier-en-acier-de-185-mm-de-hauteur\/"},"modified":"2021-08-17T12:17:59","modified_gmt":"2021-08-17T10:17:59","slug":"safe-3","status":"publish","type":"product","link":"https:\/\/dacarcomercial.com\/fr\/producto\/safe-3\/","title":{"rendered":"Safe 3, prot\u00e8ge-front avec serre-t\u00eate"},"content":{"rendered":"<p><strong>Caract\u00e9ristiques techniques:<\/strong><\/p>\n<ul>\n<li>Deux positions : un mouvement de pivotement en douceur permet de relever la visi\u00e8re jusqu&rsquo;\u00e0 une position de repos ferme et de la ramener \u00e0 la position de travail.<\/li>\n<li>Avec serre-t\u00eate et bande \u00e9lastique r\u00e9glable \u00e0 l&rsquo;arri\u00e8re<\/li>\n<li>Certification CE pour la protection des yeux et du visage : EN 166\u00a0:\u00a02001 B\/F &#8211; EN 1731\u00a0:\u00a02006<\/li>\n<li>Agr\u00e9ments environnementaux : ROHS, REACH<\/li>\n<\/ul>\n<p>\u00c9crans non inclus<\/p>\n","protected":false},"excerpt":{"rendered":"<p>Le prot\u00e8ge front avec serre-t\u00eate Safe 3 peut \u00eatre utilis\u00e9 comme support de visi\u00e8re autonome ou avec une protection auditive de la gamme <a href=\"https:\/\/dacarcomercial.com\/fr\/categorias-productos\/protecteurs-auditifs\/casques-anti-bruit-passifs\/\">Secure 1, 2 &amp; 3<\/a> avec bandeau sur la t\u00eate ou au cou.<\/p>\n<p>Le prot\u00e8ge-front robuste prot\u00e8ge efficacement des projections de particules, est l\u00e9ger, confortable et enti\u00e8rement ajustable \u00e0 diff\u00e9rentes tailles de t\u00eate. Il est con\u00e7u pour offrir \u00e0 l&rsquo;utilisateur une protection et un confort \u00e9lev\u00e9s.<\/p>\n<p>Disponible une\u00a0<a href=\"https:\/\/dacarcomercial.com\/fr\/categorias-productos\/protection-faciale\/systeme-multi-usage-safe-1-2-3\/\">grande vari\u00e9t\u00e9 d\u00b4\u00e9crans<\/a>\u00a0qui s\u2019adaptent parfaitement au support. S\u00e9lectionnez votre propre combinaison support, \u00e9cran et protection auditive.<\/p>\n<p>Toutes les pi\u00e8ces sont rempla\u00e7ables et lavables, pour une protection hygi\u00e9nique et durable.<\/p>\n","protected":false},"featured_media":3741,"template":"","meta":{"site-sidebar-layout":"default","site-content-layout":"default","ast-site-content-layout":"default","site-content-style":"default","site-sidebar-style":"default","ast-global-header-display":"","ast-banner-title-visibility":"","ast-main-header-display":"","ast-hfb-above-header-display":"","ast-hfb-below-header-display":"","ast-hfb-mobile-header-display":"","site-post-title":"","ast-breadcrumbs-content":"","ast-featured-img":"","footer-sml-layout":"","ast-disable-related-posts":"","theme-transparent-header-meta":"default","adv-header-id-meta":"","stick-header-meta":"default","header-above-stick-meta":"","header-main-stick-meta":"","header-below-stick-meta":"","astra-migrate-meta-layouts":"default","ast-page-background-enabled":"default","ast-page-background-meta":{"desktop":{"background-color":"","background-image":"","background-repeat":"repeat","background-position":"center center","background-size":"auto","background-attachment":"scroll","background-type":"","background-media":"","overlay-type":"","overlay-color":"","overlay-opacity":"","overlay-gradient":""},"tablet":{"background-color":"","background-image":"","background-repeat":"repeat","background-position":"center center","background-size":"auto","background-attachment":"scroll","background-type":"","background-media":"","overlay-type":"","overlay-color":"","overlay-opacity":"","overlay-gradient":""},"mobile":{"background-color":"","background-image":"","background-repeat":"repeat","background-position":"center center","background-size":"auto","background-attachment":"scroll","background-type":"","background-media":"","overlay-type":"","overlay-color":"","overlay-opacity":"","overlay-gradient":""}},"ast-content-background-meta":{"desktop":{"background-color":"var(--ast-global-color-5)","background-image":"","background-repeat":"repeat","background-position":"center center","background-size":"auto","background-attachment":"scroll","background-type":"","background-media":"","overlay-type":"","overlay-color":"","overlay-opacity":"","overlay-gradient":""},"tablet":{"background-color":"var(--ast-global-color-5)","background-image":"","background-repeat":"repeat","background-position":"center center","background-size":"auto","background-attachment":"scroll","background-type":"","background-media":"","overlay-type":"","overlay-color":"","overlay-opacity":"","overlay-gradient":""},"mobile":{"background-color":"var(--ast-global-color-5)","background-image":"","background-repeat":"repeat","background-position":"center center","background-size":"auto","background-attachment":"scroll","background-type":"","background-media":"","overlay-type":"","overlay-color":"","overlay-opacity":"","overlay-gradient":""}}},"product_brand":[],"product_cat":[953,956],"product_tag":[],"class_list":{"0":"post-17632","1":"product","2":"type-product","3":"status-publish","4":"has-post-thumbnail","6":"product_cat-protection-faciale","7":"product_cat-systeme-multi-usage-safe-1-2-3","8":"desktop-align-left","9":"tablet-align-left","10":"mobile-align-left","11":"ast-product-gallery-layout-horizontal-slider","12":"ast-product-tabs-layout-horizontal","14":"first","15":"instock","16":"taxable","17":"shipping-taxable","18":"purchasable","19":"product-type-simple"},"_links":{"self":[{"href":"https:\/\/dacarcomercial.com\/fr\/wp-json\/wp\/v2\/product\/17632","targetHints":{"allow":["GET"]}}],"collection":[{"href":"https:\/\/dacarcomercial.com\/fr\/wp-json\/wp\/v2\/product"}],"about":[{"href":"https:\/\/dacarcomercial.com\/fr\/wp-json\/wp\/v2\/types\/product"}],"version-history":[{"count":0,"href":"https:\/\/dacarcomercial.com\/fr\/wp-json\/wp\/v2\/product\/17632\/revisions"}],"wp:featuredmedia":[{"embeddable":true,"href":"https:\/\/dacarcomercial.com\/fr\/wp-json\/wp\/v2\/media\/3741"}],"wp:attachment":[{"href":"https:\/\/dacarcomercial.com\/fr\/wp-json\/wp\/v2\/media?parent=17632"}],"wp:term":[{"taxonomy":"product_brand","embeddable":true,"href":"https:\/\/dacarcomercial.com\/fr\/wp-json\/wp\/v2\/product_brand?post=17632"},{"taxonomy":"product_cat","embeddable":true,"href":"https:\/\/dacarcomercial.com\/fr\/wp-json\/wp\/v2\/product_cat?post=17632"},{"taxonomy":"product_tag","embeddable":true,"href":"https:\/\/dacarcomercial.com\/fr\/wp-json\/wp\/v2\/product_tag?post=17632"}],"curies":[{"name":"wp","href":"https:\/\/api.w.org\/{rel}","templated":true}]}}

Safe 3, protège-front avec serre-tête

<p><strong>Caractéristiques techniques:</strong></p>
<ul>
<li>Deux positions : un mouvement de pivotement en douceur permet de relever la visière jusqu&rsquo;à une position de repos ferme et de la ramener à la position de travail.</li>
<li>Avec serre-tête et bande élastique réglable à l&rsquo;arrière</li>
<li>Certification CE pour la protection des yeux et du visage : EN 166 : 2001 B/F &#8211; EN 1731 : 2006</li>
<li>Agréments environnementaux : ROHS, REACH</li>
</ul>
<p>Écrans non inclus</p>

<p>Le protège front avec serre-tête Safe 3 peut être utilisé comme support de visière autonome ou avec une protection auditive de la gamme <a href="https://dacarcomercial.com/fr/categorias-productos/protecteurs-auditifs/casques-anti-bruit-passifs/">Secure 1, 2 &amp; 3</a> avec bandeau sur la tête ou au cou.</p>
<p>Le protège-front robuste protège efficacement des projections de particules, est léger, confortable et entièrement ajustable à différentes tailles de tête. Il est conçu pour offrir à l&rsquo;utilisateur une protection et un confort élevés.</p>
<p>Disponible une <a href="https://dacarcomercial.com/fr/categorias-productos/protection-faciale/systeme-multi-usage-safe-1-2-3/">grande variété d´écrans</a> qui s’adaptent parfaitement au support. Sélectionnez votre propre combinaison support, écran et protection auditive.</p>
<p>Toutes les pièces sont remplaçables et lavables, pour une protection hygiénique et durable.</p>
