{"id":17637,"date":"2021-03-06T16:56:27","date_gmt":"2021-03-06T15:56:27","guid":{"rendered":"http:\/\/dacarcomercial.com\/producto\/paire-dadaptateur-30-mm-pour-monter-le-support-safe-2-flex\/"},"modified":"2021-08-16T12:06:53","modified_gmt":"2021-08-16T10:06:53","slug":"ecran-pare-visage-polycarbonate-avec-protege-menton","status":"publish","type":"product","link":"https:\/\/dacarcomercial.com\/fr\/producto\/ecran-pare-visage-polycarbonate-avec-protege-menton\/","title":{"rendered":"\u00c9cran polycarbonate avec couvre-menton (Safe 1, 2 &#038; 3)"},"content":{"rendered":"<p><strong>Caract\u00e9ristiques techniques:<\/strong><\/p>\n<ul>\n<li>\u00c9cran en polycarbonate de 1,0 mm d&rsquo;\u00e9paisseur avec prot\u00e8ge-menton suppl\u00e9mentaire<\/li>\n<li>Hauteur 250 mm<\/li>\n<li>Pour une utilisation dans l&rsquo;industrie m\u00e9tallurgique, les travaux de coupe, de polissage ou de meulage<\/li>\n<li>Poids : 96 grammes<\/li>\n<li>Normes d&rsquo;application : EN 166 \/ 1B39N et EN 170 \/ 2-1,2<\/li>\n<li>Classe optique 1<\/li>\n<li>R\u00e9sistance aux chocs \u00e0 \u00e9nergie moyenne et haute vitesse<\/li>\n<li>\u00c0 utiliser avec les supports Safe 1, 2 &amp; 3 (\u00e0 commander s\u00e9par\u00e9ment)<\/li>\n<\/ul>\n<p>L\u00b4\u00e9cran en polycarbonate transparent avec prot\u00e8ge-menton est un choix parfait lorsque vous avez besoin d&rsquo;une protection suppl\u00e9mentaire contre les \u00e9claboussures et les projections venant sous le menton. Il est con\u00e7u pour \u00eatre combin\u00e9 avec l&rsquo;un des supports de la gamme Safe 1, 2 et 3. L\u00b4\u00e9cran est approuv\u00e9 pour un impact moyen et convient aux applications telles que le meulage, les travaux de construction, la protection contre les \u00e9claboussures de liquide et d&rsquo;autres travaux industriels en g\u00e9n\u00e9ral.<\/p>\n","protected":false},"excerpt":{"rendered":"<p>\u00c9cran en polycarbonate transparent de 1 mm d&rsquo;\u00e9paisseur avec prot\u00e8ge-menton suppl\u00e9mentaire \u00e0 utiliser avec les supports Safe 1, 2 et 3 (non inclus)<\/p>\n<p>L\u00b4\u00e9cran en polycarbonate est id\u00e9ale pour la protection de l&rsquo;utilisateur contre les impacts de particules solides ou liquides ainsi que les projections de m\u00e9taux en fusion. Il est recommand\u00e9 pour polir, meuler ou couper des mat\u00e9riaux tels que le m\u00e9tal, les plastiques, le bois ou la pierre par exemple.<\/p>\n<p>Le large contour de l\u00b4\u00e9cran prot\u00e8ge efficacement la t\u00eate et le visage de l&rsquo;op\u00e9rateur, tandis que la mentonni\u00e8re am\u00e9liore la fermeture dans la zone inf\u00e9rieure, ce qui r\u00e9duit consid\u00e9rablement toute particule ou projection pouvant atteindre la zone du visage depuis la partie inf\u00e9rieure.<\/p>\n","protected":false},"featured_media":5964,"template":"","meta":{"site-sidebar-layout":"default","site-content-layout":"default","ast-site-content-layout":"default","site-content-style":"default","site-sidebar-style":"default","ast-global-header-display":"","ast-banner-title-visibility":"","ast-main-header-display":"","ast-hfb-above-header-display":"","ast-hfb-below-header-display":"","ast-hfb-mobile-header-display":"","site-post-title":"","ast-breadcrumbs-content":"","ast-featured-img":"","footer-sml-layout":"","ast-disable-related-posts":"","theme-transparent-header-meta":"default","adv-header-id-meta":"","stick-header-meta":"default","header-above-stick-meta":"","header-main-stick-meta":"","header-below-stick-meta":"","astra-migrate-meta-layouts":"default","ast-page-background-enabled":"default","ast-page-background-meta":{"desktop":{"background-color":"","background-image":"","background-repeat":"repeat","background-position":"center center","background-size":"auto","background-attachment":"scroll","background-type":"","background-media":"","overlay-type":"","overlay-color":"","overlay-opacity":"","overlay-gradient":""},"tablet":{"background-color":"","background-image":"","background-repeat":"repeat","background-position":"center center","background-size":"auto","background-attachment":"scroll","background-type":"","background-media":"","overlay-type":"","overlay-color":"","overlay-opacity":"","overlay-gradient":""},"mobile":{"background-color":"","background-image":"","background-repeat":"repeat","background-position":"center center","background-size":"auto","background-attachment":"scroll","background-type":"","background-media":"","overlay-type":"","overlay-color":"","overlay-opacity":"","overlay-gradient":""}},"ast-content-background-meta":{"desktop":{"background-color":"var(--ast-global-color-5)","background-image":"","background-repeat":"repeat","background-position":"center center","background-size":"auto","background-attachment":"scroll","background-type":"","background-media":"","overlay-type":"","overlay-color":"","overlay-opacity":"","overlay-gradient":""},"tablet":{"background-color":"var(--ast-global-color-5)","background-image":"","background-repeat":"repeat","background-position":"center center","background-size":"auto","background-attachment":"scroll","background-type":"","background-media":"","overlay-type":"","overlay-color":"","overlay-opacity":"","overlay-gradient":""},"mobile":{"background-color":"var(--ast-global-color-5)","background-image":"","background-repeat":"repeat","background-position":"center center","background-size":"auto","background-attachment":"scroll","background-type":"","background-media":"","overlay-type":"","overlay-color":"","overlay-opacity":"","overlay-gradient":""}}},"product_brand":[],"product_cat":[953,956],"product_tag":[],"class_list":{"0":"post-17637","1":"product","2":"type-product","3":"status-publish","4":"has-post-thumbnail","6":"product_cat-protection-faciale","7":"product_cat-systeme-multi-usage-safe-1-2-3","8":"desktop-align-left","9":"tablet-align-left","10":"mobile-align-left","11":"ast-product-gallery-layout-horizontal-slider","12":"ast-product-gallery-with-no-image","13":"ast-product-tabs-layout-horizontal","15":"first","16":"instock","17":"taxable","18":"shipping-taxable","19":"purchasable","20":"product-type-simple"},"_links":{"self":[{"href":"https:\/\/dacarcomercial.com\/fr\/wp-json\/wp\/v2\/product\/17637","targetHints":{"allow":["GET"]}}],"collection":[{"href":"https:\/\/dacarcomercial.com\/fr\/wp-json\/wp\/v2\/product"}],"about":[{"href":"https:\/\/dacarcomercial.com\/fr\/wp-json\/wp\/v2\/types\/product"}],"version-history":[{"count":0,"href":"https:\/\/dacarcomercial.com\/fr\/wp-json\/wp\/v2\/product\/17637\/revisions"}],"wp:featuredmedia":[{"embeddable":true,"href":"https:\/\/dacarcomercial.com\/fr\/wp-json\/wp\/v2\/media\/5964"}],"wp:attachment":[{"href":"https:\/\/dacarcomercial.com\/fr\/wp-json\/wp\/v2\/media?parent=17637"}],"wp:term":[{"taxonomy":"product_brand","embeddable":true,"href":"https:\/\/dacarcomercial.com\/fr\/wp-json\/wp\/v2\/product_brand?post=17637"},{"taxonomy":"product_cat","embeddable":true,"href":"https:\/\/dacarcomercial.com\/fr\/wp-json\/wp\/v2\/product_cat?post=17637"},{"taxonomy":"product_tag","embeddable":true,"href":"https:\/\/dacarcomercial.com\/fr\/wp-json\/wp\/v2\/product_tag?post=17637"}],"curies":[{"name":"wp","href":"https:\/\/api.w.org\/{rel}","templated":true}]}}

Écran polycarbonate avec couvre-menton (Safe 1, 2 &#038; 3)

<p><strong>Caractéristiques techniques:</strong></p>
<ul>
<li>Écran en polycarbonate de 1,0 mm d&rsquo;épaisseur avec protège-menton supplémentaire</li>
<li>Hauteur 250 mm</li>
<li>Pour une utilisation dans l&rsquo;industrie métallurgique, les travaux de coupe, de polissage ou de meulage</li>
<li>Poids : 96 grammes</li>
<li>Normes d&rsquo;application : EN 166 / 1B39N et EN 170 / 2-1,2</li>
<li>Classe optique 1</li>
<li>Résistance aux chocs à énergie moyenne et haute vitesse</li>
<li>À utiliser avec les supports Safe 1, 2 &amp; 3 (à commander séparément)</li>
</ul>
<p>L´écran en polycarbonate transparent avec protège-menton est un choix parfait lorsque vous avez besoin d&rsquo;une protection supplémentaire contre les éclaboussures et les projections venant sous le menton. Il est conçu pour être combiné avec l&rsquo;un des supports de la gamme Safe 1, 2 et 3. L´écran est approuvé pour un impact moyen et convient aux applications telles que le meulage, les travaux de construction, la protection contre les éclaboussures de liquide et d&rsquo;autres travaux industriels en général.</p>

<p>Écran en polycarbonate transparent de 1 mm d&rsquo;épaisseur avec protège-menton supplémentaire à utiliser avec les supports Safe 1, 2 et 3 (non inclus)</p>
<p>L´écran en polycarbonate est idéale pour la protection de l&rsquo;utilisateur contre les impacts de particules solides ou liquides ainsi que les projections de métaux en fusion. Il est recommandé pour polir, meuler ou couper des matériaux tels que le métal, les plastiques, le bois ou la pierre par exemple.</p>
<p>Le large contour de l´écran protège efficacement la tête et le visage de l&rsquo;opérateur, tandis que la mentonnière améliore la fermeture dans la zone inférieure, ce qui réduit considérablement toute particule ou projection pouvant atteindre la zone du visage depuis la partie inférieure.</p>
