{"id":17639,"date":"2021-03-06T16:56:27","date_gmt":"2021-03-06T15:56:27","guid":{"rendered":"http:\/\/dacarcomercial.com\/producto\/ecran-pare-visage-en-polycarbonate-anti-buee-de-250-mm-de-hauteur-en\/"},"modified":"2021-08-16T10:20:03","modified_gmt":"2021-08-16T08:20:03","slug":"ecran-pare-visage-vert-din-2","status":"publish","type":"product","link":"https:\/\/dacarcomercial.com\/fr\/producto\/ecran-pare-visage-vert-din-2\/","title":{"rendered":"\u00c9cran vert DIN 2 de 200 mm en polycarbonate (Safe 1, 2 &#038; 3)"},"content":{"rendered":"<p><strong>Caract\u00e9ristiques techniques:<\/strong><\/p>\n<ul>\n<li>\u00c9cran en polycarbonate transparent de 1,0 mm d&rsquo;\u00e9paisseur<\/li>\n<li>Teinte verte DIN 2 pour la protection solaire<\/li>\n<li>Hauteur 200 mm<\/li>\n<li>Pour une utilisation \u00e0 l&rsquo;ext\u00e9rieur lors du meulage, de la coupe ou du polissage<\/li>\n<li>Poids : 74 grammes<\/li>\n<li>Normes : EN 166 1B39, EN170 5-2,5<\/li>\n<li>Classe optique 1<\/li>\n<li>R\u00e9sistance aux chocs \u00e0 \u00e9nergie moyenne et haute vitesse<\/li>\n<li>\u00c0 utiliser avec les supports Safe 1, 2 &amp; 3 (\u00e0 commander s\u00e9par\u00e9ment)<\/li>\n<\/ul>\n<p>L\u00b4\u00e9cran en polycarbonate vert est le meilleur choix pour une utilisation en ext\u00e9rieur o\u00f9 l&rsquo;\u00e9blouissement du soleil est pr\u00e9sent. Il est con\u00e7u pour \u00eatre combin\u00e9 avec n&rsquo;importe lequel des supports Safe 1, 2 &amp; 3. L\u00b4\u00e9cran est approuv\u00e9 pour un impact moyen et convient aux travaux en ext\u00e9rieur.<\/p>\n","protected":false},"excerpt":{"rendered":"<p>\u00c9cran en polycarbonate 200 mm teinte verte 2 pour supports Safe 1,2 &amp; 3 (\u00e0 commander s\u00e9par\u00e9ment)<\/p>\n<p>L\u00b4\u00e9cran en polycarbonate est id\u00e9ale pour la protection de l&rsquo;utilisateur contre les impacts de particules solides ou liquides ainsi que les projections de m\u00e9taux en fusion. Il est recommand\u00e9 pour polir, meuler ou couper des mat\u00e9riaux tels que le m\u00e9tal, les plastiques, le bois ou la pierre par exemple.<\/p>\n<p>Avec la teinte 2, il est indiqu\u00e9 pour une utilisation en ext\u00e9rieur pour \u00e9viter l&rsquo;\u00e9blouissement du soleil.<\/p>\n<p>Il int\u00e8gre deux plis lat\u00e9raux diagonaux pour garantir une courbe homog\u00e8ne dans la zone de vision pour une vision sans distorsion.<\/p>\n<p>Certifications : EN166 &amp; EN170<\/p>\n<p>&nbsp;<\/p>\n","protected":false},"featured_media":6225,"template":"","meta":{"site-sidebar-layout":"default","site-content-layout":"default","ast-site-content-layout":"default","site-content-style":"default","site-sidebar-style":"default","ast-global-header-display":"","ast-banner-title-visibility":"","ast-main-header-display":"","ast-hfb-above-header-display":"","ast-hfb-below-header-display":"","ast-hfb-mobile-header-display":"","site-post-title":"","ast-breadcrumbs-content":"","ast-featured-img":"","footer-sml-layout":"","ast-disable-related-posts":"","theme-transparent-header-meta":"default","adv-header-id-meta":"","stick-header-meta":"default","header-above-stick-meta":"","header-main-stick-meta":"","header-below-stick-meta":"","astra-migrate-meta-layouts":"default","ast-page-background-enabled":"default","ast-page-background-meta":{"desktop":{"background-color":"","background-image":"","background-repeat":"repeat","background-position":"center center","background-size":"auto","background-attachment":"scroll","background-type":"","background-media":"","overlay-type":"","overlay-color":"","overlay-opacity":"","overlay-gradient":""},"tablet":{"background-color":"","background-image":"","background-repeat":"repeat","background-position":"center center","background-size":"auto","background-attachment":"scroll","background-type":"","background-media":"","overlay-type":"","overlay-color":"","overlay-opacity":"","overlay-gradient":""},"mobile":{"background-color":"","background-image":"","background-repeat":"repeat","background-position":"center center","background-size":"auto","background-attachment":"scroll","background-type":"","background-media":"","overlay-type":"","overlay-color":"","overlay-opacity":"","overlay-gradient":""}},"ast-content-background-meta":{"desktop":{"background-color":"var(--ast-global-color-5)","background-image":"","background-repeat":"repeat","background-position":"center center","background-size":"auto","background-attachment":"scroll","background-type":"","background-media":"","overlay-type":"","overlay-color":"","overlay-opacity":"","overlay-gradient":""},"tablet":{"background-color":"var(--ast-global-color-5)","background-image":"","background-repeat":"repeat","background-position":"center center","background-size":"auto","background-attachment":"scroll","background-type":"","background-media":"","overlay-type":"","overlay-color":"","overlay-opacity":"","overlay-gradient":""},"mobile":{"background-color":"var(--ast-global-color-5)","background-image":"","background-repeat":"repeat","background-position":"center center","background-size":"auto","background-attachment":"scroll","background-type":"","background-media":"","overlay-type":"","overlay-color":"","overlay-opacity":"","overlay-gradient":""}}},"product_brand":[],"product_cat":[953,956],"product_tag":[],"class_list":{"0":"post-17639","1":"product","2":"type-product","3":"status-publish","4":"has-post-thumbnail","6":"product_cat-protection-faciale","7":"product_cat-systeme-multi-usage-safe-1-2-3","8":"desktop-align-left","9":"tablet-align-left","10":"mobile-align-left","11":"ast-product-gallery-layout-horizontal-slider","12":"ast-product-gallery-with-no-image","13":"ast-product-tabs-layout-horizontal","15":"first","16":"instock","17":"taxable","18":"shipping-taxable","19":"purchasable","20":"product-type-simple"},"_links":{"self":[{"href":"https:\/\/dacarcomercial.com\/fr\/wp-json\/wp\/v2\/product\/17639","targetHints":{"allow":["GET"]}}],"collection":[{"href":"https:\/\/dacarcomercial.com\/fr\/wp-json\/wp\/v2\/product"}],"about":[{"href":"https:\/\/dacarcomercial.com\/fr\/wp-json\/wp\/v2\/types\/product"}],"version-history":[{"count":0,"href":"https:\/\/dacarcomercial.com\/fr\/wp-json\/wp\/v2\/product\/17639\/revisions"}],"wp:featuredmedia":[{"embeddable":true,"href":"https:\/\/dacarcomercial.com\/fr\/wp-json\/wp\/v2\/media\/6225"}],"wp:attachment":[{"href":"https:\/\/dacarcomercial.com\/fr\/wp-json\/wp\/v2\/media?parent=17639"}],"wp:term":[{"taxonomy":"product_brand","embeddable":true,"href":"https:\/\/dacarcomercial.com\/fr\/wp-json\/wp\/v2\/product_brand?post=17639"},{"taxonomy":"product_cat","embeddable":true,"href":"https:\/\/dacarcomercial.com\/fr\/wp-json\/wp\/v2\/product_cat?post=17639"},{"taxonomy":"product_tag","embeddable":true,"href":"https:\/\/dacarcomercial.com\/fr\/wp-json\/wp\/v2\/product_tag?post=17639"}],"curies":[{"name":"wp","href":"https:\/\/api.w.org\/{rel}","templated":true}]}}

Écran vert DIN 2 de 200 mm en polycarbonate (Safe 1, 2 &#038; 3)

<p><strong>Caractéristiques techniques:</strong></p>
<ul>
<li>Écran en polycarbonate transparent de 1,0 mm d&rsquo;épaisseur</li>
<li>Teinte verte DIN 2 pour la protection solaire</li>
<li>Hauteur 200 mm</li>
<li>Pour une utilisation à l&rsquo;extérieur lors du meulage, de la coupe ou du polissage</li>
<li>Poids : 74 grammes</li>
<li>Normes : EN 166 1B39, EN170 5-2,5</li>
<li>Classe optique 1</li>
<li>Résistance aux chocs à énergie moyenne et haute vitesse</li>
<li>À utiliser avec les supports Safe 1, 2 &amp; 3 (à commander séparément)</li>
</ul>
<p>L´écran en polycarbonate vert est le meilleur choix pour une utilisation en extérieur où l&rsquo;éblouissement du soleil est présent. Il est conçu pour être combiné avec n&rsquo;importe lequel des supports Safe 1, 2 &amp; 3. L´écran est approuvé pour un impact moyen et convient aux travaux en extérieur.</p>

<p>Écran en polycarbonate 200 mm teinte verte 2 pour supports Safe 1,2 &amp; 3 (à commander séparément)</p>
<p>L´écran en polycarbonate est idéale pour la protection de l&rsquo;utilisateur contre les impacts de particules solides ou liquides ainsi que les projections de métaux en fusion. Il est recommandé pour polir, meuler ou couper des matériaux tels que le métal, les plastiques, le bois ou la pierre par exemple.</p>
<p>Avec la teinte 2, il est indiqué pour une utilisation en extérieur pour éviter l&rsquo;éblouissement du soleil.</p>
<p>Il intègre deux plis latéraux diagonaux pour garantir une courbe homogène dans la zone de vision pour une vision sans distorsion.</p>
<p>Certifications : EN166 &amp; EN170</p>
<p>&nbsp;</p>
