{"id":17641,"date":"2021-03-06T16:56:27","date_gmt":"2021-03-06T15:56:27","guid":{"rendered":"http:\/\/dacarcomercial.com\/producto\/ecran-pare-visage-polycarbonate-avec-protege-menton-200-mm-safe-1-2\/"},"modified":"2021-08-12T14:45:56","modified_gmt":"2021-08-12T12:45:56","slug":"ecran-pare-visage-avec-pellicule-dor","status":"publish","type":"product","link":"https:\/\/dacarcomercial.com\/fr\/producto\/ecran-pare-visage-avec-pellicule-dor\/","title":{"rendered":"\u00c9cran PC OR (syst\u00e8me Safe 1, 2 &#038; 3)"},"content":{"rendered":"<p><strong>Caract\u00e9ristiques techniques:<\/strong><\/p>\n<ul>\n<li>\u00c9cran en polycarbonate de 1,0 mm d\u2019\u00e9paisseur avec face ext\u00e9rieure avec pellicule d\u00b4or<\/li>\n<li>Hauteur 250 mm<\/li>\n<li>Pour une utilisation dans l\u2019industrie m\u00e9tallurgique, les fonderies, les fours, \u2026<\/li>\n<li>R\u00e9sistance \u00e0 la chaleur rayonnante jusqu\u2019\u00e0 1390 \u00b0C selon EN 171 (4-5)<\/li>\n<li>R\u00e9siste \u00e0 la chaleur de contact jusqu\u2019\u00e0 + 120 \u00b0 C<\/li>\n<li>Poids : 96 grammes<\/li>\n<li>Normes d\u2019application : EN 166 pour la protection des yeux, EN171 pour la protecci\u00f3n f\u00e2ce aux infrarouges (IR)<\/li>\n<li>Classe optique 1<\/li>\n<li>R\u00e9sistance aux chocs \u00e0 \u00e9nergie moyenne et \u00e0 grande vitesse (B)<\/li>\n<li>A utiliser avec les supports Safe 1, 2 &amp; 3 (\u00e0 commander s\u00e9par\u00e9ment)<\/li>\n<\/ul>\n<p>L\u00b4\u00e9cran en polycarbonate avec p\u00e9licule d\u00b4or r\u00e9fl\u00e9chit la chaleur et prot\u00e8ge contre le rayonnement infrarouge, le m\u00e9tal en fusion et les \u00e9claboussures de liquides nocifs. Il est con\u00e7u pour \u00eatre combin\u00e9 avec des coquilles anti-bruit, des casques de chantier et prot\u00e8ge-fronts avec serre-t\u00eate pour une protection compl\u00e8te au-dessus du cou. L\u00b4\u00e9cran est approuv\u00e9e pour un impact moyen et convient \u00e0 la protection contre la chaleur rayonnante, comme les expositions courtes lors de l&rsquo;ouverture des trappes d&rsquo;inspection des fours de m\u00e9tal en fusion.<\/p>\n","protected":false},"excerpt":{"rendered":"<p>\u00c9cran en polycarbonate anti-impacts avec face externe \u00e0 pellicule d\u00b4or pour fixer sur un casque de chantier \u00e0 l\u2019aide des supports Safe 1, 2 &amp; 3 (\u00e0 commander s\u00e9par\u00e9ment)<\/p>\n<p>\u00c9cran sp\u00e9cifique pour la protection du visage et des yeux contre la chaleur rayonnante jusqu\u2019\u00e0 1390\u00baC ainsi que les projections de m\u00e9tal en fusion. D\u2019une hauteur de 250 mm, il est id\u00e9al pour les travaux en fonderie ou dans l\u2019industrie lourde.<\/p>\n<p>Certifi\u00e9 CE, EN 166 &amp; EN 171<\/p>\n","protected":false},"featured_media":5811,"template":"","meta":{"site-sidebar-layout":"default","site-content-layout":"default","ast-site-content-layout":"default","site-content-style":"default","site-sidebar-style":"default","ast-global-header-display":"","ast-banner-title-visibility":"","ast-main-header-display":"","ast-hfb-above-header-display":"","ast-hfb-below-header-display":"","ast-hfb-mobile-header-display":"","site-post-title":"","ast-breadcrumbs-content":"","ast-featured-img":"","footer-sml-layout":"","ast-disable-related-posts":"","theme-transparent-header-meta":"default","adv-header-id-meta":"","stick-header-meta":"default","header-above-stick-meta":"","header-main-stick-meta":"","header-below-stick-meta":"","astra-migrate-meta-layouts":"default","ast-page-background-enabled":"default","ast-page-background-meta":{"desktop":{"background-color":"","background-image":"","background-repeat":"repeat","background-position":"center center","background-size":"auto","background-attachment":"scroll","background-type":"","background-media":"","overlay-type":"","overlay-color":"","overlay-opacity":"","overlay-gradient":""},"tablet":{"background-color":"","background-image":"","background-repeat":"repeat","background-position":"center center","background-size":"auto","background-attachment":"scroll","background-type":"","background-media":"","overlay-type":"","overlay-color":"","overlay-opacity":"","overlay-gradient":""},"mobile":{"background-color":"","background-image":"","background-repeat":"repeat","background-position":"center center","background-size":"auto","background-attachment":"scroll","background-type":"","background-media":"","overlay-type":"","overlay-color":"","overlay-opacity":"","overlay-gradient":""}},"ast-content-background-meta":{"desktop":{"background-color":"var(--ast-global-color-5)","background-image":"","background-repeat":"repeat","background-position":"center center","background-size":"auto","background-attachment":"scroll","background-type":"","background-media":"","overlay-type":"","overlay-color":"","overlay-opacity":"","overlay-gradient":""},"tablet":{"background-color":"var(--ast-global-color-5)","background-image":"","background-repeat":"repeat","background-position":"center center","background-size":"auto","background-attachment":"scroll","background-type":"","background-media":"","overlay-type":"","overlay-color":"","overlay-opacity":"","overlay-gradient":""},"mobile":{"background-color":"var(--ast-global-color-5)","background-image":"","background-repeat":"repeat","background-position":"center center","background-size":"auto","background-attachment":"scroll","background-type":"","background-media":"","overlay-type":"","overlay-color":"","overlay-opacity":"","overlay-gradient":""}}},"product_brand":[],"product_cat":[953,956],"product_tag":[],"class_list":{"0":"post-17641","1":"product","2":"type-product","3":"status-publish","4":"has-post-thumbnail","6":"product_cat-protection-faciale","7":"product_cat-systeme-multi-usage-safe-1-2-3","8":"desktop-align-left","9":"tablet-align-left","10":"mobile-align-left","11":"ast-product-gallery-layout-horizontal-slider","12":"ast-product-gallery-with-no-image","13":"ast-product-tabs-layout-horizontal","15":"first","16":"instock","17":"taxable","18":"shipping-taxable","19":"purchasable","20":"product-type-simple"},"_links":{"self":[{"href":"https:\/\/dacarcomercial.com\/fr\/wp-json\/wp\/v2\/product\/17641","targetHints":{"allow":["GET"]}}],"collection":[{"href":"https:\/\/dacarcomercial.com\/fr\/wp-json\/wp\/v2\/product"}],"about":[{"href":"https:\/\/dacarcomercial.com\/fr\/wp-json\/wp\/v2\/types\/product"}],"version-history":[{"count":0,"href":"https:\/\/dacarcomercial.com\/fr\/wp-json\/wp\/v2\/product\/17641\/revisions"}],"wp:featuredmedia":[{"embeddable":true,"href":"https:\/\/dacarcomercial.com\/fr\/wp-json\/wp\/v2\/media\/5811"}],"wp:attachment":[{"href":"https:\/\/dacarcomercial.com\/fr\/wp-json\/wp\/v2\/media?parent=17641"}],"wp:term":[{"taxonomy":"product_brand","embeddable":true,"href":"https:\/\/dacarcomercial.com\/fr\/wp-json\/wp\/v2\/product_brand?post=17641"},{"taxonomy":"product_cat","embeddable":true,"href":"https:\/\/dacarcomercial.com\/fr\/wp-json\/wp\/v2\/product_cat?post=17641"},{"taxonomy":"product_tag","embeddable":true,"href":"https:\/\/dacarcomercial.com\/fr\/wp-json\/wp\/v2\/product_tag?post=17641"}],"curies":[{"name":"wp","href":"https:\/\/api.w.org\/{rel}","templated":true}]}}

Écran PC OR (système Safe 1, 2 &#038; 3)

<p><strong>Caractéristiques techniques:</strong></p>
<ul>
<li>Écran en polycarbonate de 1,0 mm d’épaisseur avec face extérieure avec pellicule d´or</li>
<li>Hauteur 250 mm</li>
<li>Pour une utilisation dans l’industrie métallurgique, les fonderies, les fours, …</li>
<li>Résistance à la chaleur rayonnante jusqu’à 1390 °C selon EN 171 (4-5)</li>
<li>Résiste à la chaleur de contact jusqu’à + 120 ° C</li>
<li>Poids : 96 grammes</li>
<li>Normes d’application : EN 166 pour la protection des yeux, EN171 pour la protección fâce aux infrarouges (IR)</li>
<li>Classe optique 1</li>
<li>Résistance aux chocs à énergie moyenne et à grande vitesse (B)</li>
<li>A utiliser avec les supports Safe 1, 2 &amp; 3 (à commander séparément)</li>
</ul>
<p>L´écran en polycarbonate avec pélicule d´or réfléchit la chaleur et protège contre le rayonnement infrarouge, le métal en fusion et les éclaboussures de liquides nocifs. Il est conçu pour être combiné avec des coquilles anti-bruit, des casques de chantier et protège-fronts avec serre-tête pour une protection complète au-dessus du cou. L´écran est approuvée pour un impact moyen et convient à la protection contre la chaleur rayonnante, comme les expositions courtes lors de l&rsquo;ouverture des trappes d&rsquo;inspection des fours de métal en fusion.</p>

<p>Écran en polycarbonate anti-impacts avec face externe à pellicule d´or pour fixer sur un casque de chantier à l’aide des supports Safe 1, 2 &amp; 3 (à commander séparément)</p>
<p>Écran spécifique pour la protection du visage et des yeux contre la chaleur rayonnante jusqu’à 1390ºC ainsi que les projections de métal en fusion. D’une hauteur de 250 mm, il est idéal pour les travaux en fonderie ou dans l’industrie lourde.</p>
<p>Certifié CE, EN 166 &amp; EN 171</p>
