{"id":17718,"date":"2021-03-06T16:47:24","date_gmt":"2021-03-06T15:47:24","guid":{"rendered":"http:\/\/dacarcomercial.com\/producto\/17718\/"},"modified":"2026-04-22T10:23:21","modified_gmt":"2026-04-22T08:23:21","slug":"masque-dc1-330-flip-casque-chantier","status":"publish","type":"product","link":"https:\/\/dacarcomercial.com\/fr\/producto\/masque-dc1-330-flip-casque-chantier\/","title":{"rendered":"Masque DC-1 330 Flip avec casque de chantier"},"content":{"rendered":"<h2><strong>Caract\u00e9ristiques du Masque DC-1 330 Flip avec casque de chantier:<\/strong><\/h2>\n<ul>\n<li>Masque \u00e0 souder DC-1 330 Flip non peint (noir) avec verre min\u00e9ral de soudage de 51 x 108 mm log\u00e9 dans une fen\u00eatre relevable<\/li>\n<li>Pour alterner soudure avec meulage<\/li>\n<li>Adaptateurs de casque de chantier facilement d\u00e9tachables pour vous permettre de continuer \u00e0 utiliser le casque de chantier lorsque le soudage n&rsquo;est pas n\u00e9cessaire<\/li>\n<li>Excellente protection du visage du cou et des oreilles face aux radiations lumineuses et aux projections<\/li>\n<li>Cristal avec bords polis afin d&rsquo;\u00e9viter toute coupure accidentelle lors de la manipulation<\/li>\n<li>CE EN 175 et EN 166<\/li>\n<\/ul>\n<p><strong>Caract\u00e9ristiques des casques de chantier :<\/strong><\/p>\n<p><strong>TERANO<\/strong><\/p>\n<ul>\n<li>Le poids du casque de chantier Terano est seulement de 285 g, \u00e9tant l&rsquo;un des plus l\u00e9ger et des plus confortables \u00e0 porter<\/li>\n<li>Extension arri\u00e8re pour une meilleure protection de la nuque<\/li>\n<li>Visi\u00e8re courte pour une meilleure visibilit\u00e9 vers le haut<\/li>\n<li>Fabriqu\u00e9 en ABS, il r\u00e9siste mieux au passage du temps, aux rayures et aux projections de m\u00e9taux fondus que les casques traditionnels en PE<\/li>\n<li>Le serre-t\u00eate avec bandeaux textile et fermeture \u00e0 cr\u00e9maill\u00e8re assure un maintien ferme et confortable<\/li>\n<li>Bandeau anti-sueur, extra long rempla\u00e7able et super absorbant<\/li>\n<li>Certification CE EN397, -30\u00baC<\/li>\n<\/ul>\n<p><strong>ROCKMAN<\/strong><\/p>\n<ul>\n<li>Technologie DeForma Tec : L&rsquo;ancrage du serre-t\u00eate est con\u00e7u pour absorber l&rsquo;\u00e9nergie de l&rsquo;impact par d\u00e9formation, plut\u00f4t que de la transmettre \u00e0 la t\u00eate<\/li>\n<li>R\u00e9duction de la transmission d&rsquo;\u00e9nergie autoris\u00e9e par la EN397 de 30% et jusqu&rsquo;\u00e0 50%<\/li>\n<li>Extension arri\u00e8re pour une meilleure protection de la nuque<\/li>\n<li>Avec rebord anti-goutti\u00e8res<\/li>\n<li>Bonne stabilit\u00e9 aux chocs lat\u00e9raux<\/li>\n<li>Visi\u00e8re courte pour une meilleure visibilit\u00e9 vers le haut<\/li>\n<li>La finition sur la couronne du casque est rugueuse afin d&rsquo;\u00e9viter les marques produites lorsque le casque est laiss\u00e9 \u00e0 l&rsquo;envers sur une surface abrasive<\/li>\n<li>Mat\u00e9riau de la coque : PE<\/li>\n<li>Certification CE EN397, -30\u00baC<\/li>\n<\/ul>\n<p><strong>RADIUS<\/strong><\/p>\n<ul>\n<li>Fabriqu\u00e9 en PEHD de la plus haute qualit\u00e9 pour une protection maximale.<\/li>\n<li>La visi\u00e8re int\u00e9gr\u00e9e de s\u00e9rie offre une protection et une ventilation suppl\u00e9mentaires.<\/li>\n<li>Harnais textile 6\u00d72 points pour un soutien ferme et une absorption exceptionnelle des chocs.<\/li>\n<li>Fermeture \u00e0 molette pour un ajustement rapide et facile.<\/li>\n<li>Disponible dans une large gamme de couleurs : jaune (J), vert (V), bleu (A), orange (N), blanc (B) et rouge (R).<\/li>\n<li>Conforme aux normes CE EN 397, garantissant une s\u00e9curit\u00e9 professionnelle \u00e9lev\u00e9e.<\/li>\n<\/ul>\n","protected":false},"excerpt":{"rendered":"<p>Le masque \u00e0 souder <strong>DC-1 330 Flip<\/strong> avec casque de chantier, int\u00e8gre une fen\u00eatre de soudage relevable pour que le soudeur puisse effectuer des t\u00e2ches de meulage sans avoir \u00e0 retirer l&rsquo;ensemble. Les adaptateurs peuvent s&rsquo;enlever rapidement du casque de chantier afin de permettre \u00e0 l&rsquo;usager de conserver le casque de chantier, sans avoir \u00e0 maintenir la partie du masque \u00e0 souder durant les d\u00e9placements sur le site.<\/p>\n<p>Vous pouvez choisir la couleur et le type de casque selon votre convenance : Radius, Terano ou Rockman.<\/p>\n","protected":false},"featured_media":4872,"template":"","meta":{"site-sidebar-layout":"default","site-content-layout":"default","ast-site-content-layout":"default","site-content-style":"default","site-sidebar-style":"default","ast-global-header-display":"","ast-banner-title-visibility":"","ast-main-header-display":"","ast-hfb-above-header-display":"","ast-hfb-below-header-display":"","ast-hfb-mobile-header-display":"","site-post-title":"","ast-breadcrumbs-content":"","ast-featured-img":"","footer-sml-layout":"","ast-disable-related-posts":"","theme-transparent-header-meta":"default","adv-header-id-meta":"","stick-header-meta":"default","header-above-stick-meta":"","header-main-stick-meta":"","header-below-stick-meta":"","astra-migrate-meta-layouts":"set","ast-page-background-enabled":"default","ast-page-background-meta":{"desktop":{"background-color":"","background-image":"","background-repeat":"repeat","background-position":"center center","background-size":"auto","background-attachment":"scroll","background-type":"","background-media":"","overlay-type":"","overlay-color":"","overlay-opacity":"","overlay-gradient":""},"tablet":{"background-color":"","background-image":"","background-repeat":"repeat","background-position":"center center","background-size":"auto","background-attachment":"scroll","background-type":"","background-media":"","overlay-type":"","overlay-color":"","overlay-opacity":"","overlay-gradient":""},"mobile":{"background-color":"","background-image":"","background-repeat":"repeat","background-position":"center center","background-size":"auto","background-attachment":"scroll","background-type":"","background-media":"","overlay-type":"","overlay-color":"","overlay-opacity":"","overlay-gradient":""}},"ast-content-background-meta":{"desktop":{"background-color":"var(--ast-global-color-5)","background-image":"","background-repeat":"repeat","background-position":"center center","background-size":"auto","background-attachment":"scroll","background-type":"","background-media":"","overlay-type":"","overlay-color":"","overlay-opacity":"","overlay-gradient":""},"tablet":{"background-color":"var(--ast-global-color-5)","background-image":"","background-repeat":"repeat","background-position":"center center","background-size":"auto","background-attachment":"scroll","background-type":"","background-media":"","overlay-type":"","overlay-color":"","overlay-opacity":"","overlay-gradient":""},"mobile":{"background-color":"var(--ast-global-color-5)","background-image":"","background-repeat":"repeat","background-position":"center center","background-size":"auto","background-attachment":"scroll","background-type":"","background-media":"","overlay-type":"","overlay-color":"","overlay-opacity":"","overlay-gradient":""}}},"product_brand":[],"product_cat":[993,2068,939],"product_tag":[],"class_list":{"0":"post-17718","1":"product","2":"type-product","3":"status-publish","4":"has-post-thumbnail","6":"product_cat-dc1-verre-passif","7":"product_cat-masques-de-soudage-avec-casque-de-chantier","8":"product_cat-masques-de-soudure","9":"desktop-align-left","10":"tablet-align-left","11":"mobile-align-left","12":"ast-product-gallery-layout-horizontal-slider","13":"ast-product-single-variable","14":"ast-product-tabs-layout-horizontal","16":"first","17":"instock","18":"taxable","19":"shipping-taxable","20":"purchasable","21":"product-type-variable"},"_links":{"self":[{"href":"https:\/\/dacarcomercial.com\/fr\/wp-json\/wp\/v2\/product\/17718","targetHints":{"allow":["GET"]}}],"collection":[{"href":"https:\/\/dacarcomercial.com\/fr\/wp-json\/wp\/v2\/product"}],"about":[{"href":"https:\/\/dacarcomercial.com\/fr\/wp-json\/wp\/v2\/types\/product"}],"version-history":[{"count":1,"href":"https:\/\/dacarcomercial.com\/fr\/wp-json\/wp\/v2\/product\/17718\/revisions"}],"predecessor-version":[{"id":55555,"href":"https:\/\/dacarcomercial.com\/fr\/wp-json\/wp\/v2\/product\/17718\/revisions\/55555"}],"wp:featuredmedia":[{"embeddable":true,"href":"https:\/\/dacarcomercial.com\/fr\/wp-json\/wp\/v2\/media\/4872"}],"wp:attachment":[{"href":"https:\/\/dacarcomercial.com\/fr\/wp-json\/wp\/v2\/media?parent=17718"}],"wp:term":[{"taxonomy":"product_brand","embeddable":true,"href":"https:\/\/dacarcomercial.com\/fr\/wp-json\/wp\/v2\/product_brand?post=17718"},{"taxonomy":"product_cat","embeddable":true,"href":"https:\/\/dacarcomercial.com\/fr\/wp-json\/wp\/v2\/product_cat?post=17718"},{"taxonomy":"product_tag","embeddable":true,"href":"https:\/\/dacarcomercial.com\/fr\/wp-json\/wp\/v2\/product_tag?post=17718"}],"curies":[{"name":"wp","href":"https:\/\/api.w.org\/{rel}","templated":true}]}}

<h2><strong>Caractéristiques du Masque DC-1 330 Flip avec casque de chantier:</strong></h2>
<ul>
<li>Masque à souder DC-1 330 Flip non peint (noir) avec verre minéral de soudage de 51 x 108 mm logé dans une fenêtre relevable</li>
<li>Pour alterner soudure avec meulage</li>
<li>Adaptateurs de casque de chantier facilement détachables pour vous permettre de continuer à utiliser le casque de chantier lorsque le soudage n&rsquo;est pas nécessaire</li>
<li>Excellente protection du visage du cou et des oreilles face aux radiations lumineuses et aux projections</li>
<li>Cristal avec bords polis afin d&rsquo;éviter toute coupure accidentelle lors de la manipulation</li>
<li>CE EN 175 et EN 166</li>
</ul>
<p><strong>Caractéristiques des casques de chantier :</strong></p>
<p><strong>TERANO</strong></p>
<ul>
<li>Le poids du casque de chantier Terano est seulement de 285 g, étant l&rsquo;un des plus léger et des plus confortables à porter</li>
<li>Extension arrière pour une meilleure protection de la nuque</li>
<li>Visière courte pour une meilleure visibilité vers le haut</li>
<li>Fabriqué en ABS, il résiste mieux au passage du temps, aux rayures et aux projections de métaux fondus que les casques traditionnels en PE</li>
<li>Le serre-tête avec bandeaux textile et fermeture à crémaillère assure un maintien ferme et confortable</li>
<li>Bandeau anti-sueur, extra long remplaçable et super absorbant</li>
<li>Certification CE EN397, -30ºC</li>
</ul>
<p><strong>ROCKMAN</strong></p>
<ul>
<li>Technologie DeForma Tec : L&rsquo;ancrage du serre-tête est conçu pour absorber l&rsquo;énergie de l&rsquo;impact par déformation, plutôt que de la transmettre à la tête</li>
<li>Réduction de la transmission d&rsquo;énergie autorisée par la EN397 de 30% et jusqu&rsquo;à 50%</li>
<li>Extension arrière pour une meilleure protection de la nuque</li>
<li>Avec rebord anti-gouttières</li>
<li>Bonne stabilité aux chocs latéraux</li>
<li>Visière courte pour une meilleure visibilité vers le haut</li>
<li>La finition sur la couronne du casque est rugueuse afin d&rsquo;éviter les marques produites lorsque le casque est laissé à l&rsquo;envers sur une surface abrasive</li>
<li>Matériau de la coque : PE</li>
<li>Certification CE EN397, -30ºC</li>
</ul>
<p><strong>RADIUS</strong></p>
<ul>
<li>Fabriqué en PEHD de la plus haute qualité pour une protection maximale.</li>
<li>La visière intégrée de série offre une protection et une ventilation supplémentaires.</li>
<li>Harnais textile 6×2 points pour un soutien ferme et une absorption exceptionnelle des chocs.</li>
<li>Fermeture à molette pour un ajustement rapide et facile.</li>
<li>Disponible dans une large gamme de couleurs : jaune (J), vert (V), bleu (A), orange (N), blanc (B) et rouge (R).</li>
<li>Conforme aux normes CE EN 397, garantissant une sécurité professionnelle élevée.</li>
</ul>

<p>Le masque à souder <strong>DC-1 330 Flip</strong> avec casque de chantier, intègre une fenêtre de soudage relevable pour que le soudeur puisse effectuer des tâches de meulage sans avoir à retirer l&rsquo;ensemble. Les adaptateurs peuvent s&rsquo;enlever rapidement du casque de chantier afin de permettre à l&rsquo;usager de conserver le casque de chantier, sans avoir à maintenir la partie du masque à souder durant les déplacements sur le site.</p>
<p>Vous pouvez choisir la couleur et le type de casque selon votre convenance : Radius, Terano ou Rockman.</p>
