{"id":17918,"date":"2021-03-06T16:48:46","date_gmt":"2021-03-06T15:48:46","guid":{"rendered":"http:\/\/dacarcomercial.com\/producto\/secure-3-chantier-snr-31-db\/"},"modified":"2021-11-15T12:00:56","modified_gmt":"2021-11-15T11:00:56","slug":"secure-3-chantier","status":"publish","type":"product","link":"https:\/\/dacarcomercial.com\/fr\/producto\/secure-3-chantier\/","title":{"rendered":"Secure 3 chantier. SNR 31 dB."},"content":{"rendered":"<h2>Secure 3 chantier. SNR 31 dB.<\/h2>\n<ul>\n<li>Niveau de protection 3 pour bruit fort et tr\u00e8s fort (Plus de 115 dB)<\/li>\n<li>Mod\u00e8le recommand\u00e9 pour att\u00e9nuer les bruits sourds\u00a0 \u00e0 basse fr\u00e9quence<\/li>\n<li>Compact et l\u00e9ger (300 gr\/paire)<\/li>\n<li>Compatible avec la pluspart des casques de chantier avec rainures lat\u00e9rales de 30 mm<\/li>\n<li>3 positions de port : stationn\u00e9 (en appui sur l\u2019arri\u00e8re du casque), en veille (avec peu de pression sur les oreilles) ou en utilisation (avec un ajustement serr\u00e9 sur les oreilles)<\/li>\n<li>Fabriqu\u00e9 \u00e0 partir de mat\u00e9riaux durables et non conducteurs compatibles pour une utilisation dans le secteur \u00e9lectrique<\/li>\n<li>Un point de r\u00e9glage de taille unique pour un ajustement facile et confortable<\/li>\n<li>Compatible avec la gamme d\u00b4\u00e9crans de la s\u00e9rie Safe et le support Safe 2 Flex<\/li>\n<li>Coussinets d\u2019oreille rempla\u00e7ables avec syst\u00e8me \u00ab\u00a0snap-in\u00a0\u00bb<\/li>\n<li>CE EN352-3, SNR 31 dB. H.: 32 \/ M.: 29 \/ L.: 21<\/li>\n<li>Agr\u00e9ments environnementaux : ROHS, REACH<\/li>\n<\/ul>\n","protected":false},"excerpt":{"rendered":"<p>Les casques anti-bruit <strong>Secure 3 chantier<\/strong> sont le choix id\u00e9al pour tout travail n\u00e9cessitant une protection combin\u00e9e de la t\u00eate et des oreilles. Ils int\u00e8grent un adaptateur qui se fixe aux rainures lat\u00e9rales standard de 30 mm des casques de chantier qui durent plus de 10 000 oscillations, ce qui repr\u00e9sente une utilisation normale d\u2019au moins 5 ans. Les coussins doux et un r\u00e9glage facile de la taille offre un ajustement parfait pour toutes les tailles de t\u00eate.<\/p>\n<p>Le niveau de protection 3 est adapt\u00e9 aux niveaux de bruit tr\u00e8s \u00e9lev\u00e9s, sup\u00e9rieurs \u00e0 115 dB. Ils sont particuli\u00e8rement adapt\u00e9s pour att\u00e9nuer les bruits sourds \u00e0 basse fr\u00e9quence.<\/p>\n<p>Les casques antibruit Secure 3 sont indiqu\u00e9s pour une utilisation dans de nombreux environnements de travail diff\u00e9rents, tels que l\u2019industrie lourde, les travaux sur les pistes d\u2019a\u00e9roport ou les travaux forestiers \u00e0 la tron\u00e7onneuse. De plus, ils peuvent \u00eatre combin\u00e9s avec les \u00e9crans de la gamme Safe (\u00e0 commander s\u00e9par\u00e9ment).<\/p>\n<p><em>Les produits Dacar peuvent \u00eatre achet\u00e9s en ligne ou via notre r\u00e9seau de distributeurs. N\u00b4h\u00e9sitez pas \u00e0 nous consulter votre distributeur le plus proche !<\/em><\/p>\n","protected":false},"featured_media":30029,"template":"","meta":{"site-sidebar-layout":"default","site-content-layout":"default","ast-site-content-layout":"default","site-content-style":"default","site-sidebar-style":"default","ast-global-header-display":"","ast-banner-title-visibility":"","ast-main-header-display":"","ast-hfb-above-header-display":"","ast-hfb-below-header-display":"","ast-hfb-mobile-header-display":"","site-post-title":"","ast-breadcrumbs-content":"","ast-featured-img":"","footer-sml-layout":"","ast-disable-related-posts":"","theme-transparent-header-meta":"default","adv-header-id-meta":"","stick-header-meta":"default","header-above-stick-meta":"","header-main-stick-meta":"","header-below-stick-meta":"","astra-migrate-meta-layouts":"default","ast-page-background-enabled":"default","ast-page-background-meta":{"desktop":{"background-color":"","background-image":"","background-repeat":"repeat","background-position":"center center","background-size":"auto","background-attachment":"scroll","background-type":"","background-media":"","overlay-type":"","overlay-color":"","overlay-opacity":"","overlay-gradient":""},"tablet":{"background-color":"","background-image":"","background-repeat":"repeat","background-position":"center center","background-size":"auto","background-attachment":"scroll","background-type":"","background-media":"","overlay-type":"","overlay-color":"","overlay-opacity":"","overlay-gradient":""},"mobile":{"background-color":"","background-image":"","background-repeat":"repeat","background-position":"center center","background-size":"auto","background-attachment":"scroll","background-type":"","background-media":"","overlay-type":"","overlay-color":"","overlay-opacity":"","overlay-gradient":""}},"ast-content-background-meta":{"desktop":{"background-color":"var(--ast-global-color-5)","background-image":"","background-repeat":"repeat","background-position":"center center","background-size":"auto","background-attachment":"scroll","background-type":"","background-media":"","overlay-type":"","overlay-color":"","overlay-opacity":"","overlay-gradient":""},"tablet":{"background-color":"var(--ast-global-color-5)","background-image":"","background-repeat":"repeat","background-position":"center center","background-size":"auto","background-attachment":"scroll","background-type":"","background-media":"","overlay-type":"","overlay-color":"","overlay-opacity":"","overlay-gradient":""},"mobile":{"background-color":"var(--ast-global-color-5)","background-image":"","background-repeat":"repeat","background-position":"center center","background-size":"auto","background-attachment":"scroll","background-type":"","background-media":"","overlay-type":"","overlay-color":"","overlay-opacity":"","overlay-gradient":""}}},"product_brand":[],"product_cat":[968,967],"product_tag":[],"class_list":{"0":"post-17918","1":"product","2":"type-product","3":"status-publish","4":"has-post-thumbnail","6":"product_cat-casques-antibruit-passifs","7":"product_cat-protecteurs-auditifs","8":"desktop-align-left","9":"tablet-align-left","10":"mobile-align-left","11":"ast-product-gallery-layout-horizontal-slider","12":"ast-product-tabs-layout-horizontal","14":"first","15":"instock","16":"taxable","17":"shipping-taxable","18":"purchasable","19":"product-type-simple"},"_links":{"self":[{"href":"https:\/\/dacarcomercial.com\/fr\/wp-json\/wp\/v2\/product\/17918","targetHints":{"allow":["GET"]}}],"collection":[{"href":"https:\/\/dacarcomercial.com\/fr\/wp-json\/wp\/v2\/product"}],"about":[{"href":"https:\/\/dacarcomercial.com\/fr\/wp-json\/wp\/v2\/types\/product"}],"version-history":[{"count":0,"href":"https:\/\/dacarcomercial.com\/fr\/wp-json\/wp\/v2\/product\/17918\/revisions"}],"wp:featuredmedia":[{"embeddable":true,"href":"https:\/\/dacarcomercial.com\/fr\/wp-json\/wp\/v2\/media\/30029"}],"wp:attachment":[{"href":"https:\/\/dacarcomercial.com\/fr\/wp-json\/wp\/v2\/media?parent=17918"}],"wp:term":[{"taxonomy":"product_brand","embeddable":true,"href":"https:\/\/dacarcomercial.com\/fr\/wp-json\/wp\/v2\/product_brand?post=17918"},{"taxonomy":"product_cat","embeddable":true,"href":"https:\/\/dacarcomercial.com\/fr\/wp-json\/wp\/v2\/product_cat?post=17918"},{"taxonomy":"product_tag","embeddable":true,"href":"https:\/\/dacarcomercial.com\/fr\/wp-json\/wp\/v2\/product_tag?post=17918"}],"curies":[{"name":"wp","href":"https:\/\/api.w.org\/{rel}","templated":true}]}}

<h2>Secure 3 chantier. SNR 31 dB.</h2>
<ul>
<li>Niveau de protection 3 pour bruit fort et très fort (Plus de 115 dB)</li>
<li>Modèle recommandé pour atténuer les bruits sourds  à basse fréquence</li>
<li>Compact et léger (300 gr/paire)</li>
<li>Compatible avec la pluspart des casques de chantier avec rainures latérales de 30 mm</li>
<li>3 positions de port : stationné (en appui sur l’arrière du casque), en veille (avec peu de pression sur les oreilles) ou en utilisation (avec un ajustement serré sur les oreilles)</li>
<li>Fabriqué à partir de matériaux durables et non conducteurs compatibles pour une utilisation dans le secteur électrique</li>
<li>Un point de réglage de taille unique pour un ajustement facile et confortable</li>
<li>Compatible avec la gamme d´écrans de la série Safe et le support Safe 2 Flex</li>
<li>Coussinets d’oreille remplaçables avec système « snap-in »</li>
<li>CE EN352-3, SNR 31 dB. H.: 32 / M.: 29 / L.: 21</li>
<li>Agréments environnementaux : ROHS, REACH</li>
</ul>

<p>Les casques anti-bruit <strong>Secure 3 chantier</strong> sont le choix idéal pour tout travail nécessitant une protection combinée de la tête et des oreilles. Ils intègrent un adaptateur qui se fixe aux rainures latérales standard de 30 mm des casques de chantier qui durent plus de 10 000 oscillations, ce qui représente une utilisation normale d’au moins 5 ans. Les coussins doux et un réglage facile de la taille offre un ajustement parfait pour toutes les tailles de tête.</p>
<p>Le niveau de protection 3 est adapté aux niveaux de bruit très élevés, supérieurs à 115 dB. Ils sont particulièrement adaptés pour atténuer les bruits sourds à basse fréquence.</p>
<p>Les casques antibruit Secure 3 sont indiqués pour une utilisation dans de nombreux environnements de travail différents, tels que l’industrie lourde, les travaux sur les pistes d’aéroport ou les travaux forestiers à la tronçonneuse. De plus, ils peuvent être combinés avec les écrans de la gamme Safe (à commander séparément).</p>
<p><em>Les produits Dacar peuvent être achetés en ligne ou via notre réseau de distributeurs. N´hésitez pas à nous consulter votre distributeur le plus proche !</em></p>
