{"id":17970,"date":"2021-03-06T16:49:19","date_gmt":"2021-03-06T15:49:19","guid":{"rendered":"http:\/\/dacarcomercial.com\/producto\/couverture-anti-feu-1800-x-1200-mm\/"},"modified":"2024-07-09T07:23:41","modified_gmt":"2024-07-09T05:23:41","slug":"couverture-anti-feu-1800-x-1200-mm","status":"publish","type":"product","link":"https:\/\/dacarcomercial.com\/fr\/producto\/couverture-anti-feu-1800-x-1200-mm\/","title":{"rendered":"Couverture anti-feu 1800 x 1200 mm"},"content":{"rendered":"<h3><strong>Caract\u00e9ristiques couverture anti-feu 1800 x 1200 mm<\/strong><\/h3>\n<ul>\n<li>Pour \u00e9teindre de petits feux et\/ou couvrir une personne avec des v\u00eatements en feu<\/li>\n<li>Sac pr\u00eat \u00e0 \u00eatre accroch\u00e9 au mur dans un endroit d&rsquo;acc\u00e8s facile et rapide<\/li>\n<li>Sac avec fermeture velcro, ouverture facile gr\u00e2ce aux 2 bandeaux pour une intervention urgente<\/li>\n<li>Couverture avec 2 poches couvre-mains pour \u00e9viter les br\u00fblures accidentelles de l&rsquo;op\u00e9rateur<\/li>\n<li>Couverture 100% fibre de verre 445 g\/m2<\/li>\n<li>Poids de la couverture lors de l&#8217;emballage : 965 g<\/li>\n<li>Temp\u00e9rature maximale d&rsquo;utilisation : 550 \u00baC<\/li>\n<li>Dimensions : 1200 x 1800 mm<\/li>\n<li>\u00c9paisseur de la couverture : 0,43 mm<\/li>\n<li>Certification CE EN1869\u00a0:\u00a01997<\/li>\n<\/ul>\n","protected":false},"excerpt":{"rendered":"<p>Livr\u00e9e dans une poche en tissu oxford avec ouverture rapide pour \u00eatre accroch\u00e9e \u00e0 un mur dans une zone de facil acc\u00e8s proche d\u00b4un endroit o\u00f9 pourrait se produire un petit incendit comme dans une cuisine par exemple.<\/p>\n<p>La <strong>couverture anti-feu 1800 x 1200 mm<\/strong> est \u00e9quip\u00e9e avec des prot\u00e8ge-mains pour que l\u00b4op\u00e9rateur puisse se prot\u00e8ger aussi lors de l\u00b4intervention.<\/p>\n<p>Utilisations recommand\u00e9es : h\u00f4tels, cuisines, cantines, h\u00f4pitaux, laboratoires&#8230;<\/p>\n<p>Certification: EN 1869 : 1997<\/p>\n<p><em>Les produits Dacar peuvent \u00eatre achet\u00e9s en ligne ou via notre r\u00e9seau de distributeurs. N\u00b4h\u00e9sitez pas \u00e0 nous consulter votre revendeur le plus proche !<\/em><\/p>\n","protected":false},"featured_media":11172,"template":"","meta":{"site-sidebar-layout":"default","site-content-layout":"default","ast-site-content-layout":"default","site-content-style":"default","site-sidebar-style":"default","ast-global-header-display":"","ast-banner-title-visibility":"","ast-main-header-display":"","ast-hfb-above-header-display":"","ast-hfb-below-header-display":"","ast-hfb-mobile-header-display":"","site-post-title":"","ast-breadcrumbs-content":"","ast-featured-img":"","footer-sml-layout":"","ast-disable-related-posts":"","theme-transparent-header-meta":"default","adv-header-id-meta":"","stick-header-meta":"default","header-above-stick-meta":"","header-main-stick-meta":"","header-below-stick-meta":"","astra-migrate-meta-layouts":"set","ast-page-background-enabled":"default","ast-page-background-meta":{"desktop":{"background-color":"","background-image":"","background-repeat":"repeat","background-position":"center center","background-size":"auto","background-attachment":"scroll","background-type":"","background-media":"","overlay-type":"","overlay-color":"","overlay-opacity":"","overlay-gradient":""},"tablet":{"background-color":"","background-image":"","background-repeat":"repeat","background-position":"center center","background-size":"auto","background-attachment":"scroll","background-type":"","background-media":"","overlay-type":"","overlay-color":"","overlay-opacity":"","overlay-gradient":""},"mobile":{"background-color":"","background-image":"","background-repeat":"repeat","background-position":"center center","background-size":"auto","background-attachment":"scroll","background-type":"","background-media":"","overlay-type":"","overlay-color":"","overlay-opacity":"","overlay-gradient":""}},"ast-content-background-meta":{"desktop":{"background-color":"var(--ast-global-color-5)","background-image":"","background-repeat":"repeat","background-position":"center center","background-size":"auto","background-attachment":"scroll","background-type":"","background-media":"","overlay-type":"","overlay-color":"","overlay-opacity":"","overlay-gradient":""},"tablet":{"background-color":"var(--ast-global-color-5)","background-image":"","background-repeat":"repeat","background-position":"center center","background-size":"auto","background-attachment":"scroll","background-type":"","background-media":"","overlay-type":"","overlay-color":"","overlay-opacity":"","overlay-gradient":""},"mobile":{"background-color":"var(--ast-global-color-5)","background-image":"","background-repeat":"repeat","background-position":"center center","background-size":"auto","background-attachment":"scroll","background-type":"","background-media":"","overlay-type":"","overlay-color":"","overlay-opacity":"","overlay-gradient":""}}},"product_brand":[],"product_cat":[1640,971],"product_tag":[],"class_list":{"0":"post-17970","1":"product","2":"type-product","3":"status-publish","4":"has-post-thumbnail","6":"product_cat-couverture-anti-feu","7":"product_cat-toiles-ignifugees","8":"desktop-align-left","9":"tablet-align-left","10":"mobile-align-left","11":"ast-product-gallery-layout-horizontal-slider","12":"ast-product-tabs-layout-horizontal","14":"first","15":"instock","16":"taxable","17":"shipping-taxable","18":"purchasable","19":"product-type-simple"},"_links":{"self":[{"href":"https:\/\/dacarcomercial.com\/fr\/wp-json\/wp\/v2\/product\/17970","targetHints":{"allow":["GET"]}}],"collection":[{"href":"https:\/\/dacarcomercial.com\/fr\/wp-json\/wp\/v2\/product"}],"about":[{"href":"https:\/\/dacarcomercial.com\/fr\/wp-json\/wp\/v2\/types\/product"}],"version-history":[{"count":0,"href":"https:\/\/dacarcomercial.com\/fr\/wp-json\/wp\/v2\/product\/17970\/revisions"}],"wp:featuredmedia":[{"embeddable":true,"href":"https:\/\/dacarcomercial.com\/fr\/wp-json\/wp\/v2\/media\/11172"}],"wp:attachment":[{"href":"https:\/\/dacarcomercial.com\/fr\/wp-json\/wp\/v2\/media?parent=17970"}],"wp:term":[{"taxonomy":"product_brand","embeddable":true,"href":"https:\/\/dacarcomercial.com\/fr\/wp-json\/wp\/v2\/product_brand?post=17970"},{"taxonomy":"product_cat","embeddable":true,"href":"https:\/\/dacarcomercial.com\/fr\/wp-json\/wp\/v2\/product_cat?post=17970"},{"taxonomy":"product_tag","embeddable":true,"href":"https:\/\/dacarcomercial.com\/fr\/wp-json\/wp\/v2\/product_tag?post=17970"}],"curies":[{"name":"wp","href":"https:\/\/api.w.org\/{rel}","templated":true}]}}

<h3><strong>Caractéristiques couverture anti-feu 1800 x 1200 mm</strong></h3>
<ul>
<li>Pour éteindre de petits feux et/ou couvrir une personne avec des vêtements en feu</li>
<li>Sac prêt à être accroché au mur dans un endroit d&rsquo;accès facile et rapide</li>
<li>Sac avec fermeture velcro, ouverture facile grâce aux 2 bandeaux pour une intervention urgente</li>
<li>Couverture avec 2 poches couvre-mains pour éviter les brûlures accidentelles de l&rsquo;opérateur</li>
<li>Couverture 100% fibre de verre 445 g/m2</li>
<li>Poids de la couverture lors de l&#8217;emballage : 965 g</li>
<li>Température maximale d&rsquo;utilisation : 550 ºC</li>
<li>Dimensions : 1200 x 1800 mm</li>
<li>Épaisseur de la couverture : 0,43 mm</li>
<li>Certification CE EN1869 : 1997</li>
</ul>

<p>Livrée dans une poche en tissu oxford avec ouverture rapide pour être accrochée à un mur dans une zone de facil accès proche d´un endroit où pourrait se produire un petit incendit comme dans une cuisine par exemple.</p>
<p>La <strong>couverture anti-feu 1800 x 1200 mm</strong> est équipée avec des protège-mains pour que l´opérateur puisse se protèger aussi lors de l´intervention.</p>
<p>Utilisations recommandées : hôtels, cuisines, cantines, hôpitaux, laboratoires&#8230;</p>
<p>Certification: EN 1869 : 1997</p>
<p><em>Les produits Dacar peuvent être achetés en ligne ou via notre réseau de distributeurs. N´hésitez pas à nous consulter votre revendeur le plus proche !</em></p>
