{"id":18422,"date":"2021-03-06T16:51:21","date_gmt":"2021-03-09T18:51:02","guid":{"rendered":"http:\/\/dacarcomercial.com\/producto\/ensemble-tout-en-un-ca-40\/"},"modified":"2024-05-13T12:27:48","modified_gmt":"2024-05-13T10:27:48","slug":"casque-securite-ca-40","status":"publish","type":"product","link":"https:\/\/dacarcomercial.com\/fr\/producto\/casque-securite-ca-40\/","title":{"rendered":"Casque s\u00e9curit\u00e9 CA-40"},"content":{"rendered":"<h2><strong>Caract\u00e9ristiques Casque s\u00e9curit\u00e9 CA-40:<\/strong><\/h2>\n<ul>\n<li>Ensemble compos\u00e9 d&rsquo;un casque de s\u00e9curit\u00e9 (EN349) avec un masque de soudage rabatable (EN175).<\/li>\n<li>Pr\u00e9par\u00e9 pour \u00eatre connect\u00e9 \u00e0 un ensemble motoventil\u00e9 ou \u00e0 adduction d\u00b4air CleanAIR<\/li>\n<li>Avec conduit d&rsquo;entr\u00e9e d&rsquo;air cr\u00e2nien et joint facial en cotton trait\u00e9 retardant \u00e0 la flame.<\/li>\n<li>Permet, en option, de fixer des casques antibruit Secure.<\/li>\n<li>Filtre optique (90 x 110 mm) non inclus.<\/li>\n<\/ul>\n<p><strong>Caract\u00e9ristiques et avantages<\/strong><\/p>\n<ul>\n<li>Protection multiple \u2013 4 niveaux de protection r\u00e9unis : yeux, visage, t\u00eate et voies respiratoires.<\/li>\n<li>Syst\u00e8me facile \u00e0 porter, \u00e0 utiliser et \u00e0 entretenir<\/li>\n<li>Compatible avec filtre optique \u00e9lectronique ou filtre passif, 110 x 90 mm<\/li>\n<li>Syst\u00e8me int\u00e9gr\u00e9 de distribution de l\u2019air<\/li>\n<li>Conforme aux normes les plus strictes de protection des voies respiratoires <span class=\"ng-star-inserted\">(EN12941:TH3 et EN14594\u00a0: 3B)<\/span><\/li>\n<\/ul>\n<p><span class=\"ng-star-inserted\"><strong>Domaines d\u2019application<\/strong><br \/>\n<\/span><\/p>\n<ul>\n<li><span class=\"ng-star-inserted\">Industrie automobile<\/span><\/li>\n<li><span class=\"ng-star-inserted\">Construction navale<\/span><\/li>\n<li><span class=\"ng-star-inserted\">Construction de b\u00e2timent<\/span><\/li>\n<\/ul>\n","protected":false},"excerpt":{"rendered":"<p><span class=\"ng-star-inserted\">Combinaison d\u00b4un masque \u00e0 souder avec un casque de chantier avec syst\u00e8me de distribution d\u2019air int\u00e9gr\u00e9. <\/span><span class=\"ng-star-inserted\">Pour la protection respiratoire, de la t\u00eate, faciale, oculaire et auditive (en option) dans des environnements tr\u00e8s exigeants.<\/span><\/p>\n<p><span class=\"ng-star-inserted\">Le casque de s\u00e9curit\u00e9 CA-40 est compatible avec les filtres \u00e9lectroniques d\u2019obscurcissement automatique ou les filtres passifs dans une dimension de 110 90 mm (\u00e0 commander s\u00e9par\u00e9ment).<\/span><\/p>\n<p><span class=\"ng-star-inserted\">Compatible avec les moto ventilateurs CleanAir Basic, CleanAir AerGo, CleanAir Chemical ainsi que l\u2019\u00e9quipement avec adduction d\u2019air CleanAIR Pressure Flow Master.<\/span><\/p>\n<p><span class=\"ng-star-inserted\">Le casque de s\u00e9curit\u00e9 CA-40 convient aux t\u00e2ches de soudage les plus difficiles et peut \u00eatre utilis\u00e9 dans des zones o\u00f9 le port d\u2019un casque de s\u00e9curit\u00e9 est obligatoire car il est conforme aux exigences et est certifi\u00e9 EN397. <\/span><span class=\"ng-star-inserted\">Il offre un facteur de protection (FPN) de 500, obtenant ainsi les classifications maximales en protection respiratoire (EN12941:TH3 et EN14594\u00a0: 3B)<\/span><\/p>\n<p><span class=\"ng-star-inserted\">Joint facial en tissu ignifug\u00e9 et connecteur QuickLOCK pour utilisation avec le tuyau d\u00b4air CleanAIR 710060 (\u00e0 commander s\u00e9par\u00e9ment).\u00a0 <\/span><span class=\"ng-star-inserted\">Oreillettes anti-bruit en option \u00e0 commander s\u00e9par\u00e9ment.<\/span><\/p>\n<p><em>Les produits Dacar peuvent \u00eatre achet\u00e9s en ligne ou via notre r\u00e9seau de distributeurs. N\u00b4h\u00e9sitez pas \u00e0 nous consulter votre revendeur le plus proche !<\/em><\/p>\n","protected":false},"featured_media":33159,"template":"","meta":{"site-sidebar-layout":"default","site-content-layout":"default","ast-site-content-layout":"default","site-content-style":"default","site-sidebar-style":"default","ast-global-header-display":"","ast-banner-title-visibility":"","ast-main-header-display":"","ast-hfb-above-header-display":"","ast-hfb-below-header-display":"","ast-hfb-mobile-header-display":"","site-post-title":"","ast-breadcrumbs-content":"","ast-featured-img":"","footer-sml-layout":"","ast-disable-related-posts":"","theme-transparent-header-meta":"default","adv-header-id-meta":"","stick-header-meta":"default","header-above-stick-meta":"","header-main-stick-meta":"","header-below-stick-meta":"","astra-migrate-meta-layouts":"set","ast-page-background-enabled":"default","ast-page-background-meta":{"desktop":{"background-color":"","background-image":"","background-repeat":"repeat","background-position":"center center","background-size":"auto","background-attachment":"scroll","background-type":"","background-media":"","overlay-type":"","overlay-color":"","overlay-opacity":"","overlay-gradient":""},"tablet":{"background-color":"","background-image":"","background-repeat":"repeat","background-position":"center center","background-size":"auto","background-attachment":"scroll","background-type":"","background-media":"","overlay-type":"","overlay-color":"","overlay-opacity":"","overlay-gradient":""},"mobile":{"background-color":"","background-image":"","background-repeat":"repeat","background-position":"center center","background-size":"auto","background-attachment":"scroll","background-type":"","background-media":"","overlay-type":"","overlay-color":"","overlay-opacity":"","overlay-gradient":""}},"ast-content-background-meta":{"desktop":{"background-color":"var(--ast-global-color-5)","background-image":"","background-repeat":"repeat","background-position":"center center","background-size":"auto","background-attachment":"scroll","background-type":"","background-media":"","overlay-type":"","overlay-color":"","overlay-opacity":"","overlay-gradient":""},"tablet":{"background-color":"var(--ast-global-color-5)","background-image":"","background-repeat":"repeat","background-position":"center center","background-size":"auto","background-attachment":"scroll","background-type":"","background-media":"","overlay-type":"","overlay-color":"","overlay-opacity":"","overlay-gradient":""},"mobile":{"background-color":"var(--ast-global-color-5)","background-image":"","background-repeat":"repeat","background-position":"center center","background-size":"auto","background-attachment":"scroll","background-type":"","background-media":"","overlay-type":"","overlay-color":"","overlay-opacity":"","overlay-gradient":""}}},"product_brand":[],"product_cat":[984,990],"product_tag":[],"class_list":{"0":"post-18422","1":"product","2":"type-product","3":"status-publish","4":"has-post-thumbnail","6":"product_cat-cleanair-2","7":"product_cat-unites-de-tete","8":"desktop-align-left","9":"tablet-align-left","10":"mobile-align-left","11":"ast-product-gallery-layout-horizontal-slider","12":"ast-product-tabs-layout-horizontal","14":"first","15":"instock","16":"taxable","17":"shipping-taxable","18":"purchasable","19":"product-type-simple"},"_links":{"self":[{"href":"https:\/\/dacarcomercial.com\/fr\/wp-json\/wp\/v2\/product\/18422","targetHints":{"allow":["GET"]}}],"collection":[{"href":"https:\/\/dacarcomercial.com\/fr\/wp-json\/wp\/v2\/product"}],"about":[{"href":"https:\/\/dacarcomercial.com\/fr\/wp-json\/wp\/v2\/types\/product"}],"version-history":[{"count":0,"href":"https:\/\/dacarcomercial.com\/fr\/wp-json\/wp\/v2\/product\/18422\/revisions"}],"wp:featuredmedia":[{"embeddable":true,"href":"https:\/\/dacarcomercial.com\/fr\/wp-json\/wp\/v2\/media\/33159"}],"wp:attachment":[{"href":"https:\/\/dacarcomercial.com\/fr\/wp-json\/wp\/v2\/media?parent=18422"}],"wp:term":[{"taxonomy":"product_brand","embeddable":true,"href":"https:\/\/dacarcomercial.com\/fr\/wp-json\/wp\/v2\/product_brand?post=18422"},{"taxonomy":"product_cat","embeddable":true,"href":"https:\/\/dacarcomercial.com\/fr\/wp-json\/wp\/v2\/product_cat?post=18422"},{"taxonomy":"product_tag","embeddable":true,"href":"https:\/\/dacarcomercial.com\/fr\/wp-json\/wp\/v2\/product_tag?post=18422"}],"curies":[{"name":"wp","href":"https:\/\/api.w.org\/{rel}","templated":true}]}}

Casque sécurité CA-40

<h2><strong>Caractéristiques Casque sécurité CA-40:</strong></h2>
<ul>
<li>Ensemble composé d&rsquo;un casque de sécurité (EN349) avec un masque de soudage rabatable (EN175).</li>
<li>Préparé pour être connecté à un ensemble motoventilé ou à adduction d´air CleanAIR</li>
<li>Avec conduit d&rsquo;entrée d&rsquo;air crânien et joint facial en cotton traité retardant à la flame.</li>
<li>Permet, en option, de fixer des casques antibruit Secure.</li>
<li>Filtre optique (90 x 110 mm) non inclus.</li>
</ul>
<p><strong>Caractéristiques et avantages</strong></p>
<ul>
<li>Protection multiple – 4 niveaux de protection réunis : yeux, visage, tête et voies respiratoires.</li>
<li>Système facile à porter, à utiliser et à entretenir</li>
<li>Compatible avec filtre optique électronique ou filtre passif, 110 x 90 mm</li>
<li>Système intégré de distribution de l’air</li>
<li>Conforme aux normes les plus strictes de protection des voies respiratoires <span class="ng-star-inserted">(EN12941:TH3 et EN14594 : 3B)</span></li>
</ul>
<p><span class="ng-star-inserted"><strong>Domaines d’application</strong><br />
</span></p>
<ul>
<li><span class="ng-star-inserted">Industrie automobile</span></li>
<li><span class="ng-star-inserted">Construction navale</span></li>
<li><span class="ng-star-inserted">Construction de bâtiment</span></li>
</ul>

<p><span class="ng-star-inserted">Combinaison d´un masque à souder avec un casque de chantier avec système de distribution d’air intégré. </span><span class="ng-star-inserted">Pour la protection respiratoire, de la tête, faciale, oculaire et auditive (en option) dans des environnements très exigeants.</span></p>
<p><span class="ng-star-inserted">Le casque de sécurité CA-40 est compatible avec les filtres électroniques d’obscurcissement automatique ou les filtres passifs dans une dimension de 110 90 mm (à commander séparément).</span></p>
<p><span class="ng-star-inserted">Compatible avec les moto ventilateurs CleanAir Basic, CleanAir AerGo, CleanAir Chemical ainsi que l’équipement avec adduction d’air CleanAIR Pressure Flow Master.</span></p>
<p><span class="ng-star-inserted">Le casque de sécurité CA-40 convient aux tâches de soudage les plus difficiles et peut être utilisé dans des zones où le port d’un casque de sécurité est obligatoire car il est conforme aux exigences et est certifié EN397. </span><span class="ng-star-inserted">Il offre un facteur de protection (FPN) de 500, obtenant ainsi les classifications maximales en protection respiratoire (EN12941:TH3 et EN14594 : 3B)</span></p>
<p><span class="ng-star-inserted">Joint facial en tissu ignifugé et connecteur QuickLOCK pour utilisation avec le tuyau d´air CleanAIR 710060 (à commander séparément).  </span><span class="ng-star-inserted">Oreillettes anti-bruit en option à commander séparément.</span></p>
<p><em>Les produits Dacar peuvent être achetés en ligne ou via notre réseau de distributeurs. N´hésitez pas à nous consulter votre revendeur le plus proche !</em></p>
