{"id":19345,"date":"2021-03-06T16:49:07","date_gmt":"2021-03-06T15:49:07","guid":{"rendered":"http:\/\/dacarcomercial.com\/producto\/toile-anti-chaleur-dc-1000\/"},"modified":"2024-07-09T07:39:58","modified_gmt":"2024-07-09T05:39:58","slug":"toile-anti-chaleur-950","status":"publish","type":"product","link":"https:\/\/dacarcomercial.com\/fr\/producto\/toile-anti-chaleur-950\/","title":{"rendered":"Toile anti-chaleur 950\u00baC"},"content":{"rendered":"<h3><strong>Caract\u00e9ristiques toile anti-chaleur 950\u00baC:<\/strong><\/h3>\n<ul>\n<li>Mat\u00e9riaux : tissu en fibre de verre enduit de vermiculite sans amiante, co\u00fbtures en fil Kevlar<\/li>\n<li>Temp\u00e9rature d\u2019utilisation : jusqu\u2019\u00e0 750 \u00b0C en continu et pic jusqu\u2019\u00e0 950 \u00b0C<\/li>\n<li>Couleur: noir<\/li>\n<li>Dimensions : 1x2m \/ 2x2m \/ 2x3m \/ consultez pour d\u00b4autre tailles sur mesure<\/li>\n<li>Convient aux travaux de soudage de moyenne intensit\u00e9 et de coupe<\/li>\n<li>Fournit une r\u00e9sistance \u00e0 l\u2019abrasion et aux hautes temp\u00e9ratures, isolation thermique, \u00e0 l\u00b4oxidation, contre les \u00e9claboussures d\u2019intensit\u00e9 moyenne, les \u00e9tincelles denses et les grattons<\/li>\n<li>Excellent rapport co\u00fbt\/b\u00e9n\u00e9fice de la protection<\/li>\n<li>\u00a0\u00c9paisseur : 1,06 mm<\/li>\n<li>Poids : 875 g\/m2<\/li>\n<li>Fils\/cm (Fd\/cm) : cha\u00eene 6, trame 3,4<\/li>\n<li>Nombre de fils (tex) : cha\u00eene ET9 860, trame ET9 860<\/li>\n<li>R\u00e9sistance \u00e0 la rupture : 1650 N \/ 2,5 cm cha\u00eene, 1100 N \/ 2,5 cm trame<\/li>\n<\/ul>\n","protected":false},"excerpt":{"rendered":"<p><strong>Toile anti-chaleur 950\u00baC -DC-1000- en fibre de verre avec rev\u00eatement en vermiculite<\/strong><\/p>\n<p>La <strong>toile anti-chaleur 950\u00baC<\/strong> convient aux travaux de soudage et de coupe de moyenne intensit\u00e9.<\/p>\n<p>Fournit une r\u00e9sistance \u00e0 l\u2019abrasion et aux hautes temp\u00e9ratures, isolation thermique, \u00e0 l\u00b4oxidation, contre les \u00e9claboussures d\u2019<strong>intensit\u00e9 moyenne<\/strong>, les <strong>\u00e9tincelles denses<\/strong> et les grattons.<\/p>\n<p>Pour une utilisation verticale ou plane, pour couvrir des surfaces ou des objets susceptibles d\u2019\u00eatre affect\u00e9s par des projections de soudure, de coupe ou de meulage.<\/p>\n<p>Avec renforts lat\u00e9raux pour \u00e9viter l&rsquo;effilochage et oeillets pour suspension en position verticale<\/p>\n<p><em>Les produits Dacar peuvent \u00eatre achet\u00e9s en ligne ou via notre r\u00e9seau de distributeurs. N\u00b4h\u00e9sitez pas \u00e0 nous consulter votre revendeur le plus proche !<\/em><\/p>\n<p>Disponible en diff\u00e9rentes tailles<\/p>\n","protected":false},"featured_media":27280,"template":"","meta":{"site-sidebar-layout":"default","site-content-layout":"default","ast-site-content-layout":"default","site-content-style":"default","site-sidebar-style":"default","ast-global-header-display":"","ast-banner-title-visibility":"","ast-main-header-display":"","ast-hfb-above-header-display":"","ast-hfb-below-header-display":"","ast-hfb-mobile-header-display":"","site-post-title":"","ast-breadcrumbs-content":"","ast-featured-img":"","footer-sml-layout":"","ast-disable-related-posts":"","theme-transparent-header-meta":"default","adv-header-id-meta":"","stick-header-meta":"default","header-above-stick-meta":"","header-main-stick-meta":"","header-below-stick-meta":"","astra-migrate-meta-layouts":"set","ast-page-background-enabled":"default","ast-page-background-meta":{"desktop":{"background-color":"","background-image":"","background-repeat":"repeat","background-position":"center center","background-size":"auto","background-attachment":"scroll","background-type":"","background-media":"","overlay-type":"","overlay-color":"","overlay-opacity":"","overlay-gradient":""},"tablet":{"background-color":"","background-image":"","background-repeat":"repeat","background-position":"center center","background-size":"auto","background-attachment":"scroll","background-type":"","background-media":"","overlay-type":"","overlay-color":"","overlay-opacity":"","overlay-gradient":""},"mobile":{"background-color":"","background-image":"","background-repeat":"repeat","background-position":"center center","background-size":"auto","background-attachment":"scroll","background-type":"","background-media":"","overlay-type":"","overlay-color":"","overlay-opacity":"","overlay-gradient":""}},"ast-content-background-meta":{"desktop":{"background-color":"var(--ast-global-color-5)","background-image":"","background-repeat":"repeat","background-position":"center center","background-size":"auto","background-attachment":"scroll","background-type":"","background-media":"","overlay-type":"","overlay-color":"","overlay-opacity":"","overlay-gradient":""},"tablet":{"background-color":"var(--ast-global-color-5)","background-image":"","background-repeat":"repeat","background-position":"center center","background-size":"auto","background-attachment":"scroll","background-type":"","background-media":"","overlay-type":"","overlay-color":"","overlay-opacity":"","overlay-gradient":""},"mobile":{"background-color":"var(--ast-global-color-5)","background-image":"","background-repeat":"repeat","background-position":"center center","background-size":"auto","background-attachment":"scroll","background-type":"","background-media":"","overlay-type":"","overlay-color":"","overlay-opacity":"","overlay-gradient":""}}},"product_brand":[],"product_cat":[971,1601],"product_tag":[],"class_list":{"0":"post-19345","1":"product","2":"type-product","3":"status-publish","4":"has-post-thumbnail","6":"product_cat-toiles-ignifugees","7":"product_cat-toiles-ignifugees-jusqua-1000oc","8":"desktop-align-left","9":"tablet-align-left","10":"mobile-align-left","11":"ast-product-gallery-layout-horizontal-slider","12":"ast-product-single-variable","13":"ast-product-tabs-layout-horizontal","15":"first","16":"instock","17":"taxable","18":"shipping-taxable","19":"purchasable","20":"product-type-variable"},"_links":{"self":[{"href":"https:\/\/dacarcomercial.com\/fr\/wp-json\/wp\/v2\/product\/19345","targetHints":{"allow":["GET"]}}],"collection":[{"href":"https:\/\/dacarcomercial.com\/fr\/wp-json\/wp\/v2\/product"}],"about":[{"href":"https:\/\/dacarcomercial.com\/fr\/wp-json\/wp\/v2\/types\/product"}],"version-history":[{"count":0,"href":"https:\/\/dacarcomercial.com\/fr\/wp-json\/wp\/v2\/product\/19345\/revisions"}],"wp:featuredmedia":[{"embeddable":true,"href":"https:\/\/dacarcomercial.com\/fr\/wp-json\/wp\/v2\/media\/27280"}],"wp:attachment":[{"href":"https:\/\/dacarcomercial.com\/fr\/wp-json\/wp\/v2\/media?parent=19345"}],"wp:term":[{"taxonomy":"product_brand","embeddable":true,"href":"https:\/\/dacarcomercial.com\/fr\/wp-json\/wp\/v2\/product_brand?post=19345"},{"taxonomy":"product_cat","embeddable":true,"href":"https:\/\/dacarcomercial.com\/fr\/wp-json\/wp\/v2\/product_cat?post=19345"},{"taxonomy":"product_tag","embeddable":true,"href":"https:\/\/dacarcomercial.com\/fr\/wp-json\/wp\/v2\/product_tag?post=19345"}],"curies":[{"name":"wp","href":"https:\/\/api.w.org\/{rel}","templated":true}]}}

Toile anti-chaleur 950ºC

<h3><strong>Caractéristiques toile anti-chaleur 950ºC:</strong></h3>
<ul>
<li>Matériaux : tissu en fibre de verre enduit de vermiculite sans amiante, coûtures en fil Kevlar</li>
<li>Température d’utilisation : jusqu’à 750 °C en continu et pic jusqu’à 950 °C</li>
<li>Couleur: noir</li>
<li>Dimensions : 1x2m / 2x2m / 2x3m / consultez pour d´autre tailles sur mesure</li>
<li>Convient aux travaux de soudage de moyenne intensité et de coupe</li>
<li>Fournit une résistance à l’abrasion et aux hautes températures, isolation thermique, à l´oxidation, contre les éclaboussures d’intensité moyenne, les étincelles denses et les grattons</li>
<li>Excellent rapport coût/bénéfice de la protection</li>
<li> Épaisseur : 1,06 mm</li>
<li>Poids : 875 g/m2</li>
<li>Fils/cm (Fd/cm) : chaîne 6, trame 3,4</li>
<li>Nombre de fils (tex) : chaîne ET9 860, trame ET9 860</li>
<li>Résistance à la rupture : 1650 N / 2,5 cm chaîne, 1100 N / 2,5 cm trame</li>
</ul>

<p><strong>Toile anti-chaleur 950ºC -DC-1000- en fibre de verre avec revêtement en vermiculite</strong></p>
<p>La <strong>toile anti-chaleur 950ºC</strong> convient aux travaux de soudage et de coupe de moyenne intensité.</p>
<p>Fournit une résistance à l’abrasion et aux hautes températures, isolation thermique, à l´oxidation, contre les éclaboussures d’<strong>intensité moyenne</strong>, les <strong>étincelles denses</strong> et les grattons.</p>
<p>Pour une utilisation verticale ou plane, pour couvrir des surfaces ou des objets susceptibles d’être affectés par des projections de soudure, de coupe ou de meulage.</p>
<p>Avec renforts latéraux pour éviter l&rsquo;effilochage et oeillets pour suspension en position verticale</p>
<p><em>Les produits Dacar peuvent être achetés en ligne ou via notre réseau de distributeurs. N´hésitez pas à nous consulter votre revendeur le plus proche !</em></p>
<p>Disponible en différentes tailles</p>
