{"id":31986,"date":"2022-01-18T09:12:35","date_gmt":"2022-01-24T08:57:39","guid":{"rendered":"https:\/\/dacarcomercial.com\/?post_type=product&#038;p=31986"},"modified":"2024-05-13T12:21:21","modified_gmt":"2024-05-13T10:21:21","slug":"masque-omnira-combi-air","status":"publish","type":"product","link":"https:\/\/dacarcomercial.com\/fr\/producto\/masque-omnira-combi-air\/","title":{"rendered":"Masque Omnira Combi Air"},"content":{"rendered":"\t\t<div data-elementor-type=\"product-post\" data-elementor-id=\"31986\" class=\"elementor elementor-31986 elementor-31984\" data-elementor-post-type=\"product\">\n\t\t\t\t\t\t<section class=\"elementor-section elementor-top-section elementor-element elementor-element-73885df elementor-section-boxed elementor-section-height-default elementor-section-height-default\" data-id=\"73885df\" data-element_type=\"section\" data-e-type=\"section\" data-settings=\"{&quot;jet_parallax_layout_list&quot;:[]}\">\n\t\t\t\t\t\t<div class=\"elementor-container elementor-column-gap-default\">\n\t\t\t\t\t<div class=\"elementor-column elementor-col-100 elementor-top-column elementor-element elementor-element-5a9a7a6\" data-id=\"5a9a7a6\" data-element_type=\"column\" data-e-type=\"column\">\n\t\t\t<div class=\"elementor-widget-wrap elementor-element-populated\">\n\t\t\t\t\t\t<div class=\"elementor-element elementor-element-7ba4648 elementor-widget elementor-widget-video\" data-id=\"7ba4648\" data-element_type=\"widget\" data-e-type=\"widget\" data-settings=\"{&quot;youtube_url&quot;:&quot;https:\\\/\\\/www.youtube.com\\\/watch?v=EM5AhdF2ijM&quot;,&quot;video_type&quot;:&quot;youtube&quot;,&quot;controls&quot;:&quot;yes&quot;}\" data-widget_type=\"video.default\">\n\t\t\t\t<div class=\"elementor-widget-container\">\n\t\t\t\t\t\t\t<div class=\"elementor-wrapper elementor-open-inline\">\n\t\t\t<div class=\"elementor-video\"><\/div>\t\t<\/div>\n\t\t\t\t\t\t<\/div>\n\t\t\t\t<\/div>\n\t\t\t\t\t<\/div>\n\t\t<\/div>\n\t\t\t\t\t<\/div>\n\t\t<\/section>\n\t\t\t\t<section class=\"elementor-section elementor-top-section elementor-element elementor-element-17080945 elementor-section-boxed elementor-section-height-default elementor-section-height-default\" data-id=\"17080945\" data-element_type=\"section\" data-e-type=\"section\" data-settings=\"{&quot;jet_parallax_layout_list&quot;:[]}\">\n\t\t\t\t\t\t<div class=\"elementor-container elementor-column-gap-default\">\n\t\t\t\t\t<div class=\"elementor-column elementor-col-100 elementor-top-column elementor-element elementor-element-647dbddf\" data-id=\"647dbddf\" data-element_type=\"column\" data-e-type=\"column\">\n\t\t\t<div class=\"elementor-widget-wrap elementor-element-populated\">\n\t\t\t\t\t\t<div class=\"elementor-element elementor-element-11edb3e9 elementor-widget elementor-widget-text-editor\" data-id=\"11edb3e9\" data-element_type=\"widget\" data-e-type=\"widget\" data-widget_type=\"text-editor.default\">\n\t\t\t\t<div class=\"elementor-widget-container\">\n\t\t\t\t\t\t\t\t\t<h2>Caracter\u00edsticas Careta Omnira COMBI Air:<\/h2>\r\n<ul>\r\n \t<li>mando externo de funci\u00f3n esmerilado<\/li>\r\n \t<li>mando externo de regulaci\u00f3n de la inclinaci\u00f3n de la careta<\/li>\r\n \t<li>f\u00e1cil y r\u00e1pido cambio del cubre filtro exterior de policarbonato<\/li>\r\n \t<li>ventana de soldadura abatible y extra\u00edble con un s\u00f3lo click<\/li>\r\n \t<li>Arn\u00e9s de cabeza VariGEAR: de doble banda y acolchado para mayor confort, con m\u00faltiples regulaciones para un ajuste \u00f3ptimo y regulaci\u00f3n de la distancia entre los ojos y el filtro electr\u00f3nico para optimizar el campo de visi\u00f3n<\/li>\r\n \t<li>Junta facial de f\u00e1cil sustituci\u00f3n sin necesidad de desartornillar elementos de fijaci\u00f3n<\/li>\r\n \t<li>El soporte de tubo trasero para evitar el balanceo puede ser situado en el lateral izquierdo o derecho del arn\u00e9s a gusto del soldador<\/li>\r\n<\/ul>\r\n<h3>Filtro electr\u00f3nico SL513G Plus:<\/h3>\r\nEl filtro SL513G Plus es innovador en su tecnolog\u00eda que sustituye componentes electr\u00f3nicos por un micro-chip lo cual hace de ese modelo un referente en cuanto a fiabilidad y versatilidad de usos adem\u00e1s de reducir su peso. Es id\u00f3neo para aplicaciones de TIG a muy bajo amperaje. Equipado con un display LCD donde encontrar\u00e1s toda la informaci\u00f3n acerca de los reglajes seleccionados podr\u00e1s regular tono oscuro (con doble rango de 5 a 8 y 9 a 14), sensibilidad y tiempo de esclarecimiento con pulsadores digitales mientras que su pr\u00e1ctico bot\u00f3n interruptor exterior te permitir\u00e1 cambiar del modo soldadura a modo esmerilado en un click sin necesidad de levantar la careta ni de quitarte los guantes.\r\n<ul>\r\n \t<li>Gran campo de visi\u00f3n<\/li>\r\n \t<li>Tono claro DIN 3 (LCD true color)<\/li>\r\n \t<li>Moderno Display LCD multifunci\u00f3n<\/li>\r\n \t<li>Tono oscuro dual variable DIN 5-8 o 9-14 con regulador digital interno<\/li>\r\n \t<li>De especial inter\u00e9s para soldadura TIG a muy bajo amperaje (&lt;5 Amps)<\/li>\r\n \t<li>Regulaci\u00f3n digital interna del tiempo de esclarecimiento \/ sensibilidad<\/li>\r\n \t<li>Funci\u00f3n esmerilado (externo) con bot\u00f3n a presi\u00f3n de un s\u00f3lo click<\/li>\r\n \t<li>Alimentaci\u00f3n solar + 1 pila CR2450 reemplazable<\/li>\r\n \t<li>4 sensores<\/li>\r\n \t<li>Calidad \u00f3ptica 1\/1\/1\/1<\/li>\r\n \t<li>\u00c1rea de visi\u00f3n 98 x 62 mm<\/li>\r\n \t<li>Tiempo de oscurecimiento: 0,1 ms<\/li>\r\n \t<li>2 a\u00f1os de garant\u00eda<\/li>\r\n<\/ul>\r\n<a href=\"https:\/\/dacarcomercial.com\/sobre-nosotros\/\">Dacar\u00a0<\/a>es una\u00a0<strong>empresa navarra fabricante especializada en productos para la seguridad de soldadores<\/strong>\u00a0profesionales, semiprofesionales u ocasionales, as\u00ed como para su entorno.\r\n<ul>\r\n \t<li>Para la seguridad de los soldadores Dacar fabrica diversos modelos de\u00a0<a href=\"https:\/\/dacarcomercial.com\/categorias-productos\/caretas-de-soldadura\/\">caretas de soldar<\/a>\u00a0de alta calidad con una amplia gama de\u00a0<a href=\"https:\/\/dacarcomercial.com\/categorias-productos\/filtros-electronicos\/\">filtros electr\u00f3nicos<\/a>\u00a0y filtros pasivos para ofrecer un producto siempre adecuado a las necesidades de cada soldador. Adem\u00e1s Dacar tambi\u00e9n fabrica las\u00a0<a href=\"https:\/\/dacarcomercial.com\/categorias-productos\/proteccion-facial\/pantalla-facial-dc-guard\/\">pantallas faciales DC-Guard,\u00a0<\/a>los\u00a0<a href=\"https:\/\/dacarcomercial.com\/categorias-productos\/dacair\/\">equipos motorizados DACAiR<\/a>\u00a0as\u00ed como todo tipo de\u00a0<a href=\"https:\/\/dacarcomercial.com\/categorias-productos\/vestuario\/\">vestuario<\/a>\u00a0como por ejemplo\u00a0<a href=\"https:\/\/dacarcomercial.com\/categorias-productos\/vestuario-para-soldadores\/soldadura\/guantes-para-soldadura\/\">guantes<\/a>, chaquetas o delantales para los soldadores.<\/li>\r\n \t<li>Para la seguridad del entorno del soldador Dacar produce las\u00a0<a href=\"https:\/\/dacarcomercial.com\/categorias-productos\/espacios-de-trabajo\/\">cortinas de soldadura Trans-DC-Arc y los separadores<\/a>\u00a0de puestos de trabajo, como pueden ser los\u00a0<a href=\"https:\/\/dacarcomercial.com\/categorias-productos\/espacios-de-trabajo\/separadores-moviles\/\">biombos o mamparas<\/a>, pero tambi\u00e9n puede presupuestar cualquier tipo de cabina de soldadura a medida.<\/li>\r\n \t<li>Otra importante l\u00ednea de productos que ofrece Dacar son las\u00a0<a href=\"https:\/\/dacarcomercial.com\/categorias-productos\/mantas-ignifugas\/\">mantas ignifugas<\/a>. Dacar dispone de una amplia gama de materiales para la protecci\u00f3n de objetos frente a las proyecciones de soldadura.<\/li>\r\n \t<li>Todos los EPI de Dacar disponen de la\u00a0<a href=\"https:\/\/dacarcomercial.com\/wp-content\/uploads\/2021\/07\/Decl.-UE-Opera-ADF500G-PRO.pdf\">declaraci\u00f3n UE de conformidad<\/a>. Esta declaraci\u00f3n es un documento en el que el fabricante, indica que el producto cumple con todos los requisitos esenciales del r<a href=\"https:\/\/industria.gob.es\/Calidad-Industrial\/seguridadindustrial\/productosindustriales\/Equipos-Proteccion-Individual\/Paginas\/Reglamento-UE2016-425-relativo-a-EPIs.aspx\" target=\"_blank\" rel=\"noopener noreferrer nofollow\">eglamento UE 2016\/425<\/a>\u00a0relativo a los equipos de protecci\u00f3n individual.<\/li>\r\n<\/ul>\t\t\t\t\t\t\t\t<\/div>\n\t\t\t\t<\/div>\n\t\t\t\t\t<\/div>\n\t\t<\/div>\n\t\t\t\t\t<\/div>\n\t\t<\/section>\n\t\t\t\t<\/div>\n\t\t","protected":false},"excerpt":{"rendered":"<p><strong>Le masque Omnira Combi Air<\/strong> est compatible avec CleanAIR Basic, AerGO et CleanAIR Pressure Flow Master. Il offre le plus haut niveau de protection respiratoire avec une certification en classe TH3\/3B<\/p>\n<p>Une solution pour des besoins multiples. Gr\u00e2ce \u00e0 la fen\u00eatre de soudage relevable, il est possible d&rsquo;alterner le soudage et le meulage sans compromettre la protection respiratoire. En outre, si le soudage n&rsquo;est pas effectu\u00e9 pendant un certain temps, la fen\u00eatre de soudage peut \u00eatre retir\u00e9e d&rsquo;un simple clic, laissant le casque uniquement avec la visi\u00e8re panoramique qui offre une vision illimit\u00e9e et une excellente qualit\u00e9 optique (CE classe 1 &#8211; EN166) . Celle-ci est en polycarbonate durci pour une meilleur long\u00e9vit\u00e9.<\/p>\n<p>Avec le serre-t\u00eate VariGEAR, le confort de port est assur\u00e9. Il permet, en plus des r\u00e9glages habituels des serres-t\u00eates, de r\u00e9gler la distance entre les yeux et la visi\u00e8re pour un meilleur \u00e9quilibre.<\/p>\n<p>Le masque Omnira Combi Air incorpore le <strong>filtre \u00e9lectronique SL513G Plus<\/strong> avec double gamme de teintes fonc\u00e9es DIN 5-8 et 9-14, champ de vision de 98 x 62 mm, technologie True color gris ultra-clair et la classe optique la plus \u00e9lev\u00e9e CE EN379 1\/1\/1\/1.<\/p>\n<p><em>Les produits Dacar peuvent \u00eatre achet\u00e9s en ligne ou via notre r\u00e9seau de distributeurs. N\u00b4h\u00e9sitez pas \u00e0 nous consulter votre revendeur le plus proche !<\/em><\/p>\n","protected":false},"featured_media":31710,"template":"","meta":{"site-sidebar-layout":"default","site-content-layout":"default","ast-site-content-layout":"default","site-content-style":"default","site-sidebar-style":"default","ast-global-header-display":"","ast-banner-title-visibility":"","ast-main-header-display":"","ast-hfb-above-header-display":"","ast-hfb-below-header-display":"","ast-hfb-mobile-header-display":"","site-post-title":"","ast-breadcrumbs-content":"","ast-featured-img":"","footer-sml-layout":"","ast-disable-related-posts":"","theme-transparent-header-meta":"default","adv-header-id-meta":"","stick-header-meta":"default","header-above-stick-meta":"","header-main-stick-meta":"","header-below-stick-meta":"","astra-migrate-meta-layouts":"set","ast-page-background-enabled":"default","ast-page-background-meta":{"desktop":{"background-color":"","background-image":"","background-repeat":"repeat","background-position":"center center","background-size":"auto","background-attachment":"scroll","background-type":"","background-media":"","overlay-type":"","overlay-color":"","overlay-opacity":"","overlay-gradient":""},"tablet":{"background-color":"","background-image":"","background-repeat":"repeat","background-position":"center center","background-size":"auto","background-attachment":"scroll","background-type":"","background-media":"","overlay-type":"","overlay-color":"","overlay-opacity":"","overlay-gradient":""},"mobile":{"background-color":"","background-image":"","background-repeat":"repeat","background-position":"center center","background-size":"auto","background-attachment":"scroll","background-type":"","background-media":"","overlay-type":"","overlay-color":"","overlay-opacity":"","overlay-gradient":""}},"ast-content-background-meta":{"desktop":{"background-color":"var(--ast-global-color-5)","background-image":"","background-repeat":"repeat","background-position":"center center","background-size":"auto","background-attachment":"scroll","background-type":"","background-media":"","overlay-type":"","overlay-color":"","overlay-opacity":"","overlay-gradient":""},"tablet":{"background-color":"var(--ast-global-color-5)","background-image":"","background-repeat":"repeat","background-position":"center center","background-size":"auto","background-attachment":"scroll","background-type":"","background-media":"","overlay-type":"","overlay-color":"","overlay-opacity":"","overlay-gradient":""},"mobile":{"background-color":"var(--ast-global-color-5)","background-image":"","background-repeat":"repeat","background-position":"center center","background-size":"auto","background-attachment":"scroll","background-type":"","background-media":"","overlay-type":"","overlay-color":"","overlay-opacity":"","overlay-gradient":""}}},"product_brand":[],"product_cat":[984,990],"product_tag":[],"class_list":{"0":"post-31986","1":"product","2":"type-product","3":"status-publish","4":"has-post-thumbnail","6":"product_cat-cleanair-2","7":"product_cat-unites-de-tete","8":"desktop-align-left","9":"tablet-align-left","10":"mobile-align-left","11":"ast-product-gallery-layout-horizontal-slider","12":"ast-product-tabs-layout-horizontal","14":"first","15":"instock","16":"taxable","17":"shipping-taxable","18":"purchasable","19":"product-type-simple"},"_links":{"self":[{"href":"https:\/\/dacarcomercial.com\/fr\/wp-json\/wp\/v2\/product\/31986","targetHints":{"allow":["GET"]}}],"collection":[{"href":"https:\/\/dacarcomercial.com\/fr\/wp-json\/wp\/v2\/product"}],"about":[{"href":"https:\/\/dacarcomercial.com\/fr\/wp-json\/wp\/v2\/types\/product"}],"version-history":[{"count":0,"href":"https:\/\/dacarcomercial.com\/fr\/wp-json\/wp\/v2\/product\/31986\/revisions"}],"wp:featuredmedia":[{"embeddable":true,"href":"https:\/\/dacarcomercial.com\/fr\/wp-json\/wp\/v2\/media\/31710"}],"wp:attachment":[{"href":"https:\/\/dacarcomercial.com\/fr\/wp-json\/wp\/v2\/media?parent=31986"}],"wp:term":[{"taxonomy":"product_brand","embeddable":true,"href":"https:\/\/dacarcomercial.com\/fr\/wp-json\/wp\/v2\/product_brand?post=31986"},{"taxonomy":"product_cat","embeddable":true,"href":"https:\/\/dacarcomercial.com\/fr\/wp-json\/wp\/v2\/product_cat?post=31986"},{"taxonomy":"product_tag","embeddable":true,"href":"https:\/\/dacarcomercial.com\/fr\/wp-json\/wp\/v2\/product_tag?post=31986"}],"curies":[{"name":"wp","href":"https:\/\/api.w.org\/{rel}","templated":true}]}}

<div data-elementor-type="product-post" data-elementor-id="31986" class="elementor elementor-31986 elementor-31984" data-elementor-post-type="product">
						<section class="elementor-section elementor-top-section elementor-element elementor-element-73885df elementor-section-boxed elementor-section-height-default elementor-section-height-default" data-id="73885df" data-element_type="section" data-e-type="section" data-settings="{&quot;jet_parallax_layout_list&quot;:[]}">
						<div class="elementor-container elementor-column-gap-default">
					<div class="elementor-column elementor-col-100 elementor-top-column elementor-element elementor-element-5a9a7a6" data-id="5a9a7a6" data-element_type="column" data-e-type="column">
			<div class="elementor-widget-wrap elementor-element-populated">
						<div class="elementor-element elementor-element-7ba4648 elementor-widget elementor-widget-video" data-id="7ba4648" data-element_type="widget" data-e-type="widget" data-settings="{&quot;youtube_url&quot;:&quot;https:\/\/www.youtube.com\/watch?v=EM5AhdF2ijM&quot;,&quot;video_type&quot;:&quot;youtube&quot;,&quot;controls&quot;:&quot;yes&quot;}" data-widget_type="video.default">
				<div class="elementor-widget-container">
							<div class="elementor-wrapper elementor-open-inline">
			<div class="elementor-video"></div>		</div>
						</div>
				</div>
					</div>
		</div>
					</div>
		</section>
				<section class="elementor-section elementor-top-section elementor-element elementor-element-17080945 elementor-section-boxed elementor-section-height-default elementor-section-height-default" data-id="17080945" data-element_type="section" data-e-type="section" data-settings="{&quot;jet_parallax_layout_list&quot;:[]}">
						<div class="elementor-container elementor-column-gap-default">
					<div class="elementor-column elementor-col-100 elementor-top-column elementor-element elementor-element-647dbddf" data-id="647dbddf" data-element_type="column" data-e-type="column">
			<div class="elementor-widget-wrap elementor-element-populated">
						<div class="elementor-element elementor-element-11edb3e9 elementor-widget elementor-widget-text-editor" data-id="11edb3e9" data-element_type="widget" data-e-type="widget" data-widget_type="text-editor.default">
				<div class="elementor-widget-container">
									<h2>Características Careta Omnira COMBI Air:</h2>
<ul>
 	<li>mando externo de función esmerilado</li>
 	<li>mando externo de regulación de la inclinación de la careta</li>
 	<li>fácil y rápido cambio del cubre filtro exterior de policarbonato</li>
 	<li>ventana de soldadura abatible y extraíble con un sólo click</li>
 	<li>Arnés de cabeza VariGEAR: de doble banda y acolchado para mayor confort, con múltiples regulaciones para un ajuste óptimo y regulación de la distancia entre los ojos y el filtro electrónico para optimizar el campo de visión</li>
 	<li>Junta facial de fácil sustitución sin necesidad de desartornillar elementos de fijación</li>
 	<li>El soporte de tubo trasero para evitar el balanceo puede ser situado en el lateral izquierdo o derecho del arnés a gusto del soldador</li>
</ul>
<h3>Filtro electrónico SL513G Plus:</h3>
El filtro SL513G Plus es innovador en su tecnología que sustituye componentes electrónicos por un micro-chip lo cual hace de ese modelo un referente en cuanto a fiabilidad y versatilidad de usos además de reducir su peso. Es idóneo para aplicaciones de TIG a muy bajo amperaje. Equipado con un display LCD donde encontrarás toda la información acerca de los reglajes seleccionados podrás regular tono oscuro (con doble rango de 5 a 8 y 9 a 14), sensibilidad y tiempo de esclarecimiento con pulsadores digitales mientras que su práctico botón interruptor exterior te permitirá cambiar del modo soldadura a modo esmerilado en un click sin necesidad de levantar la careta ni de quitarte los guantes.
<ul>
 	<li>Gran campo de visión</li>
 	<li>Tono claro DIN 3 (LCD true color)</li>
 	<li>Moderno Display LCD multifunción</li>
 	<li>Tono oscuro dual variable DIN 5-8 o 9-14 con regulador digital interno</li>
 	<li>De especial interés para soldadura TIG a muy bajo amperaje (&lt;5 Amps)</li>
 	<li>Regulación digital interna del tiempo de esclarecimiento / sensibilidad</li>
 	<li>Función esmerilado (externo) con botón a presión de un sólo click</li>
 	<li>Alimentación solar + 1 pila CR2450 reemplazable</li>
 	<li>4 sensores</li>
 	<li>Calidad óptica 1/1/1/1</li>
 	<li>Área de visión 98 x 62 mm</li>
 	<li>Tiempo de oscurecimiento: 0,1 ms</li>
 	<li>2 años de garantía</li>
</ul>
<a href="https://dacarcomercial.com/sobre-nosotros/">Dacar </a>es una <strong>empresa navarra fabricante especializada en productos para la seguridad de soldadores</strong> profesionales, semiprofesionales u ocasionales, así como para su entorno.
<ul>
 	<li>Para la seguridad de los soldadores Dacar fabrica diversos modelos de <a href="https://dacarcomercial.com/categorias-productos/caretas-de-soldadura/">caretas de soldar</a> de alta calidad con una amplia gama de <a href="https://dacarcomercial.com/categorias-productos/filtros-electronicos/">filtros electrónicos</a> y filtros pasivos para ofrecer un producto siempre adecuado a las necesidades de cada soldador. Además Dacar también fabrica las <a href="https://dacarcomercial.com/categorias-productos/proteccion-facial/pantalla-facial-dc-guard/">pantallas faciales DC-Guard, </a>los <a href="https://dacarcomercial.com/categorias-productos/dacair/">equipos motorizados DACAiR</a> así como todo tipo de <a href="https://dacarcomercial.com/categorias-productos/vestuario/">vestuario</a> como por ejemplo <a href="https://dacarcomercial.com/categorias-productos/vestuario-para-soldadores/soldadura/guantes-para-soldadura/">guantes</a>, chaquetas o delantales para los soldadores.</li>
 	<li>Para la seguridad del entorno del soldador Dacar produce las <a href="https://dacarcomercial.com/categorias-productos/espacios-de-trabajo/">cortinas de soldadura Trans-DC-Arc y los separadores</a> de puestos de trabajo, como pueden ser los <a href="https://dacarcomercial.com/categorias-productos/espacios-de-trabajo/separadores-moviles/">biombos o mamparas</a>, pero también puede presupuestar cualquier tipo de cabina de soldadura a medida.</li>
 	<li>Otra importante línea de productos que ofrece Dacar son las <a href="https://dacarcomercial.com/categorias-productos/mantas-ignifugas/">mantas ignifugas</a>. Dacar dispone de una amplia gama de materiales para la protección de objetos frente a las proyecciones de soldadura.</li>
 	<li>Todos los EPI de Dacar disponen de la <a href="https://dacarcomercial.com/wp-content/uploads/2021/07/Decl.-UE-Opera-ADF500G-PRO.pdf">declaración UE de conformidad</a>. Esta declaración es un documento en el que el fabricante, indica que el producto cumple con todos los requisitos esenciales del r<a href="https://industria.gob.es/Calidad-Industrial/seguridadindustrial/productosindustriales/Equipos-Proteccion-Individual/Paginas/Reglamento-UE2016-425-relativo-a-EPIs.aspx" target="_blank" rel="noopener noreferrer nofollow">eglamento UE 2016/425</a> relativo a los equipos de protección individual.</li>
</ul>								</div>
				</div>
					</div>
		</div>
					</div>
		</section>
				</div>

<p><strong>Le masque Omnira Combi Air</strong> est compatible avec CleanAIR Basic, AerGO et CleanAIR Pressure Flow Master. Il offre le plus haut niveau de protection respiratoire avec une certification en classe TH3/3B</p>
<p>Une solution pour des besoins multiples. Grâce à la fenêtre de soudage relevable, il est possible d&rsquo;alterner le soudage et le meulage sans compromettre la protection respiratoire. En outre, si le soudage n&rsquo;est pas effectué pendant un certain temps, la fenêtre de soudage peut être retirée d&rsquo;un simple clic, laissant le casque uniquement avec la visière panoramique qui offre une vision illimitée et une excellente qualité optique (CE classe 1 &#8211; EN166) . Celle-ci est en polycarbonate durci pour une meilleur longévité.</p>
<p>Avec le serre-tête VariGEAR, le confort de port est assuré. Il permet, en plus des réglages habituels des serres-têtes, de régler la distance entre les yeux et la visière pour un meilleur équilibre.</p>
<p>Le masque Omnira Combi Air incorpore le <strong>filtre électronique SL513G Plus</strong> avec double gamme de teintes foncées DIN 5-8 et 9-14, champ de vision de 98 x 62 mm, technologie True color gris ultra-clair et la classe optique la plus élevée CE EN379 1/1/1/1.</p>
<p><em>Les produits Dacar peuvent être achetés en ligne ou via notre réseau de distributeurs. N´hésitez pas à nous consulter votre revendeur le plus proche !</em></p>
