{"id":47205,"date":"2024-02-21T09:34:23","date_gmt":"2024-02-21T08:34:23","guid":{"rendered":"https:\/\/dacarcomercial.com\/producto\/masque-a-souder-dc-2-330-11-avec-casque-radius\/"},"modified":"2026-04-22T10:13:21","modified_gmt":"2026-04-22T08:13:21","slug":"masque-a-souder-dc-2-330-11-avec-casque-radius","status":"publish","type":"product","link":"https:\/\/dacarcomercial.com\/fr\/producto\/masque-a-souder-dc-2-330-11-avec-casque-radius\/","title":{"rendered":"Masque \u00e0 souder DC-2 330 11 avec casque Radius"},"content":{"rendered":"<h2><strong>Masque \u00e0 souder DC-2 330 11 + casque Radius<\/strong><\/h2>\n<p>Le confort est une autre pierre angulaire du masque \u00e0 souder DC-2 330 11 avec casque Radius. Gr\u00e2ce \u00e0 sa fermeture \u00e0 molette r\u00e9glable, vous pouvez assurer un ajustement parfait \u00e0 votre t\u00eate, r\u00e9duisant ainsi l&rsquo;inconfort et les distractions, ce qui vous permet de vous concentrer pleinement sur la t\u00e2che \u00e0 accomplir.<\/p>\n<p>Que vous travailliez sur de grands projets industriels ou que vous effectuiez des r\u00e9parations mineures, ce masque avec casque de protection int\u00e9gr\u00e9 est votre alli\u00e9 parfait. Il offre une combinaison in\u00e9gal\u00e9e de s\u00e9curit\u00e9, de durabilit\u00e9 et de confort, le tout dans un design \u00e9l\u00e9gant et fonctionnel.<\/p>\n","protected":false},"excerpt":{"rendered":"<p>Le <strong>masque \u00e0 souder DC-2 330 11 + le casque Radius<\/strong> constituent un excellent choix pour les professionnels qui recherchent une s\u00e9curit\u00e9 maximale sans sacrifier le confort pendant les longues journ\u00e9es de travail. Con\u00e7u avec un cadre robuste en noir et rouge, ce masque ne se contente pas de vous prot\u00e9ger, il ajoute \u00e9galement une touche de style \u00e0 votre \u00e9quipement de travail.<\/p>\n<p>L&rsquo;abat-jour en verre inactinique 11, de 90 x 110 mm, garantit une vue claire et prot\u00e9g\u00e9e, vous permettant d&rsquo;effectuer des travaux de soudage avec pr\u00e9cision et sans risque pour vos yeux. Cette fonction est essentielle pour pr\u00e9venir la fatigue oculaire et d&rsquo;autres dommages, vous permettant de vous concentrer sur votre travail en toute s\u00e9curit\u00e9.<\/p>\n<p>Compl\u00e9tant parfaitement le casque, le <strong>casque Radius<\/strong> offre une visi\u00e8re courte et non ventil\u00e9e, con\u00e7ue pour offrir une protection suppl\u00e9mentaire contre les \u00e9tincelles et les \u00e9clats de soudure. Disponible dans une vari\u00e9t\u00e9 de couleurs vives &#8211; jaune (J), bleu (A), vert (V), orange (N), blanc (B) et rouge (R) &#8211; il vous permet de personnaliser votre \u00e9quipement en fonction de vos pr\u00e9f\u00e9rences ou de vos besoins d&rsquo;identification sur le lieu de travail.<\/p>\n","protected":false},"featured_media":47182,"template":"","meta":{"site-sidebar-layout":"default","site-content-layout":"","ast-site-content-layout":"default","site-content-style":"default","site-sidebar-style":"default","ast-global-header-display":"","ast-banner-title-visibility":"","ast-main-header-display":"","ast-hfb-above-header-display":"","ast-hfb-below-header-display":"","ast-hfb-mobile-header-display":"","site-post-title":"","ast-breadcrumbs-content":"","ast-featured-img":"","footer-sml-layout":"","ast-disable-related-posts":"","theme-transparent-header-meta":"default","adv-header-id-meta":"","stick-header-meta":"default","header-above-stick-meta":"","header-main-stick-meta":"","header-below-stick-meta":"","astra-migrate-meta-layouts":"set","ast-page-background-enabled":"default","ast-page-background-meta":{"desktop":{"background-color":"","background-image":"","background-repeat":"repeat","background-position":"center center","background-size":"auto","background-attachment":"scroll","background-type":"","background-media":"","overlay-type":"","overlay-color":"","overlay-opacity":"","overlay-gradient":""},"tablet":{"background-color":"","background-image":"","background-repeat":"repeat","background-position":"center center","background-size":"auto","background-attachment":"scroll","background-type":"","background-media":"","overlay-type":"","overlay-color":"","overlay-opacity":"","overlay-gradient":""},"mobile":{"background-color":"","background-image":"","background-repeat":"repeat","background-position":"center center","background-size":"auto","background-attachment":"scroll","background-type":"","background-media":"","overlay-type":"","overlay-color":"","overlay-opacity":"","overlay-gradient":""}},"ast-content-background-meta":{"desktop":{"background-color":"var(--ast-global-color-5)","background-image":"","background-repeat":"repeat","background-position":"center center","background-size":"auto","background-attachment":"scroll","background-type":"","background-media":"","overlay-type":"","overlay-color":"","overlay-opacity":"","overlay-gradient":""},"tablet":{"background-color":"var(--ast-global-color-5)","background-image":"","background-repeat":"repeat","background-position":"center center","background-size":"auto","background-attachment":"scroll","background-type":"","background-media":"","overlay-type":"","overlay-color":"","overlay-opacity":"","overlay-gradient":""},"mobile":{"background-color":"var(--ast-global-color-5)","background-image":"","background-repeat":"repeat","background-position":"center center","background-size":"auto","background-attachment":"scroll","background-type":"","background-media":"","overlay-type":"","overlay-color":"","overlay-opacity":"","overlay-gradient":""}}},"product_brand":[],"product_cat":[1953,2068,939],"product_tag":[],"class_list":{"0":"post-47205","1":"product","2":"type-product","3":"status-publish","4":"has-post-thumbnail","6":"product_cat-dc-2-330-avec-casque-caretas-de-soldar-con-casco-de-obra","7":"product_cat-masques-de-soudage-avec-casque-de-chantier","8":"product_cat-masques-de-soudure","9":"desktop-align-left","10":"tablet-align-left","11":"mobile-align-left","12":"ast-product-gallery-layout-horizontal-slider","13":"ast-product-gallery-with-no-image","14":"ast-product-single-variable","15":"ast-product-tabs-layout-horizontal","17":"first","18":"instock","19":"taxable","20":"shipping-taxable","21":"purchasable","22":"product-type-variable"},"_links":{"self":[{"href":"https:\/\/dacarcomercial.com\/fr\/wp-json\/wp\/v2\/product\/47205","targetHints":{"allow":["GET"]}}],"collection":[{"href":"https:\/\/dacarcomercial.com\/fr\/wp-json\/wp\/v2\/product"}],"about":[{"href":"https:\/\/dacarcomercial.com\/fr\/wp-json\/wp\/v2\/types\/product"}],"version-history":[{"count":1,"href":"https:\/\/dacarcomercial.com\/fr\/wp-json\/wp\/v2\/product\/47205\/revisions"}],"predecessor-version":[{"id":55545,"href":"https:\/\/dacarcomercial.com\/fr\/wp-json\/wp\/v2\/product\/47205\/revisions\/55545"}],"wp:featuredmedia":[{"embeddable":true,"href":"https:\/\/dacarcomercial.com\/fr\/wp-json\/wp\/v2\/media\/47182"}],"wp:attachment":[{"href":"https:\/\/dacarcomercial.com\/fr\/wp-json\/wp\/v2\/media?parent=47205"}],"wp:term":[{"taxonomy":"product_brand","embeddable":true,"href":"https:\/\/dacarcomercial.com\/fr\/wp-json\/wp\/v2\/product_brand?post=47205"},{"taxonomy":"product_cat","embeddable":true,"href":"https:\/\/dacarcomercial.com\/fr\/wp-json\/wp\/v2\/product_cat?post=47205"},{"taxonomy":"product_tag","embeddable":true,"href":"https:\/\/dacarcomercial.com\/fr\/wp-json\/wp\/v2\/product_tag?post=47205"}],"curies":[{"name":"wp","href":"https:\/\/api.w.org\/{rel}","templated":true}]}}

Masque à souder DC-2 330 11 avec casque Radius

<h2><strong>Masque à souder DC-2 330 11 + casque Radius</strong></h2>
<p>Le confort est une autre pierre angulaire du masque à souder DC-2 330 11 avec casque Radius. Grâce à sa fermeture à molette réglable, vous pouvez assurer un ajustement parfait à votre tête, réduisant ainsi l&rsquo;inconfort et les distractions, ce qui vous permet de vous concentrer pleinement sur la tâche à accomplir.</p>
<p>Que vous travailliez sur de grands projets industriels ou que vous effectuiez des réparations mineures, ce masque avec casque de protection intégré est votre allié parfait. Il offre une combinaison inégalée de sécurité, de durabilité et de confort, le tout dans un design élégant et fonctionnel.</p>

<p>Le <strong>masque à souder DC-2 330 11 + le casque Radius</strong> constituent un excellent choix pour les professionnels qui recherchent une sécurité maximale sans sacrifier le confort pendant les longues journées de travail. Conçu avec un cadre robuste en noir et rouge, ce masque ne se contente pas de vous protéger, il ajoute également une touche de style à votre équipement de travail.</p>
<p>L&rsquo;abat-jour en verre inactinique 11, de 90 x 110 mm, garantit une vue claire et protégée, vous permettant d&rsquo;effectuer des travaux de soudage avec précision et sans risque pour vos yeux. Cette fonction est essentielle pour prévenir la fatigue oculaire et d&rsquo;autres dommages, vous permettant de vous concentrer sur votre travail en toute sécurité.</p>
<p>Complétant parfaitement le casque, le <strong>casque Radius</strong> offre une visière courte et non ventilée, conçue pour offrir une protection supplémentaire contre les étincelles et les éclats de soudure. Disponible dans une variété de couleurs vives &#8211; jaune (J), bleu (A), vert (V), orange (N), blanc (B) et rouge (R) &#8211; il vous permet de personnaliser votre équipement en fonction de vos préférences ou de vos besoins d&rsquo;identification sur le lieu de travail.</p>
