{"id":52027,"date":"2025-04-11T09:44:51","date_gmt":"2025-04-11T07:44:51","guid":{"rendered":"https:\/\/dacarcomercial.com\/producto\/masques-de-soudure-x3-skull\/"},"modified":"2026-04-22T10:41:36","modified_gmt":"2026-04-22T08:41:36","slug":"masques-de-soudure-x3-skull","status":"publish","type":"product","link":"https:\/\/dacarcomercial.com\/fr\/producto\/masques-de-soudure-x3-skull\/","title":{"rendered":"Masques de soudure X3 SKULL"},"content":{"rendered":"","protected":false},"excerpt":{"rendered":"<p class=\"\" data-start=\"528\" data-end=\"862\">Le <strong data-start=\"531\" data-end=\"560\">masque de soudure X3 SKULL<\/strong> est \u00e9quip\u00e9<span style=\"font-size: 16px;\"> avec le filtre \u00e9lectronique P50-S+, il offre une vision claire et pr\u00e9cise \u00e0 tout moment. Le syst\u00e8me de <\/span><strong style=\"font-size: 16px;\" data-start=\"983\" data-end=\"1000\">teintes fonc\u00e9es<\/strong><span style=\"font-size: 16px;\"> dispose d&rsquo;une double plage (4-8 et 9-13), ce qui permet un r\u00e9glage parfait pour diff\u00e9rents types de travaux de soudage. De plus, la <\/span><strong style=\"font-size: 16px;\" data-start=\"1128\" data-end=\"1195\">la r\u00e9gulation interne du temps de clarification et la sensibilit\u00e9<\/strong> <span style=\"font-size: 16px;\">assurent une adaptation instantan\u00e9e aux conditions de travail, am\u00e9liorant le confort de l&rsquo;utilisateur pendant les longues journ\u00e9es.<\/span><\/p>\n<p class=\"\" data-start=\"1322\" data-end=\"1743\">La <strong data-start=\"1325\" data-end=\"1365\">fonction de meulage avec commande externe <\/strong>vous aidera \u00e0 changer de mode en un seul clic, en plus des<strong> fonctions TRS et TACK<\/strong> qui offrent un confort visuel maximal, car elles permettent de r\u00e9duire le travail oculaire. Avec une <strong data-start=\"1562\" data-end=\"1584\">alimentation solaire<\/strong>, en plus de <strong data-start=\"1595\" data-end=\"1627\">2 piles CR2450 rempla\u00e7ables<\/strong>, le masque garantit une longue dur\u00e9e de vie, avec des performances constantes m\u00eame dans des conditions de travail exigeantes.<\/p>\n<p class=\"\" data-start=\"1745\" data-end=\"2059\">La <strong data-start=\"1748\" data-end=\"1769\">qualit\u00e9 optique V2<\/strong> et sa grande zone de vision de <strong>108 x 74 mm<\/strong> assurent une vision nette et large, ce qui permet un contr\u00f4le pr\u00e9cis de chaque t\u00e2che. De plus, le <strong data-start=\"1916\" data-end=\"1955\">temps d&rsquo;obscurcissement de 0,04 ms<\/strong> offre une r\u00e9ponse instantan\u00e9e, ce qui minimise la fatigue oculaire et am\u00e9liore la s\u00e9curit\u00e9 au travail.<\/p>\n<p class=\"\" data-start=\"2061\" data-end=\"2420\">Conforme \u00e0 la norme <strong data-start=\"2087\" data-end=\"2103\">CE ISO 16321.<\/strong><\/p>\n<div class=\"elementor-element elementor-element-375c5fc ob-has-background-overlay elementor-widget elementor-widget-woocommerce-product-price\" data-id=\"375c5fc\" data-element_type=\"widget\" data-settings=\"{\" data-widget_type=\"woocommerce-product-price.default\">\n<div class=\"elementor-widget-container\"><\/div>\n<\/div>\n","protected":false},"featured_media":51985,"template":"","meta":{"site-sidebar-layout":"default","site-content-layout":"","ast-site-content-layout":"default","site-content-style":"default","site-sidebar-style":"default","ast-global-header-display":"","ast-banner-title-visibility":"","ast-main-header-display":"","ast-hfb-above-header-display":"","ast-hfb-below-header-display":"","ast-hfb-mobile-header-display":"","site-post-title":"","ast-breadcrumbs-content":"","ast-featured-img":"","footer-sml-layout":"","ast-disable-related-posts":"","theme-transparent-header-meta":"default","adv-header-id-meta":"","stick-header-meta":"default","header-above-stick-meta":"","header-main-stick-meta":"","header-below-stick-meta":"","astra-migrate-meta-layouts":"set","ast-page-background-enabled":"default","ast-page-background-meta":{"desktop":{"background-color":"","background-image":"","background-repeat":"repeat","background-position":"center center","background-size":"auto","background-attachment":"scroll","background-type":"","background-media":"","overlay-type":"","overlay-color":"","overlay-opacity":"","overlay-gradient":""},"tablet":{"background-color":"","background-image":"","background-repeat":"repeat","background-position":"center center","background-size":"auto","background-attachment":"scroll","background-type":"","background-media":"","overlay-type":"","overlay-color":"","overlay-opacity":"","overlay-gradient":""},"mobile":{"background-color":"","background-image":"","background-repeat":"repeat","background-position":"center center","background-size":"auto","background-attachment":"scroll","background-type":"","background-media":"","overlay-type":"","overlay-color":"","overlay-opacity":"","overlay-gradient":""}},"ast-content-background-meta":{"desktop":{"background-color":"var(--ast-global-color-5)","background-image":"","background-repeat":"repeat","background-position":"center center","background-size":"auto","background-attachment":"scroll","background-type":"","background-media":"","overlay-type":"","overlay-color":"","overlay-opacity":"","overlay-gradient":""},"tablet":{"background-color":"var(--ast-global-color-5)","background-image":"","background-repeat":"repeat","background-position":"center center","background-size":"auto","background-attachment":"scroll","background-type":"","background-media":"","overlay-type":"","overlay-color":"","overlay-opacity":"","overlay-gradient":""},"mobile":{"background-color":"var(--ast-global-color-5)","background-image":"","background-repeat":"repeat","background-position":"center center","background-size":"auto","background-attachment":"scroll","background-type":"","background-media":"","overlay-type":"","overlay-color":"","overlay-opacity":"","overlay-gradient":""}}},"product_brand":[],"product_cat":[940,939,1933],"product_tag":[],"class_list":{"0":"post-52027","1":"product","2":"type-product","3":"status-publish","4":"has-post-thumbnail","6":"product_cat-avec-filtres-electro-optiques","7":"product_cat-masques-de-soudure","8":"product_cat-x3-fr","9":"desktop-align-left","10":"tablet-align-left","11":"mobile-align-left","12":"ast-product-gallery-layout-horizontal-slider","13":"ast-product-tabs-layout-horizontal","15":"first","16":"instock","17":"taxable","18":"shipping-taxable","19":"purchasable","20":"product-type-simple"},"_links":{"self":[{"href":"https:\/\/dacarcomercial.com\/fr\/wp-json\/wp\/v2\/product\/52027","targetHints":{"allow":["GET"]}}],"collection":[{"href":"https:\/\/dacarcomercial.com\/fr\/wp-json\/wp\/v2\/product"}],"about":[{"href":"https:\/\/dacarcomercial.com\/fr\/wp-json\/wp\/v2\/types\/product"}],"version-history":[{"count":1,"href":"https:\/\/dacarcomercial.com\/fr\/wp-json\/wp\/v2\/product\/52027\/revisions"}],"predecessor-version":[{"id":55595,"href":"https:\/\/dacarcomercial.com\/fr\/wp-json\/wp\/v2\/product\/52027\/revisions\/55595"}],"wp:featuredmedia":[{"embeddable":true,"href":"https:\/\/dacarcomercial.com\/fr\/wp-json\/wp\/v2\/media\/51985"}],"wp:attachment":[{"href":"https:\/\/dacarcomercial.com\/fr\/wp-json\/wp\/v2\/media?parent=52027"}],"wp:term":[{"taxonomy":"product_brand","embeddable":true,"href":"https:\/\/dacarcomercial.com\/fr\/wp-json\/wp\/v2\/product_brand?post=52027"},{"taxonomy":"product_cat","embeddable":true,"href":"https:\/\/dacarcomercial.com\/fr\/wp-json\/wp\/v2\/product_cat?post=52027"},{"taxonomy":"product_tag","embeddable":true,"href":"https:\/\/dacarcomercial.com\/fr\/wp-json\/wp\/v2\/product_tag?post=52027"}],"curies":[{"name":"wp","href":"https:\/\/api.w.org\/{rel}","templated":true}]}}

<p class="" data-start="528" data-end="862">Le <strong data-start="531" data-end="560">masque de soudure X3 SKULL</strong> est équipé<span style="font-size: 16px;"> avec le filtre électronique P50-S+, il offre une vision claire et précise à tout moment. Le système de </span><strong style="font-size: 16px;" data-start="983" data-end="1000">teintes foncées</strong><span style="font-size: 16px;"> dispose d&rsquo;une double plage (4-8 et 9-13), ce qui permet un réglage parfait pour différents types de travaux de soudage. De plus, la </span><strong style="font-size: 16px;" data-start="1128" data-end="1195">la régulation interne du temps de clarification et la sensibilité</strong> <span style="font-size: 16px;">assurent une adaptation instantanée aux conditions de travail, améliorant le confort de l&rsquo;utilisateur pendant les longues journées.</span></p>
<p class="" data-start="1322" data-end="1743">La <strong data-start="1325" data-end="1365">fonction de meulage avec commande externe </strong>vous aidera à changer de mode en un seul clic, en plus des<strong> fonctions TRS et TACK</strong> qui offrent un confort visuel maximal, car elles permettent de réduire le travail oculaire. Avec une <strong data-start="1562" data-end="1584">alimentation solaire</strong>, en plus de <strong data-start="1595" data-end="1627">2 piles CR2450 remplaçables</strong>, le masque garantit une longue durée de vie, avec des performances constantes même dans des conditions de travail exigeantes.</p>
<p class="" data-start="1745" data-end="2059">La <strong data-start="1748" data-end="1769">qualité optique V2</strong> et sa grande zone de vision de <strong>108 x 74 mm</strong> assurent une vision nette et large, ce qui permet un contrôle précis de chaque tâche. De plus, le <strong data-start="1916" data-end="1955">temps d&rsquo;obscurcissement de 0,04 ms</strong> offre une réponse instantanée, ce qui minimise la fatigue oculaire et améliore la sécurité au travail.</p>
<p class="" data-start="2061" data-end="2420">Conforme à la norme <strong data-start="2087" data-end="2103">CE ISO 16321.</strong></p>
<div class="elementor-element elementor-element-375c5fc ob-has-background-overlay elementor-widget elementor-widget-woocommerce-product-price" data-id="375c5fc" data-element_type="widget" data-settings="{" data-widget_type="woocommerce-product-price.default">
<div class="elementor-widget-container"></div>
</div>
