{"id":52031,"date":"2025-04-14T12:48:38","date_gmt":"2025-04-14T10:48:38","guid":{"rendered":"https:\/\/dacarcomercial.com\/producto\/lunettes-de-protection-eme18\/"},"modified":"2025-04-15T09:41:55","modified_gmt":"2025-04-15T07:41:55","slug":"lunettes-de-protection-eme18","status":"publish","type":"product","link":"https:\/\/dacarcomercial.com\/fr\/producto\/lunettes-de-protection-eme18\/","title":{"rendered":"Lunettes de protection EME18"},"content":{"rendered":"","protected":false},"excerpt":{"rendered":"<p class=\"\" data-start=\"301\" data-end=\"775\">Les<strong data-start=\"305\" data-end=\"334\"> lunettes de protection EME18<\/strong> ont un design enveloppant, ces lunettes offrent une couverture totale pour vos yeux, les prot\u00e9geant des risques potentiels et garantissant une vision claire pendant le travail. Leur <strong data-start=\"606\" data-end=\"630\">mat\u00e9riau ultral\u00e9ger<\/strong> vous permet de les utiliser pendant de longues journ\u00e9es sans g\u00eane, am\u00e9liorant l&rsquo;exp\u00e9rience d&rsquo;utilisation dans les environnements qui n\u00e9cessitent une protection continue. <\/p>\n<p class=\"\" data-start=\"777\" data-end=\"1165\">Les <strong data-start=\"781\" data-end=\"808\">lentilles en polycarbonate<\/strong> de haute qualit\u00e9 sont <strong data-start=\"829\" data-end=\"846\">r\u00e9sistantes aux rayures<\/strong>, ce qui garantit une plus grande durabilit\u00e9 et une meilleure r\u00e9sistance aux chocs et \u00e0 l&rsquo;usure, tout en maintenant une vision claire et sans distorsion. De plus, leur conception incolore permet une excellente visibilit\u00e9 sans alt\u00e9rer les couleurs ni g\u00e9n\u00e9rer de fatigue oculaire, ce qui en fait une excellente option pour les travaux de pr\u00e9cision. <\/p>\n<p class=\"\" data-start=\"1167\" data-end=\"1645\">Conforme \u00e0 la norme <strong data-start=\"1204\" data-end=\"1218\">EN166:2001<\/strong>, cette lunette de protection offre la s\u00e9curit\u00e9 n\u00e9cessaire dans des conditions de travail qui n\u00e9cessitent une protection oculaire contre les chocs ou les particules en suspension.<\/p>\n<p><em>Les produits Dacar peuvent \u00eatre achet\u00e9s en ligne ou via notre r\u00e9seau de distributeurs. N\u00b4h\u00e9sitez pas \u00e0 nous consulter votre revendeur le plus proche!<\/em><\/p>\n","protected":false},"featured_media":52017,"template":"","meta":{"site-sidebar-layout":"default","site-content-layout":"","ast-site-content-layout":"default","site-content-style":"default","site-sidebar-style":"default","ast-global-header-display":"","ast-banner-title-visibility":"","ast-main-header-display":"","ast-hfb-above-header-display":"","ast-hfb-below-header-display":"","ast-hfb-mobile-header-display":"","site-post-title":"","ast-breadcrumbs-content":"","ast-featured-img":"","footer-sml-layout":"","ast-disable-related-posts":"","theme-transparent-header-meta":"default","adv-header-id-meta":"","stick-header-meta":"default","header-above-stick-meta":"","header-main-stick-meta":"","header-below-stick-meta":"","astra-migrate-meta-layouts":"default","ast-page-background-enabled":"default","ast-page-background-meta":{"desktop":{"background-color":"","background-image":"","background-repeat":"repeat","background-position":"center center","background-size":"auto","background-attachment":"scroll","background-type":"","background-media":"","overlay-type":"","overlay-color":"","overlay-opacity":"","overlay-gradient":""},"tablet":{"background-color":"","background-image":"","background-repeat":"repeat","background-position":"center center","background-size":"auto","background-attachment":"scroll","background-type":"","background-media":"","overlay-type":"","overlay-color":"","overlay-opacity":"","overlay-gradient":""},"mobile":{"background-color":"","background-image":"","background-repeat":"repeat","background-position":"center center","background-size":"auto","background-attachment":"scroll","background-type":"","background-media":"","overlay-type":"","overlay-color":"","overlay-opacity":"","overlay-gradient":""}},"ast-content-background-meta":{"desktop":{"background-color":"var(--ast-global-color-5)","background-image":"","background-repeat":"repeat","background-position":"center center","background-size":"auto","background-attachment":"scroll","background-type":"","background-media":"","overlay-type":"","overlay-color":"","overlay-opacity":"","overlay-gradient":""},"tablet":{"background-color":"var(--ast-global-color-5)","background-image":"","background-repeat":"repeat","background-position":"center center","background-size":"auto","background-attachment":"scroll","background-type":"","background-media":"","overlay-type":"","overlay-color":"","overlay-opacity":"","overlay-gradient":""},"mobile":{"background-color":"var(--ast-global-color-5)","background-image":"","background-repeat":"repeat","background-position":"center center","background-size":"auto","background-attachment":"scroll","background-type":"","background-media":"","overlay-type":"","overlay-color":"","overlay-opacity":"","overlay-gradient":""}}},"product_brand":[],"product_cat":[1629,973],"product_tag":[],"class_list":{"0":"post-52031","1":"product","2":"type-product","3":"status-publish","4":"has-post-thumbnail","6":"product_cat-avec-oculaires-incolores","7":"product_cat-lunettes-de-protection","8":"desktop-align-left","9":"tablet-align-left","10":"mobile-align-left","11":"ast-product-gallery-layout-horizontal-slider","12":"ast-product-gallery-with-no-image","13":"ast-product-tabs-layout-horizontal","15":"first","16":"instock","17":"taxable","18":"shipping-taxable","19":"purchasable","20":"product-type-simple"},"_links":{"self":[{"href":"https:\/\/dacarcomercial.com\/fr\/wp-json\/wp\/v2\/product\/52031","targetHints":{"allow":["GET"]}}],"collection":[{"href":"https:\/\/dacarcomercial.com\/fr\/wp-json\/wp\/v2\/product"}],"about":[{"href":"https:\/\/dacarcomercial.com\/fr\/wp-json\/wp\/v2\/types\/product"}],"version-history":[{"count":0,"href":"https:\/\/dacarcomercial.com\/fr\/wp-json\/wp\/v2\/product\/52031\/revisions"}],"wp:featuredmedia":[{"embeddable":true,"href":"https:\/\/dacarcomercial.com\/fr\/wp-json\/wp\/v2\/media\/52017"}],"wp:attachment":[{"href":"https:\/\/dacarcomercial.com\/fr\/wp-json\/wp\/v2\/media?parent=52031"}],"wp:term":[{"taxonomy":"product_brand","embeddable":true,"href":"https:\/\/dacarcomercial.com\/fr\/wp-json\/wp\/v2\/product_brand?post=52031"},{"taxonomy":"product_cat","embeddable":true,"href":"https:\/\/dacarcomercial.com\/fr\/wp-json\/wp\/v2\/product_cat?post=52031"},{"taxonomy":"product_tag","embeddable":true,"href":"https:\/\/dacarcomercial.com\/fr\/wp-json\/wp\/v2\/product_tag?post=52031"}],"curies":[{"name":"wp","href":"https:\/\/api.w.org\/{rel}","templated":true}]}}

<p class="" data-start="301" data-end="775">Les<strong data-start="305" data-end="334"> lunettes de protection EME18</strong> ont un design enveloppant, ces lunettes offrent une couverture totale pour vos yeux, les protégeant des risques potentiels et garantissant une vision claire pendant le travail. Leur <strong data-start="606" data-end="630">matériau ultraléger</strong> vous permet de les utiliser pendant de longues journées sans gêne, améliorant l&rsquo;expérience d&rsquo;utilisation dans les environnements qui nécessitent une protection continue. </p>
<p class="" data-start="777" data-end="1165">Les <strong data-start="781" data-end="808">lentilles en polycarbonate</strong> de haute qualité sont <strong data-start="829" data-end="846">résistantes aux rayures</strong>, ce qui garantit une plus grande durabilité et une meilleure résistance aux chocs et à l&rsquo;usure, tout en maintenant une vision claire et sans distorsion. De plus, leur conception incolore permet une excellente visibilité sans altérer les couleurs ni générer de fatigue oculaire, ce qui en fait une excellente option pour les travaux de précision. </p>
<p class="" data-start="1167" data-end="1645">Conforme à la norme <strong data-start="1204" data-end="1218">EN166:2001</strong>, cette lunette de protection offre la sécurité nécessaire dans des conditions de travail qui nécessitent une protection oculaire contre les chocs ou les particules en suspension.</p>
<p><em>Les produits Dacar peuvent être achetés en ligne ou via notre réseau de distributeurs. N´hésitez pas à nous consulter votre revendeur le plus proche!</em></p>
