{"id":55513,"date":"2025-02-25T14:42:43","date_gmt":"2025-02-25T13:42:43","guid":{"rendered":"https:\/\/dacarcomercial.com\/producto\/lunettes-de-securite-eme20\/"},"modified":"2026-04-20T13:37:45","modified_gmt":"2026-04-20T11:37:45","slug":"lunettes-de-securite-eme20","status":"publish","type":"product","link":"https:\/\/dacarcomercial.com\/fr\/producto\/lunettes-de-securite-eme20\/","title":{"rendered":"Lunettes de s\u00e9curit\u00e9 EME20"},"content":{"rendered":"","protected":false},"excerpt":{"rendered":"<p data-start=\"487\" data-end=\"987\">Les lunettes de s\u00e9curit\u00e9 EME20, con\u00e7ues avec un pont nasal antid\u00e9rapant souple et r\u00e9glable, garantissent un ajustement confortable et s\u00fbr, en \u00e9vitant que les lunettes ne glissent, m\u00eame lors de longues p\u00e9riodes d\u2019utilisation. De plus, leurs branches r\u00e9glables en longueur et en inclinaison permettent de personnaliser encore davantage l\u2019ajustement, afin qu\u2019elles s\u2019adaptent parfaitement \u00e0 la forme de votre visage. <\/p>\n<p data-start=\"989\" data-end=\"1401\">Les verres en polycarbonate transparent offrent une excellente protection contre les impacts, tandis que leur traitement anti-rayures assure une meilleure durabilit\u00e9 et une visibilit\u00e9 optimale pendant l\u2019utilisation. Pour les conditions de travail ou les activit\u00e9s en environnements humides ou soumis \u00e0 des variations de temp\u00e9rature, les verres int\u00e8grent \u00e9galement une technologie antibu\u00e9e, permettant de conserver une vision claire \u00e0 tout moment. <\/p>\n<p data-start=\"1403\" data-end=\"1775\" data-is-last-node=\"\" data-is-only-node=\"\">Certifi\u00e9es selon la norme EN166:2001, ces lunettes r\u00e9pondent aux plus hauts standards de s\u00e9curit\u00e9.<\/p>\n<div class=\"elementor-element elementor-element-166c857 ob-has-background-overlay elementor-widget elementor-widget-woocommerce-product-short-description\" data-id=\"166c857\" data-element_type=\"widget\" data-settings=\"{\"_ob_perspektive_use\":\"no\",\"_ob_poopart_use\":\"yes\",\"_ob_shadough_use\":\"no\",\"_ob_allow_hoveranimator\":\"no\",\"_ob_widget_stalker_use\":\"no\"}\" data-widget_type=\"woocommerce-product-short-description.default\">\n<div class=\"elementor-widget-container\">\n<div class=\"woocommerce-product-details__short-description\">\n<div class=\"elementor-element elementor-element-166c857 ob-has-background-overlay elementor-widget elementor-widget-woocommerce-product-short-description\" data-id=\"166c857\" data-element_type=\"widget\" data-settings=\"{\"_ob_perspektive_use\":\"no\",\"_ob_poopart_use\":\"yes\",\"_ob_shadough_use\":\"no\",\"_ob_allow_hoveranimator\":\"no\",\"_ob_widget_stalker_use\":\"no\"}\" data-widget_type=\"woocommerce-product-short-description.default\">\n<div class=\"elementor-widget-container\">\n<div class=\"woocommerce-product-details__short-description\">\n<p><em>Les produits Dacar peuvent \u00eatre achet\u00e9s en ligne ou via notre r\u00e9seau de distributeurs. N\u00b4h\u00e9sitez pas \u00e0 nous consulter votre revendeur le plus proche!<\/em><\/p>\n<\/div>\n<\/div>\n<\/div>\n<\/div>\n<\/div>\n<\/div>\n","protected":false},"featured_media":51182,"template":"","meta":{"site-sidebar-layout":"default","site-content-layout":"","ast-site-content-layout":"default","site-content-style":"default","site-sidebar-style":"default","ast-global-header-display":"","ast-banner-title-visibility":"","ast-main-header-display":"","ast-hfb-above-header-display":"","ast-hfb-below-header-display":"","ast-hfb-mobile-header-display":"","site-post-title":"","ast-breadcrumbs-content":"","ast-featured-img":"","footer-sml-layout":"","ast-disable-related-posts":"","theme-transparent-header-meta":"default","adv-header-id-meta":"","stick-header-meta":"default","header-above-stick-meta":"","header-main-stick-meta":"","header-below-stick-meta":"","astra-migrate-meta-layouts":"default","ast-page-background-enabled":"default","ast-page-background-meta":{"desktop":{"background-color":"","background-image":"","background-repeat":"repeat","background-position":"center center","background-size":"auto","background-attachment":"scroll","background-type":"","background-media":"","overlay-type":"","overlay-color":"","overlay-opacity":"","overlay-gradient":""},"tablet":{"background-color":"","background-image":"","background-repeat":"repeat","background-position":"center center","background-size":"auto","background-attachment":"scroll","background-type":"","background-media":"","overlay-type":"","overlay-color":"","overlay-opacity":"","overlay-gradient":""},"mobile":{"background-color":"","background-image":"","background-repeat":"repeat","background-position":"center center","background-size":"auto","background-attachment":"scroll","background-type":"","background-media":"","overlay-type":"","overlay-color":"","overlay-opacity":"","overlay-gradient":""}},"ast-content-background-meta":{"desktop":{"background-color":"var(--ast-global-color-5)","background-image":"","background-repeat":"repeat","background-position":"center center","background-size":"auto","background-attachment":"scroll","background-type":"","background-media":"","overlay-type":"","overlay-color":"","overlay-opacity":"","overlay-gradient":""},"tablet":{"background-color":"var(--ast-global-color-5)","background-image":"","background-repeat":"repeat","background-position":"center center","background-size":"auto","background-attachment":"scroll","background-type":"","background-media":"","overlay-type":"","overlay-color":"","overlay-opacity":"","overlay-gradient":""},"mobile":{"background-color":"var(--ast-global-color-5)","background-image":"","background-repeat":"repeat","background-position":"center center","background-size":"auto","background-attachment":"scroll","background-type":"","background-media":"","overlay-type":"","overlay-color":"","overlay-opacity":"","overlay-gradient":""}}},"product_brand":[],"product_cat":[1629,973],"product_tag":[],"class_list":{"0":"post-55513","1":"product","2":"type-product","3":"status-publish","4":"has-post-thumbnail","6":"product_cat-avec-oculaires-incolores","7":"product_cat-lunettes-de-protection","8":"desktop-align-left","9":"tablet-align-left","10":"mobile-align-left","11":"ast-product-gallery-layout-horizontal-slider","12":"ast-product-gallery-with-no-image","13":"ast-product-tabs-layout-horizontal","15":"first","16":"instock","17":"taxable","18":"shipping-taxable","19":"purchasable","20":"product-type-simple"},"_links":{"self":[{"href":"https:\/\/dacarcomercial.com\/fr\/wp-json\/wp\/v2\/product\/55513","targetHints":{"allow":["GET"]}}],"collection":[{"href":"https:\/\/dacarcomercial.com\/fr\/wp-json\/wp\/v2\/product"}],"about":[{"href":"https:\/\/dacarcomercial.com\/fr\/wp-json\/wp\/v2\/types\/product"}],"version-history":[{"count":0,"href":"https:\/\/dacarcomercial.com\/fr\/wp-json\/wp\/v2\/product\/55513\/revisions"}],"wp:featuredmedia":[{"embeddable":true,"href":"https:\/\/dacarcomercial.com\/fr\/wp-json\/wp\/v2\/media\/51182"}],"wp:attachment":[{"href":"https:\/\/dacarcomercial.com\/fr\/wp-json\/wp\/v2\/media?parent=55513"}],"wp:term":[{"taxonomy":"product_brand","embeddable":true,"href":"https:\/\/dacarcomercial.com\/fr\/wp-json\/wp\/v2\/product_brand?post=55513"},{"taxonomy":"product_cat","embeddable":true,"href":"https:\/\/dacarcomercial.com\/fr\/wp-json\/wp\/v2\/product_cat?post=55513"},{"taxonomy":"product_tag","embeddable":true,"href":"https:\/\/dacarcomercial.com\/fr\/wp-json\/wp\/v2\/product_tag?post=55513"}],"curies":[{"name":"wp","href":"https:\/\/api.w.org\/{rel}","templated":true}]}}

Lunettes de sécurité EME20

<p data-start="487" data-end="987">Les lunettes de sécurité EME20, conçues avec un pont nasal antidérapant souple et réglable, garantissent un ajustement confortable et sûr, en évitant que les lunettes ne glissent, même lors de longues périodes d’utilisation. De plus, leurs branches réglables en longueur et en inclinaison permettent de personnaliser encore davantage l’ajustement, afin qu’elles s’adaptent parfaitement à la forme de votre visage. </p>
<p data-start="989" data-end="1401">Les verres en polycarbonate transparent offrent une excellente protection contre les impacts, tandis que leur traitement anti-rayures assure une meilleure durabilité et une visibilité optimale pendant l’utilisation. Pour les conditions de travail ou les activités en environnements humides ou soumis à des variations de température, les verres intègrent également une technologie antibuée, permettant de conserver une vision claire à tout moment. </p>
<p data-start="1403" data-end="1775" data-is-last-node="" data-is-only-node="">Certifiées selon la norme EN166:2001, ces lunettes répondent aux plus hauts standards de sécurité.</p>
<div class="elementor-element elementor-element-166c857 ob-has-background-overlay elementor-widget elementor-widget-woocommerce-product-short-description" data-id="166c857" data-element_type="widget" data-settings="{"_ob_perspektive_use":"no","_ob_poopart_use":"yes","_ob_shadough_use":"no","_ob_allow_hoveranimator":"no","_ob_widget_stalker_use":"no"}" data-widget_type="woocommerce-product-short-description.default">
<div class="elementor-widget-container">
<div class="woocommerce-product-details__short-description">
<div class="elementor-element elementor-element-166c857 ob-has-background-overlay elementor-widget elementor-widget-woocommerce-product-short-description" data-id="166c857" data-element_type="widget" data-settings="{"_ob_perspektive_use":"no","_ob_poopart_use":"yes","_ob_shadough_use":"no","_ob_allow_hoveranimator":"no","_ob_widget_stalker_use":"no"}" data-widget_type="woocommerce-product-short-description.default">
<div class="elementor-widget-container">
<div class="woocommerce-product-details__short-description">
<p><em>Les produits Dacar peuvent être achetés en ligne ou via notre réseau de distributeurs. N´hésitez pas à nous consulter votre revendeur le plus proche!</em></p>
</div>
</div>
</div>
</div>
</div>
</div>
